{"id":996,"date":"2015-09-17T07:02:14","date_gmt":"2015-09-17T07:02:14","guid":{"rendered":"http:\/\/www.sogimifi.dns-privadas.es\/?page_id=996"},"modified":"2018-11-10T12:59:00","modified_gmt":"2018-11-10T12:59:00","slug":"jazzy-leap","status":"publish","type":"page","link":"http:\/\/coraldecamaradenavarra.com\/?page_id=996&lang=es","title":{"rendered":"Presentaci\u00f3n"},"content":{"rendered":"<div class=\"vc_row wpb_row vc_row-fluid vc_custom_1457976959834\"><div class=\"container\"><div class=\"row\"><div class=\"wpb_column vc_column_container vc_col-sm-4\"><div class=\"wpb_wrapper\">\n\t<div class=\"wpb_single_image wpb_content_element vc_align_center\">\n\t\t<div class=\"wpb_wrapper\">\n\t\t\t\n\t\t\t<div class=\"vc_single_image-wrapper   vc_box_border_grey\"><img width=\"300\" height=\"256\" src=\"http:\/\/coraldecamaradenavarra.com\/wp-content\/uploads\/2015\/09\/LOGO-JAZZY-LEAP-300x256.jpg\" class=\"vc_single_image-img attachment-medium\" alt=\"\" decoding=\"async\" loading=\"lazy\" srcset=\"http:\/\/coraldecamaradenavarra.com\/wp-content\/uploads\/2015\/09\/LOGO-JAZZY-LEAP-300x256.jpg 300w, http:\/\/coraldecamaradenavarra.com\/wp-content\/uploads\/2015\/09\/LOGO-JAZZY-LEAP.jpg 577w\" sizes=\"(max-width: 300px) 100vw, 300px\" \/><\/div>\n\t\t<\/div> \n\t<\/div> \n\t<div class=\"wpb_text_column wpb_content_element \">\n\t\t<div class=\"wpb_wrapper\">\n\t\t\t<h1 style=\"text-align: center;\"><span style=\"color: #ff0000;\">Una de las pocas formaciones de Jazz Vocal del pa\u00eds.<\/span><\/h1>\n\n\t\t<\/div> \n\t<\/div> <\/div><\/div><div class=\"wpb_column vc_column_container vc_col-sm-4\"><div class=\"wpb_wrapper\">\n\t<div class=\"wpb_text_column wpb_content_element \">\n\t\t<div class=\"wpb_wrapper\">\n\t\t\t<p>Con apenas 4 a\u00f1os de andadura, Jazzy Leap, creada en el seno de la Coral de C\u00e1mara de Navarra por Andoni Arcilla, integrante de la misma, se ha convertido en una de las pocas formaciones de Jazz Vocal del pa\u00eds. Tras la experiencia de cinco a\u00f1os de direcci\u00f3n del \u201cEnsemble Moderno\u201d en la Universidad P\u00fablica de Navarra (UPNA), varios cursos impartidos de improvisaci\u00f3n y canto moderno, e intervenir en diversas formaciones de jazz vocal (en muchos casos como director), Arcilla, consider\u00f3 que era el momento para crear un grupo estable que agrupara a las personas con las que hab\u00eda trabajado con m\u00e1s aptitudes y disposici\u00f3n. Su objetivo llegar a contar con un n\u00famero id\u00f3neo de cantantes que para esta formaci\u00f3n se considera que es de 24 (6 Sopranos, 6 altos, 6 tenores y 6 bar\u00edtonos\/bajos*). Hoy en d\u00eda, Jazzy Leap lo forman 30 coralistas que van rotando seg\u00fan programas.<br \/>\nDesde el comienzo, el objetivo principal ha sido trabajar un repertorio de jazz que incluya las distintas etapas y estilos, desde los or\u00edgenes (espiritual, blues y ragtime), pasando por el swing, be-bop, cool, modal jazz, bossa-nova, fusion, latin jazz&#8230; incluso mezclas o incursiones en otros estilos como el pop, rock o rhythm&amp;blues.<\/p>\n\n\t\t<\/div> \n\t<\/div> <\/div><\/div><div class=\"wpb_column vc_column_container vc_col-sm-4\"><div class=\"wpb_wrapper\">\n\t<div class=\"wpb_text_column wpb_content_element \">\n\t\t<div class=\"wpb_wrapper\">\n\t\t\t<p>Todo ellos se ha llevado a cabo de una manera ordenada y pedag\u00f3gica, comprendiendo las caracter\u00edsticas estil\u00edsticas y t\u00e9cnicas de cada estilo (realizando an\u00e1lisis comparativos cuando proceda). Han sido habituales los programas monogr\u00e1ficos sobre una etapa, autor, grupo vocal o tem\u00e1tica concreta como podremos observar a lo largo de la Temporada Encantando.<\/p>\n<p>En Jazzy Leap, se trabaja el repertorio tanto a capella, como con acompa\u00f1amiento instrumental, de piano o de cuarteto de piano (incluyendo saxo, contrabajo\/bajo y bater\u00eda) que acostumbra a ser Jazzy Leap Band<\/p>\n<p>Desde su fundaci\u00f3n, Jazzy Leap ha formado parte de las principales programaciones en Navarra y ha actuado en Auditorio Bara\u00f1ain, Civivox Iturrama, Ciudadela de Pamplona, y localidades como Anso\u00e1in y Noa\u00edn, destacan sus actuaciones en el Teatro Gaztambide de Tudela dentro de la especial conmemoraci\u00f3n del d\u00eda de Navarra 2012 y el concierto apertura de Cultur 2014 llevada a cabo en Auditorio Baluarte. Su mayor actividad se ha dado en la Sala de C\u00e1mara de Baluarte dentro de la Temporada Encantado de la propia Coral de C\u00e1mara de Navarra donde ha ofrecido monogr\u00e1ficos dedicados al Swing, Gospel, Jazz Vocal Duets, Duke Ellington o The Beatles entre otros programas.<\/p>\n\n\t\t<\/div> \n\t<\/div> <\/div><\/div><\/div><\/div><\/div><div class=\"vc_row wpb_row vc_row-fluid\"><div class=\"nocontainer\"><div class=\"wpb_column vc_column_container vc_col-sm-4\"><div class=\"wpb_wrapper\">\n\t<div class=\"wpb_text_column wpb_content_element \">\n\t\t<div class=\"wpb_wrapper\">\n\t\t\t<p><\/p>\n\n\t\t<\/div> \n\t<\/div> <\/div><\/div><div class=\"wpb_column vc_column_container vc_col-sm-8\"><div class=\"wpb_wrapper\"><div class=\"vc_separator wpb_content_element vc_separator_align_center vc_sep_width_100 vc_sep_pos_align_center vc_separator_no_text\"><span\n\t\tclass=\"vc_sep_holder vc_sep_holder_l\"><span style=\"border-color:#c60000;\"\t\t\tclass=\"vc_sep_line\"><\/span><\/span><span\n\t\tclass=\"vc_sep_holder vc_sep_holder_r\"><span style=\"border-color:#c60000;\" class=\"vc_sep_line\"><\/span><\/span>\n\t<\/div>\n\n\t<div class=\"wpb_text_column wpb_content_element \">\n\t\t<div class=\"wpb_wrapper\">\n\t\t\t<iframe  id=\"_ytid_43635\" width=\"970\" height=\"546\"  data-origwidth=\"970\" data-origheight=\"546\"  src=\"https:\/\/www.youtube.com\/embed\/hGtIrp3BDNc?enablejsapi=1&autoplay=0&cc_load_policy=0&iv_load_policy=1&loop=0&modestbranding=1&rel=1&fs=1&playsinline=0&autohide=2&theme=dark&color=red&controls=1&\" class=\"__youtube_prefs__\" title=\"YouTube player\"  allow=\"autoplay; encrypted-media\" allowfullscreen data-no-lazy=\"1\" data-skipgform_ajax_framebjll=\"\"><\/iframe>\n\n\t\t<\/div> \n\t<\/div> <\/div><\/div><\/div><\/div><div class=\"vc_row wpb_row vc_row-fluid\"><div class=\"nocontainer\"><div class=\"wpb_column vc_column_container vc_col-sm-12\"><div class=\"wpb_wrapper\">\n\t<div class=\"wpb_text_column wpb_content_element \">\n\t\t<div class=\"wpb_wrapper\">\n\t\t\t<p><\/p>\n\n\t\t<\/div> \n\t<\/div> <\/div><\/div><\/div><\/div>\n","protected":false},"excerpt":{"rendered":"Una de las pocas formaciones de Jazz Vocal del pa\u00eds. Con apenas 4 a\u00f1os de andadura, Jazzy Leap, creada en el seno de la Coral de C\u00e1mara de Navarra por Andoni Arcilla, integrante de la misma, se ha convertido en una de las pocas formaciones de Jazz Vocal del pa\u00eds. Tras la experiencia de cinco a\u00f1os de direcci\u00f3n del \u201cEnsemble","protected":false},"author":1,"featured_media":0,"parent":1647,"menu_order":0,"comment_status":"closed","ping_status":"closed","template":"","meta":[],"_links":{"self":[{"href":"http:\/\/coraldecamaradenavarra.com\/index.php?rest_route=\/wp\/v2\/pages\/996"}],"collection":[{"href":"http:\/\/coraldecamaradenavarra.com\/index.php?rest_route=\/wp\/v2\/pages"}],"about":[{"href":"http:\/\/coraldecamaradenavarra.com\/index.php?rest_route=\/wp\/v2\/types\/page"}],"author":[{"embeddable":true,"href":"http:\/\/coraldecamaradenavarra.com\/index.php?rest_route=\/wp\/v2\/users\/1"}],"replies":[{"embeddable":true,"href":"http:\/\/coraldecamaradenavarra.com\/index.php?rest_route=%2Fwp%2Fv2%2Fcomments&post=996"}],"version-history":[{"count":33,"href":"http:\/\/coraldecamaradenavarra.com\/index.php?rest_route=\/wp\/v2\/pages\/996\/revisions"}],"predecessor-version":[{"id":2489,"href":"http:\/\/coraldecamaradenavarra.com\/index.php?rest_route=\/wp\/v2\/pages\/996\/revisions\/2489"}],"up":[{"embeddable":true,"href":"http:\/\/coraldecamaradenavarra.com\/index.php?rest_route=\/wp\/v2\/pages\/1647"}],"wp:attachment":[{"href":"http:\/\/coraldecamaradenavarra.com\/index.php?rest_route=%2Fwp%2Fv2%2Fmedia&parent=996"}],"curies":[{"name":"wp","href":"https:\/\/api.w.org\/{rel}","templated":true}]}}

Presentación

<div class="vc_row wpb_row vc_row-fluid vc_custom_1457976959834"><div class="container"><div class="row"><div class="wpb_column vc_column_container vc_col-sm-4"><div class="wpb_wrapper">
	<div class="wpb_single_image wpb_content_element vc_align_center">
		<div class="wpb_wrapper">
			
			<div class="vc_single_image-wrapper   vc_box_border_grey"><img width="300" height="256" src="http://coraldecamaradenavarra.com/wp-content/uploads/2015/09/LOGO-JAZZY-LEAP-300x256.jpg" class="vc_single_image-img attachment-medium" alt="" decoding="async" loading="lazy" srcset="http://coraldecamaradenavarra.com/wp-content/uploads/2015/09/LOGO-JAZZY-LEAP-300x256.jpg 300w, http://coraldecamaradenavarra.com/wp-content/uploads/2015/09/LOGO-JAZZY-LEAP.jpg 577w" sizes="(max-width: 300px) 100vw, 300px" /></div>
		</div> 
	</div> 
	<div class="wpb_text_column wpb_content_element ">
		<div class="wpb_wrapper">
			<h1 style="text-align: center;"><span style="color: #ff0000;">Una de las pocas formaciones de Jazz Vocal del país.</span></h1>

		</div> 
	</div> </div></div><div class="wpb_column vc_column_container vc_col-sm-4"><div class="wpb_wrapper">
	<div class="wpb_text_column wpb_content_element ">
		<div class="wpb_wrapper">
			<p>Con apenas 4 años de andadura, Jazzy Leap, creada en el seno de la Coral de Cámara de Navarra por Andoni Arcilla, integrante de la misma, se ha convertido en una de las pocas formaciones de Jazz Vocal del país. Tras la experiencia de cinco años de dirección del “Ensemble Moderno” en la Universidad Pública de Navarra (UPNA), varios cursos impartidos de improvisación y canto moderno, e intervenir en diversas formaciones de jazz vocal (en muchos casos como director), Arcilla, consideró que era el momento para crear un grupo estable que agrupara a las personas con las que había trabajado con más aptitudes y disposición. Su objetivo llegar a contar con un número idóneo de cantantes que para esta formación se considera que es de 24 (6 Sopranos, 6 altos, 6 tenores y 6 barítonos/bajos*). Hoy en día, Jazzy Leap lo forman 30 coralistas que van rotando según programas.<br />
Desde el comienzo, el objetivo principal ha sido trabajar un repertorio de jazz que incluya las distintas etapas y estilos, desde los orígenes (espiritual, blues y ragtime), pasando por el swing, be-bop, cool, modal jazz, bossa-nova, fusion, latin jazz&#8230; incluso mezclas o incursiones en otros estilos como el pop, rock o rhythm&amp;blues.</p>

		</div> 
	</div> </div></div><div class="wpb_column vc_column_container vc_col-sm-4"><div class="wpb_wrapper">
	<div class="wpb_text_column wpb_content_element ">
		<div class="wpb_wrapper">
			<p>Todo ellos se ha llevado a cabo de una manera ordenada y pedagógica, comprendiendo las características estilísticas y técnicas de cada estilo (realizando análisis comparativos cuando proceda). Han sido habituales los programas monográficos sobre una etapa, autor, grupo vocal o temática concreta como podremos observar a lo largo de la Temporada Encantando.</p>
<p>En Jazzy Leap, se trabaja el repertorio tanto a capella, como con acompañamiento instrumental, de piano o de cuarteto de piano (incluyendo saxo, contrabajo/bajo y batería) que acostumbra a ser Jazzy Leap Band</p>
<p>Desde su fundación, Jazzy Leap ha formado parte de las principales programaciones en Navarra y ha actuado en Auditorio Barañain, Civivox Iturrama, Ciudadela de Pamplona, y localidades como Ansoáin y Noaín, destacan sus actuaciones en el Teatro Gaztambide de Tudela dentro de la especial conmemoración del día de Navarra 2012 y el concierto apertura de Cultur 2014 llevada a cabo en Auditorio Baluarte. Su mayor actividad se ha dado en la Sala de Cámara de Baluarte dentro de la Temporada Encantado de la propia Coral de Cámara de Navarra donde ha ofrecido monográficos dedicados al Swing, Gospel, Jazz Vocal Duets, Duke Ellington o The Beatles entre otros programas.</p>

		</div> 
	</div> </div></div></div></div></div><div class="vc_row wpb_row vc_row-fluid"><div class="nocontainer"><div class="wpb_column vc_column_container vc_col-sm-4"><div class="wpb_wrapper">
	<div class="wpb_text_column wpb_content_element ">
		<div class="wpb_wrapper">
			<p></p>

		</div> 
	</div> </div></div><div class="wpb_column vc_column_container vc_col-sm-8"><div class="wpb_wrapper"><div class="vc_separator wpb_content_element vc_separator_align_center vc_sep_width_100 vc_sep_pos_align_center vc_separator_no_text"><span
		class="vc_sep_holder vc_sep_holder_l"><span style="border-color:#c60000;"			class="vc_sep_line"></span></span><span
		class="vc_sep_holder vc_sep_holder_r"><span style="border-color:#c60000;" class="vc_sep_line"></span></span>
	</div>

	<div class="wpb_text_column wpb_content_element ">
		<div class="wpb_wrapper">
			<iframe  id="_ytid_43635" width="970" height="546"  data-origwidth="970" data-origheight="546"  src="https://www.youtube.com/embed/hGtIrp3BDNc?enablejsapi=1&autoplay=0&cc_load_policy=0&iv_load_policy=1&loop=0&modestbranding=1&rel=1&fs=1&playsinline=0&autohide=2&theme=dark&color=red&controls=1&" class="__youtube_prefs__" title="YouTube player"  allow="autoplay; encrypted-media" allowfullscreen data-no-lazy="1" data-skipgform_ajax_framebjll=""></iframe>

		</div> 
	</div> </div></div></div></div><div class="vc_row wpb_row vc_row-fluid"><div class="nocontainer"><div class="wpb_column vc_column_container vc_col-sm-12"><div class="wpb_wrapper">
	<div class="wpb_text_column wpb_content_element ">
		<div class="wpb_wrapper">
			<p></p>

		</div> 
	</div> </div></div></div></div>

Una de las pocas formaciones de Jazz Vocal del país. Con apenas 4 años de andadura, Jazzy Leap, creada en el seno de la Coral de Cámara de Navarra por Andoni Arcilla, integrante de la misma, se ha convertido en una de las pocas formaciones de Jazz Vocal del país. Tras la experiencia de cinco años de dirección del “Ensemble
