{"id":994,"date":"2015-09-17T07:01:40","date_gmt":"2015-09-17T07:01:40","guid":{"rendered":"http:\/\/www.sogimifi.dns-privadas.es\/?page_id=994"},"modified":"2018-11-06T05:16:10","modified_gmt":"2018-11-06T05:16:10","slug":"formacion-clasica","status":"publish","type":"page","link":"http:\/\/coraldecamaradenavarra.com\/?page_id=994&lang=es","title":{"rendered":"Presentaci\u00f3n"},"content":{"rendered":"<div class=\"vc_row wpb_row vc_row-fluid\"><div class=\"nocontainer\"><div class=\"wpb_column vc_column_container vc_col-sm-4\"><div class=\"wpb_wrapper\">\n\t<div class=\"wpb_text_column wpb_content_element \">\n\t\t<div class=\"wpb_wrapper\">\n\t\t\t<h1><span style=\"color: #ff0000;\">Primer coro espa\u00f1ol en actuar en el\u00a0Gran Teatro Nacional de China en Pek\u00edn<\/span><\/h1>\n\n\t\t<\/div> \n\t<\/div> <\/div><\/div><div class=\"wpb_column vc_column_container vc_col-sm-4\"><div class=\"wpb_wrapper\">\n\t<div class=\"wpb_text_column wpb_content_element \">\n\t\t<div class=\"wpb_wrapper\">\n\t\t\t<p class=\"p1\">La Formaci\u00f3n Cl\u00e1sica (FC) fue el germen de lo que hoy conocemos como Coral de C\u00e1mara de Navarra (CCN) y que cuenta con tres agrupaciones. Ha participado en las principales programaciones de Navarra actuando en Auditorio Baluarte, Auditorio Bara\u00f1ain, Teatro Gayarre, Teatro Gaztambide de Tudela o el Teatro Espa\u00f1ol de Madrid entre otros. Destaca la Gira realizada por China en 2013 que le llevo a actuar en el Gran Tea\u00adtro de Tianjin o participar en el Festival Coral de Agos\u00adto del Gran Teatro Nacional de China en Pek\u00edn ante m\u00e1s de 1200 espectadores, lo que le convirti\u00f3 en el primer coro espa\u00f1ol que cantaba en el prestigioso escenario chino<\/p>\n\n\t\t<\/div> \n\t<\/div> <\/div><\/div><div class=\"wpb_column vc_column_container vc_col-sm-4\"><div class=\"wpb_wrapper\">\n\t<div class=\"wpb_text_column wpb_content_element \">\n\t\t<div class=\"wpb_wrapper\">\n\t\t\t<p>Entre sus produc\u00adciones encontramos el Ballet <i>Catulli Carmina<\/i> con coreograf\u00eda de Becky Siegel y la participaci\u00f3n de Tempomobile Compa\u00f1\u00eda de Danza. Es habitual de la programaci\u00f3n de la Temporada Encantando, producida por la propia CCN. Particip\u00f3 en la producci\u00f3n de la \u00d3pera <i>Don Giovanni<\/i> de la Temporada de abono de Baluarte 2014\/2015 y el presente a\u00f1o ha participado en el Festival de M\u00fasica Contempor\u00e1nea de Navarra. Ha publicado dos trabajos discogr\u00e1ficos <i>Antolog\u00eda. Felipe Gorriti<\/i> (ARSIS, 2012) y <i>Lili eder bat<\/i>. Padre Donostia (CCNMUSIC, 2014).<\/p>\n\n\t\t<\/div> \n\t<\/div> <\/div><\/div><\/div><\/div><div class=\"vc_row wpb_row vc_row-fluid\"><div class=\"nocontainer\"><div class=\"wpb_column vc_column_container vc_col-sm-4\"><div class=\"wpb_wrapper\">\n\t<div class=\"wpb_text_column wpb_content_element \">\n\t\t<div class=\"wpb_wrapper\">\n\t\t\t<p><\/p>\n\n\t\t<\/div> \n\t<\/div> <\/div><\/div><div class=\"wpb_column vc_column_container vc_col-sm-8\"><div class=\"wpb_wrapper\"><div class=\"vc_separator wpb_content_element vc_separator_align_center vc_sep_width_100 vc_sep_pos_align_center vc_separator_no_text\"><span\n\t\tclass=\"vc_sep_holder vc_sep_holder_l\"><span style=\"border-color:#c6000;\"\t\t\tclass=\"vc_sep_line\"><\/span><\/span><span\n\t\tclass=\"vc_sep_holder vc_sep_holder_r\"><span style=\"border-color:#c6000;\" class=\"vc_sep_line\"><\/span><\/span>\n\t<\/div>\n\n\t<div class=\"wpb_text_column wpb_content_element \">\n\t\t<div class=\"wpb_wrapper\">\n\t\t\t<iframe  id=\"_ytid_18976\" width=\"970\" height=\"546\"  data-origwidth=\"970\" data-origheight=\"546\"  src=\"https:\/\/www.youtube.com\/embed\/t5imXCyEoY8?enablejsapi=1&autoplay=0&cc_load_policy=0&iv_load_policy=1&loop=0&modestbranding=1&rel=1&fs=1&playsinline=0&autohide=2&theme=dark&color=red&controls=1&\" class=\"__youtube_prefs__\" title=\"YouTube player\"  allow=\"autoplay; encrypted-media\" allowfullscreen data-no-lazy=\"1\" data-skipgform_ajax_framebjll=\"\"><\/iframe>\n\n\t\t<\/div> \n\t<\/div> <\/div><\/div><\/div><\/div>\n","protected":false},"excerpt":{"rendered":"Primer coro espa\u00f1ol en actuar en el\u00a0Gran Teatro Nacional de China en Pek\u00edn La Formaci\u00f3n Cl\u00e1sica (FC) fue el germen de lo que hoy conocemos como Coral de C\u00e1mara de Navarra (CCN) y que cuenta con tres agrupaciones. Ha participado en las principales programaciones de Navarra actuando en Auditorio Baluarte, Auditorio Bara\u00f1ain, Teatro Gayarre, Teatro Gaztambide de Tudela o el","protected":false},"author":1,"featured_media":0,"parent":1651,"menu_order":0,"comment_status":"closed","ping_status":"closed","template":"","meta":[],"_links":{"self":[{"href":"http:\/\/coraldecamaradenavarra.com\/index.php?rest_route=\/wp\/v2\/pages\/994"}],"collection":[{"href":"http:\/\/coraldecamaradenavarra.com\/index.php?rest_route=\/wp\/v2\/pages"}],"about":[{"href":"http:\/\/coraldecamaradenavarra.com\/index.php?rest_route=\/wp\/v2\/types\/page"}],"author":[{"embeddable":true,"href":"http:\/\/coraldecamaradenavarra.com\/index.php?rest_route=\/wp\/v2\/users\/1"}],"replies":[{"embeddable":true,"href":"http:\/\/coraldecamaradenavarra.com\/index.php?rest_route=%2Fwp%2Fv2%2Fcomments&post=994"}],"version-history":[{"count":13,"href":"http:\/\/coraldecamaradenavarra.com\/index.php?rest_route=\/wp\/v2\/pages\/994\/revisions"}],"predecessor-version":[{"id":2421,"href":"http:\/\/coraldecamaradenavarra.com\/index.php?rest_route=\/wp\/v2\/pages\/994\/revisions\/2421"}],"up":[{"embeddable":true,"href":"http:\/\/coraldecamaradenavarra.com\/index.php?rest_route=\/wp\/v2\/pages\/1651"}],"wp:attachment":[{"href":"http:\/\/coraldecamaradenavarra.com\/index.php?rest_route=%2Fwp%2Fv2%2Fmedia&parent=994"}],"curies":[{"name":"wp","href":"https:\/\/api.w.org\/{rel}","templated":true}]}}

Presentación

<div class="vc_row wpb_row vc_row-fluid"><div class="nocontainer"><div class="wpb_column vc_column_container vc_col-sm-4"><div class="wpb_wrapper">
	<div class="wpb_text_column wpb_content_element ">
		<div class="wpb_wrapper">
			<h1><span style="color: #ff0000;">Primer coro español en actuar en el Gran Teatro Nacional de China en Pekín</span></h1>

		</div> 
	</div> </div></div><div class="wpb_column vc_column_container vc_col-sm-4"><div class="wpb_wrapper">
	<div class="wpb_text_column wpb_content_element ">
		<div class="wpb_wrapper">
			<p class="p1">La Formación Clásica (FC) fue el germen de lo que hoy conocemos como Coral de Cámara de Navarra (CCN) y que cuenta con tres agrupaciones. Ha participado en las principales programaciones de Navarra actuando en Auditorio Baluarte, Auditorio Barañain, Teatro Gayarre, Teatro Gaztambide de Tudela o el Teatro Español de Madrid entre otros. Destaca la Gira realizada por China en 2013 que le llevo a actuar en el Gran Tea­tro de Tianjin o participar en el Festival Coral de Agos­to del Gran Teatro Nacional de China en Pekín ante más de 1200 espectadores, lo que le convirtió en el primer coro español que cantaba en el prestigioso escenario chino</p>

		</div> 
	</div> </div></div><div class="wpb_column vc_column_container vc_col-sm-4"><div class="wpb_wrapper">
	<div class="wpb_text_column wpb_content_element ">
		<div class="wpb_wrapper">
			<p>Entre sus produc­ciones encontramos el Ballet <i>Catulli Carmina</i> con coreografía de Becky Siegel y la participación de Tempomobile Compañía de Danza. Es habitual de la programación de la Temporada Encantando, producida por la propia CCN. Participó en la producción de la Ópera <i>Don Giovanni</i> de la Temporada de abono de Baluarte 2014/2015 y el presente año ha participado en el Festival de Música Contemporánea de Navarra. Ha publicado dos trabajos discográficos <i>Antología. Felipe Gorriti</i> (ARSIS, 2012) y <i>Lili eder bat</i>. Padre Donostia (CCNMUSIC, 2014).</p>

		</div> 
	</div> </div></div></div></div><div class="vc_row wpb_row vc_row-fluid"><div class="nocontainer"><div class="wpb_column vc_column_container vc_col-sm-4"><div class="wpb_wrapper">
	<div class="wpb_text_column wpb_content_element ">
		<div class="wpb_wrapper">
			<p></p>

		</div> 
	</div> </div></div><div class="wpb_column vc_column_container vc_col-sm-8"><div class="wpb_wrapper"><div class="vc_separator wpb_content_element vc_separator_align_center vc_sep_width_100 vc_sep_pos_align_center vc_separator_no_text"><span
		class="vc_sep_holder vc_sep_holder_l"><span style="border-color:#c6000;"			class="vc_sep_line"></span></span><span
		class="vc_sep_holder vc_sep_holder_r"><span style="border-color:#c6000;" class="vc_sep_line"></span></span>
	</div>

	<div class="wpb_text_column wpb_content_element ">
		<div class="wpb_wrapper">
			<iframe  id="_ytid_18976" width="970" height="546"  data-origwidth="970" data-origheight="546"  src="https://www.youtube.com/embed/t5imXCyEoY8?enablejsapi=1&autoplay=0&cc_load_policy=0&iv_load_policy=1&loop=0&modestbranding=1&rel=1&fs=1&playsinline=0&autohide=2&theme=dark&color=red&controls=1&" class="__youtube_prefs__" title="YouTube player"  allow="autoplay; encrypted-media" allowfullscreen data-no-lazy="1" data-skipgform_ajax_framebjll=""></iframe>

		</div> 
	</div> </div></div></div></div>

Primer coro español en actuar en el Gran Teatro Nacional de China en Pekín La Formación Clásica (FC) fue el germen de lo que hoy conocemos como Coral de Cámara de Navarra (CCN) y que cuenta con tres agrupaciones. Ha participado en las principales programaciones de Navarra actuando en Auditorio Baluarte, Auditorio Barañain, Teatro Gayarre, Teatro Gaztambide de Tudela o el
