{"id":992,"date":"2015-09-17T07:01:20","date_gmt":"2015-09-17T07:01:20","guid":{"rendered":"http:\/\/www.sogimifi.dns-privadas.es\/?page_id=992"},"modified":"2018-11-10T13:11:00","modified_gmt":"2018-11-10T13:11:00","slug":"capilla-renacentista","status":"publish","type":"page","link":"http:\/\/coraldecamaradenavarra.com\/?page_id=992&lang=es","title":{"rendered":"Presentaci\u00f3n"},"content":{"rendered":"<div class=\"vc_row wpb_row vc_row-fluid vc_custom_1458031080983\"><div class=\"nocontainer\"><div class=\"wpb_column vc_column_container vc_col-sm-4\"><div class=\"wpb_wrapper\">\n\t<div class=\"wpb_text_column wpb_content_element \">\n\t\t<div class=\"wpb_wrapper\">\n\t\t\t<h1><span style=\"color: #ff0000;\">Esta formaci\u00f3n investiga\u00a0la\u00a0interpretaci\u00f3n y la t\u00e9cnica vocal de los maestros del Renacimiento ib\u00e9rico e hispanoamericano.<\/span><\/h1>\n\n\t\t<\/div> \n\t<\/div> <\/div><\/div><div class=\"wpb_column vc_column_container vc_col-sm-4\"><div class=\"wpb_wrapper\">\n\t<div class=\"wpb_text_column wpb_content_element \">\n\t\t<div class=\"wpb_wrapper\">\n\t\t\t<p class=\"p1\">La Capilla Renacentista \u201cMichael Navarrus\u201d rinde homenaje en su nombre al destacado compositor y maestro de capilla pamplon\u00e9s tardorrenacentista Michael Navarrus.<\/p>\n<p class=\"p1\">Esta formaci\u00f3n, creada dentro de la Coral de C\u00e1mara de Navarra, busca sobre todo investigar en la interpretaci\u00f3n y en la t\u00e9cnica vocal precisa para recrear la creaci\u00f3n musical de los maestros del Renacimiento ib\u00e9rico e hispanoamericano.<\/p>\n<p class=\"p1\">A pesar de su corta existencia la CRMN ha actuado en la Catedral de Pamplona, Teatro Gaztambide de Tudela o Teatro Espa\u00f1ol de Madrid as\u00ed como en diferentes festivales como el Festival Internacional de M\u00fasica del Camino (Hecho, Huesca), Festival internacional de \u00d3rgano de Getafe (Madrid) o en diferentes ediciones del Festival \u201cMayo Musical\u201d (Huesca). Es asidua en la programaci\u00f3n musical de los principales Ciclos del Ayuntamiento de Pamplona.<\/p>\n\n\t\t<\/div> \n\t<\/div> <\/div><\/div><div class=\"wpb_column vc_column_container vc_col-sm-4\"><div class=\"wpb_wrapper\">\n\t<div class=\"wpb_text_column wpb_content_element \">\n\t\t<div class=\"wpb_wrapper\">\n\t\t\t<p class=\"p1\">Destaca su actuaci\u00f3n en la XLV edici\u00f3n de la Semana de M\u00fasica Antigua de Estella, concierto que fue grabado y emitido por Radio Cl\u00e1sica y que obtuvo un gran \u00e9xito de cr\u00edtica y p\u00fablico.<\/p>\n<p class=\"p1\">En noviembre del mismo a\u00f1o es la encargada de abrir el Ciclo de conciertos en conmemoraci\u00f3n del V centenario del nacimiento de Santa Teresa con un doble concierto en conventos Carmelitas con gran \u00e9xito de cr\u00edtica y p\u00fablico.<\/p>\n<p class=\"p1\">El director art\u00edstico de la formaci\u00f3n, David Guindano Igarreta, est\u00e1 especializado en este repertorio, siendo su principal tema de investigaci\u00f3n como music\u00f3logo y como historiador de la evoluci\u00f3n hist\u00f3rica de la t\u00e9cnica vocal occidental.<\/p>\n<p class=\"p1\">El presente a\u00f1o, la CRMN fue nominada finalista en los Premios GEMA 2015 en la categor\u00eda de mejor Grupo de Renacimiento de 2014.<\/p>\n\n\t\t<\/div> \n\t<\/div> <\/div><\/div><\/div><\/div><div class=\"vc_row wpb_row vc_row-fluid\"><div class=\"nocontainer\"><div class=\"wpb_column vc_column_container vc_col-sm-4\"><div class=\"wpb_wrapper\">\n\t<div class=\"wpb_text_column wpb_content_element \">\n\t\t<div class=\"wpb_wrapper\">\n\t\t\t<p><\/p>\n\n\t\t<\/div> \n\t<\/div> <\/div><\/div><div class=\"wpb_column vc_column_container vc_col-sm-8\"><div class=\"wpb_wrapper\"><div class=\"vc_separator wpb_content_element vc_separator_align_center vc_sep_width_100 vc_sep_pos_align_center vc_separator_no_text\"><span\n\t\tclass=\"vc_sep_holder vc_sep_holder_l\"><span style=\"border-color:#dd3333;\"\t\t\tclass=\"vc_sep_line\"><\/span><\/span><span\n\t\tclass=\"vc_sep_holder vc_sep_holder_r\"><span style=\"border-color:#dd3333;\" class=\"vc_sep_line\"><\/span><\/span>\n\t<\/div>\n\n\t<div class=\"wpb_text_column wpb_content_element \">\n\t\t<div class=\"wpb_wrapper\">\n\t\t\t<iframe  id=\"_ytid_77817\" width=\"970\" height=\"546\"  data-origwidth=\"970\" data-origheight=\"546\"  src=\"https:\/\/www.youtube.com\/embed\/wwFbtC6dqJo?enablejsapi=1&autoplay=0&cc_load_policy=0&iv_load_policy=1&loop=0&modestbranding=1&rel=1&fs=1&playsinline=0&autohide=2&theme=dark&color=red&controls=1&\" class=\"__youtube_prefs__\" title=\"YouTube player\"  allow=\"autoplay; encrypted-media\" allowfullscreen data-no-lazy=\"1\" data-skipgform_ajax_framebjll=\"\"><\/iframe>\n\n\t\t<\/div> \n\t<\/div> <\/div><\/div><\/div><\/div>\n","protected":false},"excerpt":{"rendered":"Esta formaci\u00f3n investiga\u00a0la\u00a0interpretaci\u00f3n y la t\u00e9cnica vocal de los maestros del Renacimiento ib\u00e9rico e hispanoamericano. La Capilla Renacentista \u201cMichael Navarrus\u201d rinde homenaje en su nombre al destacado compositor y maestro de capilla pamplon\u00e9s tardorrenacentista Michael Navarrus. Esta formaci\u00f3n, creada dentro de la Coral de C\u00e1mara de Navarra, busca sobre todo investigar en la interpretaci\u00f3n y en la t\u00e9cnica vocal precisa","protected":false},"author":1,"featured_media":0,"parent":1684,"menu_order":0,"comment_status":"closed","ping_status":"closed","template":"","meta":[],"_links":{"self":[{"href":"http:\/\/coraldecamaradenavarra.com\/index.php?rest_route=\/wp\/v2\/pages\/992"}],"collection":[{"href":"http:\/\/coraldecamaradenavarra.com\/index.php?rest_route=\/wp\/v2\/pages"}],"about":[{"href":"http:\/\/coraldecamaradenavarra.com\/index.php?rest_route=\/wp\/v2\/types\/page"}],"author":[{"embeddable":true,"href":"http:\/\/coraldecamaradenavarra.com\/index.php?rest_route=\/wp\/v2\/users\/1"}],"replies":[{"embeddable":true,"href":"http:\/\/coraldecamaradenavarra.com\/index.php?rest_route=%2Fwp%2Fv2%2Fcomments&post=992"}],"version-history":[{"count":10,"href":"http:\/\/coraldecamaradenavarra.com\/index.php?rest_route=\/wp\/v2\/pages\/992\/revisions"}],"predecessor-version":[{"id":2490,"href":"http:\/\/coraldecamaradenavarra.com\/index.php?rest_route=\/wp\/v2\/pages\/992\/revisions\/2490"}],"up":[{"embeddable":true,"href":"http:\/\/coraldecamaradenavarra.com\/index.php?rest_route=\/wp\/v2\/pages\/1684"}],"wp:attachment":[{"href":"http:\/\/coraldecamaradenavarra.com\/index.php?rest_route=%2Fwp%2Fv2%2Fmedia&parent=992"}],"curies":[{"name":"wp","href":"https:\/\/api.w.org\/{rel}","templated":true}]}}

Presentación

<div class="vc_row wpb_row vc_row-fluid vc_custom_1458031080983"><div class="nocontainer"><div class="wpb_column vc_column_container vc_col-sm-4"><div class="wpb_wrapper">
	<div class="wpb_text_column wpb_content_element ">
		<div class="wpb_wrapper">
			<h1><span style="color: #ff0000;">Esta formación investiga la interpretación y la técnica vocal de los maestros del Renacimiento ibérico e hispanoamericano.</span></h1>

		</div> 
	</div> </div></div><div class="wpb_column vc_column_container vc_col-sm-4"><div class="wpb_wrapper">
	<div class="wpb_text_column wpb_content_element ">
		<div class="wpb_wrapper">
			<p class="p1">La Capilla Renacentista “Michael Navarrus” rinde homenaje en su nombre al destacado compositor y maestro de capilla pamplonés tardorrenacentista Michael Navarrus.</p>
<p class="p1">Esta formación, creada dentro de la Coral de Cámara de Navarra, busca sobre todo investigar en la interpretación y en la técnica vocal precisa para recrear la creación musical de los maestros del Renacimiento ibérico e hispanoamericano.</p>
<p class="p1">A pesar de su corta existencia la CRMN ha actuado en la Catedral de Pamplona, Teatro Gaztambide de Tudela o Teatro Español de Madrid así como en diferentes festivales como el Festival Internacional de Música del Camino (Hecho, Huesca), Festival internacional de Órgano de Getafe (Madrid) o en diferentes ediciones del Festival “Mayo Musical” (Huesca). Es asidua en la programación musical de los principales Ciclos del Ayuntamiento de Pamplona.</p>

		</div> 
	</div> </div></div><div class="wpb_column vc_column_container vc_col-sm-4"><div class="wpb_wrapper">
	<div class="wpb_text_column wpb_content_element ">
		<div class="wpb_wrapper">
			<p class="p1">Destaca su actuación en la XLV edición de la Semana de Música Antigua de Estella, concierto que fue grabado y emitido por Radio Clásica y que obtuvo un gran éxito de crítica y público.</p>
<p class="p1">En noviembre del mismo año es la encargada de abrir el Ciclo de conciertos en conmemoración del V centenario del nacimiento de Santa Teresa con un doble concierto en conventos Carmelitas con gran éxito de crítica y público.</p>
<p class="p1">El director artístico de la formación, David Guindano Igarreta, está especializado en este repertorio, siendo su principal tema de investigación como musicólogo y como historiador de la evolución histórica de la técnica vocal occidental.</p>
<p class="p1">El presente año, la CRMN fue nominada finalista en los Premios GEMA 2015 en la categoría de mejor Grupo de Renacimiento de 2014.</p>

		</div> 
	</div> </div></div></div></div><div class="vc_row wpb_row vc_row-fluid"><div class="nocontainer"><div class="wpb_column vc_column_container vc_col-sm-4"><div class="wpb_wrapper">
	<div class="wpb_text_column wpb_content_element ">
		<div class="wpb_wrapper">
			<p></p>

		</div> 
	</div> </div></div><div class="wpb_column vc_column_container vc_col-sm-8"><div class="wpb_wrapper"><div class="vc_separator wpb_content_element vc_separator_align_center vc_sep_width_100 vc_sep_pos_align_center vc_separator_no_text"><span
		class="vc_sep_holder vc_sep_holder_l"><span style="border-color:#dd3333;"			class="vc_sep_line"></span></span><span
		class="vc_sep_holder vc_sep_holder_r"><span style="border-color:#dd3333;" class="vc_sep_line"></span></span>
	</div>

	<div class="wpb_text_column wpb_content_element ">
		<div class="wpb_wrapper">
			<iframe  id="_ytid_77817" width="970" height="546"  data-origwidth="970" data-origheight="546"  src="https://www.youtube.com/embed/wwFbtC6dqJo?enablejsapi=1&autoplay=0&cc_load_policy=0&iv_load_policy=1&loop=0&modestbranding=1&rel=1&fs=1&playsinline=0&autohide=2&theme=dark&color=red&controls=1&" class="__youtube_prefs__" title="YouTube player"  allow="autoplay; encrypted-media" allowfullscreen data-no-lazy="1" data-skipgform_ajax_framebjll=""></iframe>

		</div> 
	</div> </div></div></div></div>

Esta formación investiga la interpretación y la técnica vocal de los maestros del Renacimiento ibérico e hispanoamericano. La Capilla Renacentista “Michael Navarrus” rinde homenaje en su nombre al destacado compositor y maestro de capilla pamplonés tardorrenacentista Michael Navarrus. Esta formación, creada dentro de la Coral de Cámara de Navarra, busca sobre todo investigar en la interpretación y en la técnica vocal precisa
