{"id":2507,"date":"2018-11-14T14:02:48","date_gmt":"2018-11-14T14:02:48","guid":{"rendered":"http:\/\/www.encantando.es\/?page_id=2507"},"modified":"2018-11-14T14:06:05","modified_gmt":"2018-11-14T14:06:05","slug":"componentes","status":"publish","type":"page","link":"http:\/\/coraldecamaradenavarra.com\/?page_id=2507&lang=es","title":{"rendered":"Componentes"},"content":{"rendered":"<div class=\"vc_row wpb_row vc_row-fluid\"><div class=\"nocontainer\"><div class=\"wpb_column vc_column_container vc_col-sm-4\"><div class=\"wpb_wrapper\">\n\t<div class=\"wpb_text_column wpb_content_element \">\n\t\t<div class=\"wpb_wrapper\">\n\t\t\t<h1><span style=\"color: #ff0000;\">En la actualidad la Capilla Renacentista \u00abMichael Navarrus\u00bb cuenta con una plantilla de unos 20 cantantes. Para el presente proyecto Encantando y dependiendo del programa participar\u00e1n los siguientes componentes:<\/span><\/h1>\n\n\t\t<\/div> \n\t<\/div> <\/div><\/div><div class=\"wpb_column vc_column_container vc_col-sm-4\"><div class=\"wpb_wrapper\">\n\t<div class=\"wpb_text_column wpb_content_element \">\n\t\t<div class=\"wpb_wrapper\">\n\t\t\t<p><strong>CANTUS<\/strong><br \/>\nBeatriz Aguirre<br \/>\nAsun Doiz<br \/>\nBeatriz Lorente<br \/>\nSilvia Os\u00e9s<br \/>\nIsabel Se\u00f1as<br \/>\nPilar del Valle de Lersundi<\/p>\n<p><strong>ALTUS<\/strong><br \/>\nLaura \u00c1lvarez<br \/>\nMaite Gil<br \/>\nMiriam Mendive<br \/>\nSergi Moreno-Lassalle<br \/>\nLaura Pidal<\/p>\n\n\t\t<\/div> \n\t<\/div> <\/div><\/div><div class=\"wpb_column vc_column_container vc_col-sm-4\"><div class=\"wpb_wrapper\">\n\t<div class=\"wpb_text_column wpb_content_element \">\n\t\t<div class=\"wpb_wrapper\">\n\t\t\t<p><strong>TENOR<\/strong><br \/>\nI\u00f1aki Am\u00e9zqueta<br \/>\nJe\u015bus Arrastia<br \/>\nI\u00f1igo Casal\u00ed<br \/>\nJavier Casal\u00ed<br \/>\nAntonio Gonz\u00e1lez<\/p>\n<p><strong>BASSUS<\/strong><br \/>\nJavier Beltr\u00e1n<br \/>\nGabriel Ferrera<br \/>\nJuan Gallego<br \/>\nJuli\u00e1n Irulegui<br \/>\nJuan L\u00f3pez Tabar<\/p>\n\n\t\t<\/div> \n\t<\/div> <\/div><\/div><\/div><\/div>\n","protected":false},"excerpt":{"rendered":"En la actualidad la Capilla Renacentista \"Michael Navarrus\" cuenta con una plantilla de unos 20 cantantes. Para el presente proyecto Encantando y dependiendo del programa participar\u00e1n los siguientes componentes: CANTUS Beatriz Aguirre Asun Doiz Beatriz Lorente Silvia Os\u00e9s Isabel Se\u00f1as Pilar del Valle de Lersundi ALTUS Laura \u00c1lvarez Maite Gil Miriam Mendive Sergi Moreno-Lassalle Laura Pidal TENOR I\u00f1aki Am\u00e9zqueta Je\u015bus","protected":false},"author":3,"featured_media":0,"parent":1684,"menu_order":0,"comment_status":"closed","ping_status":"closed","template":"","meta":[],"_links":{"self":[{"href":"http:\/\/coraldecamaradenavarra.com\/index.php?rest_route=\/wp\/v2\/pages\/2507"}],"collection":[{"href":"http:\/\/coraldecamaradenavarra.com\/index.php?rest_route=\/wp\/v2\/pages"}],"about":[{"href":"http:\/\/coraldecamaradenavarra.com\/index.php?rest_route=\/wp\/v2\/types\/page"}],"author":[{"embeddable":true,"href":"http:\/\/coraldecamaradenavarra.com\/index.php?rest_route=\/wp\/v2\/users\/3"}],"replies":[{"embeddable":true,"href":"http:\/\/coraldecamaradenavarra.com\/index.php?rest_route=%2Fwp%2Fv2%2Fcomments&post=2507"}],"version-history":[{"count":6,"href":"http:\/\/coraldecamaradenavarra.com\/index.php?rest_route=\/wp\/v2\/pages\/2507\/revisions"}],"predecessor-version":[{"id":2517,"href":"http:\/\/coraldecamaradenavarra.com\/index.php?rest_route=\/wp\/v2\/pages\/2507\/revisions\/2517"}],"up":[{"embeddable":true,"href":"http:\/\/coraldecamaradenavarra.com\/index.php?rest_route=\/wp\/v2\/pages\/1684"}],"wp:attachment":[{"href":"http:\/\/coraldecamaradenavarra.com\/index.php?rest_route=%2Fwp%2Fv2%2Fmedia&parent=2507"}],"curies":[{"name":"wp","href":"https:\/\/api.w.org\/{rel}","templated":true}]}}

<div class="vc_row wpb_row vc_row-fluid"><div class="nocontainer"><div class="wpb_column vc_column_container vc_col-sm-4"><div class="wpb_wrapper">
	<div class="wpb_text_column wpb_content_element ">
		<div class="wpb_wrapper">
			<h1><span style="color: #ff0000;">En la actualidad la Capilla Renacentista «Michael Navarrus» cuenta con una plantilla de unos 20 cantantes. Para el presente proyecto Encantando y dependiendo del programa participarán los siguientes componentes:</span></h1>

		</div> 
	</div> </div></div><div class="wpb_column vc_column_container vc_col-sm-4"><div class="wpb_wrapper">
	<div class="wpb_text_column wpb_content_element ">
		<div class="wpb_wrapper">
			<p><strong>CANTUS</strong><br />
Beatriz Aguirre<br />
Asun Doiz<br />
Beatriz Lorente<br />
Silvia Osés<br />
Isabel Señas<br />
Pilar del Valle de Lersundi</p>
<p><strong>ALTUS</strong><br />
Laura Álvarez<br />
Maite Gil<br />
Miriam Mendive<br />
Sergi Moreno-Lassalle<br />
Laura Pidal</p>

		</div> 
	</div> </div></div><div class="wpb_column vc_column_container vc_col-sm-4"><div class="wpb_wrapper">
	<div class="wpb_text_column wpb_content_element ">
		<div class="wpb_wrapper">
			<p><strong>TENOR</strong><br />
Iñaki Amézqueta<br />
Jeśus Arrastia<br />
Iñigo Casalí<br />
Javier Casalí<br />
Antonio González</p>
<p><strong>BASSUS</strong><br />
Javier Beltrán<br />
Gabriel Ferrera<br />
Juan Gallego<br />
Julián Irulegui<br />
Juan López Tabar</p>

		</div> 
	</div> </div></div></div></div>

En la actualidad la Capilla Renacentista "Michael Navarrus" cuenta con una plantilla de unos 20 cantantes. Para el presente proyecto Encantando y dependiendo del programa participarán los siguientes componentes: CANTUS Beatriz Aguirre Asun Doiz Beatriz Lorente Silvia Osés Isabel Señas Pilar del Valle de Lersundi ALTUS Laura Álvarez Maite Gil Miriam Mendive Sergi Moreno-Lassalle Laura Pidal TENOR Iñaki Amézqueta Jeśus
