{"id":2320,"date":"2018-10-24T15:11:13","date_gmt":"2018-10-24T15:11:13","guid":{"rendered":"http:\/\/www.encantando.es\/?page_id=2320"},"modified":"2018-11-10T11:15:46","modified_gmt":"2018-11-10T11:15:46","slug":"cnn-music","status":"publish","type":"page","link":"http:\/\/coraldecamaradenavarra.com\/?page_id=2320&lang=es","title":{"rendered":"CNN Music"},"content":{"rendered":"<div class=\"vc_row wpb_row vc_row-fluid\"><div class=\"nocontainer\"><div class=\"wpb_column vc_column_container vc_col-sm-4\"><div class=\"wpb_wrapper\">\n\t<div class=\"wpb_text_column wpb_content_element \">\n\t\t<div class=\"wpb_wrapper\">\n\t\t\t<h1><span style=\"color: #ff0000;\">Coral de C\u00e1mara de Navarra funda su propio sello discogr\u00e1fico, CCN MUSIC, en el a\u00f1o 2014<\/span><\/h1>\n\n\t\t<\/div> \n\t<\/div> <\/div><\/div><div class=\"wpb_column vc_column_container vc_col-sm-8\"><div class=\"wpb_wrapper\">\n\t<div class=\"wpb_text_column wpb_content_element \">\n\t\t<div class=\"wpb_wrapper\">\n\t\t\t<p>El objetivo no es otro que divulgar el diverso trabajo que desde nuestra entidad se realiza en la recuperaci\u00f3n del patrimonio inmaterial musical as\u00ed como en el apoyo a los nuevos artistas y creadores. Todo ello desde el rigor que nos caracteriza y mediante una imagen fresca y desenfadada, convirtiendo cada publicaci\u00f3n en un proyecto exclusivo. Hasta la fecha se han publicado cuatro referencias; tres en formato Compact Disc y uno en vinilo, abordando g\u00e9neros tan diversos como la M\u00fasica Antigua, el Jazz o armonizaciones cl\u00e1sicas de canciones de nuestro Folclore.<\/p>\n\n\t\t<\/div> \n\t<\/div> <\/div><\/div><\/div><\/div><div class=\"vc_row wpb_row vc_row-fluid\"><div class=\"nocontainer\"><div class=\"wpb_column vc_column_container vc_col-sm-12 vc_custom_1540405297414\"><div class=\"wpb_wrapper\"><div class=\"vc_separator wpb_content_element vc_separator_align_center vc_sep_width_100 vc_sep_pos_align_center vc_separator_no_text\"><span\n\t\tclass=\"vc_sep_holder vc_sep_holder_l\"><span style=\"border-color:#dd3333;\"\t\t\tclass=\"vc_sep_line\"><\/span><\/span><span\n\t\tclass=\"vc_sep_holder vc_sep_holder_r\"><span style=\"border-color:#dd3333;\" class=\"vc_sep_line\"><\/span><\/span>\n\t<\/div>\n<\/div><\/div><\/div><\/div><div class=\"vc_row wpb_row vc_row-fluid\"><div class=\"nocontainer\"><div class=\"wpb_column vc_column_container vc_col-sm-6\"><div class=\"wpb_wrapper\">\n\t<div class=\"wpb_single_image wpb_content_element hover vc_align_center\">\n\t\t<div class=\"wpb_wrapper\">\n\t\t\t\n\t\t\t<a href=\"http:\/\/www.encantando.es\/?noo_album=quam-pulchri-sunt\" target=\"_self\"><div class=\"vc_single_image-wrapper   vc_box_border_grey\"><img width=\"906\" height=\"700\" src=\"http:\/\/coraldecamaradenavarra.com\/wp-content\/uploads\/2018\/10\/Portada-Quam.jpg\" class=\"vc_single_image-img attachment-large\" alt=\"\" decoding=\"async\" loading=\"lazy\" srcset=\"http:\/\/coraldecamaradenavarra.com\/wp-content\/uploads\/2018\/10\/Portada-Quam.jpg 906w, http:\/\/coraldecamaradenavarra.com\/wp-content\/uploads\/2018\/10\/Portada-Quam-300x232.jpg 300w\" sizes=\"(max-width: 906px) 100vw, 906px\" \/><\/div><\/a>\n\t\t<\/div> \n\t<\/div> \n\t<div class=\"wpb_text_column wpb_content_element \">\n\t\t<div class=\"wpb_wrapper\">\n\t\t\t<h4 class=\"p1\"><span class=\"s1\">Quam Pulchri sunt (2017)<\/span><\/h4>\n\n\t\t<\/div> \n\t<\/div> <\/div><\/div><div class=\"wpb_column vc_column_container vc_col-sm-6\"><div class=\"wpb_wrapper\">\n\t<div class=\"wpb_single_image wpb_content_element hover vc_align_center\">\n\t\t<div class=\"wpb_wrapper\">\n\t\t\t\n\t\t\t<a href=\"http:\/\/www.encantando.es\/?noo_album=jazzy-leap-first-leap\" target=\"_self\"><div class=\"vc_single_image-wrapper   vc_box_border_grey\"><img width=\"700\" height=\"541\" src=\"http:\/\/coraldecamaradenavarra.com\/wp-content\/uploads\/2018\/10\/Portada-jazzyleap-def.jpg\" class=\"vc_single_image-img attachment-large\" alt=\"\" decoding=\"async\" loading=\"lazy\" srcset=\"http:\/\/coraldecamaradenavarra.com\/wp-content\/uploads\/2018\/10\/Portada-jazzyleap-def.jpg 700w, http:\/\/coraldecamaradenavarra.com\/wp-content\/uploads\/2018\/10\/Portada-jazzyleap-def-300x232.jpg 300w\" sizes=\"(max-width: 700px) 100vw, 700px\" \/><\/div><\/a>\n\t\t<\/div> \n\t<\/div> \n\t<div class=\"wpb_text_column wpb_content_element \">\n\t\t<div class=\"wpb_wrapper\">\n\t\t\t<h4 class=\"p1\"><span class=\"s1\">First Leap (2017)<br \/>\nEdici\u00f3n CD\u00a0<\/span><\/h4>\n\n\t\t<\/div> \n\t<\/div> <\/div><\/div><\/div><\/div><div class=\"vc_row wpb_row vc_row-fluid\"><div class=\"nocontainer\"><div class=\"wpb_column vc_column_container vc_col-sm-12 vc_custom_1540405297414\"><div class=\"wpb_wrapper\"><div class=\"vc_separator wpb_content_element vc_separator_align_center vc_sep_width_100 vc_sep_pos_align_center vc_separator_no_text\"><span\n\t\tclass=\"vc_sep_holder vc_sep_holder_l\"><span style=\"border-color:#dd3333;\"\t\t\tclass=\"vc_sep_line\"><\/span><\/span><span\n\t\tclass=\"vc_sep_holder vc_sep_holder_r\"><span style=\"border-color:#dd3333;\" class=\"vc_sep_line\"><\/span><\/span>\n\t<\/div>\n<\/div><\/div><\/div><\/div><div class=\"vc_row wpb_row vc_row-fluid\"><div class=\"nocontainer\"><div class=\"wpb_column vc_column_container vc_col-sm-6\"><div class=\"wpb_wrapper\">\n\t<div class=\"wpb_single_image wpb_content_element hover vc_align_center\">\n\t\t<div class=\"wpb_wrapper\">\n\t\t\t\n\t\t\t<a href=\"http:\/\/www.encantando.es\/?noo_album=first-leap-edicion-vinilo\" target=\"_self\"><div class=\"vc_single_image-wrapper   vc_box_border_grey\"><img width=\"700\" height=\"541\" src=\"http:\/\/coraldecamaradenavarra.com\/wp-content\/uploads\/2018\/10\/jazzy-vinyl-2.jpg\" class=\"vc_single_image-img attachment-large\" alt=\"\" decoding=\"async\" loading=\"lazy\" srcset=\"http:\/\/coraldecamaradenavarra.com\/wp-content\/uploads\/2018\/10\/jazzy-vinyl-2.jpg 700w, http:\/\/coraldecamaradenavarra.com\/wp-content\/uploads\/2018\/10\/jazzy-vinyl-2-300x232.jpg 300w\" sizes=\"(max-width: 700px) 100vw, 700px\" \/><\/div><\/a>\n\t\t<\/div> \n\t<\/div> \n\t<div class=\"wpb_text_column wpb_content_element \">\n\t\t<div class=\"wpb_wrapper\">\n\t\t\t<h4 class=\"p1\"><span class=\"s1\">First Leap (2017)<br \/>\nEdici\u00f3n Vinilo<\/span><\/h4>\n\n\t\t<\/div> \n\t<\/div> <\/div><\/div><div class=\"wpb_column vc_column_container vc_col-sm-6\"><div class=\"wpb_wrapper\">\n\t<div class=\"wpb_single_image wpb_content_element hover vc_align_center\">\n\t\t<div class=\"wpb_wrapper\">\n\t\t\t\n\t\t\t<a href=\"http:\/\/www.encantando.es\/?noo_album=lili-eder-bat-obra-profana-en-euskera-padre-donostia\" target=\"_self\"><div class=\"vc_single_image-wrapper   vc_box_border_grey\"><img width=\"906\" height=\"700\" src=\"http:\/\/coraldecamaradenavarra.com\/wp-content\/uploads\/2016\/03\/Portada-Lili-eder-bat.jpg\" class=\"vc_single_image-img attachment-large\" alt=\"\" decoding=\"async\" loading=\"lazy\" srcset=\"http:\/\/coraldecamaradenavarra.com\/wp-content\/uploads\/2016\/03\/Portada-Lili-eder-bat.jpg 906w, http:\/\/coraldecamaradenavarra.com\/wp-content\/uploads\/2016\/03\/Portada-Lili-eder-bat-300x232.jpg 300w\" sizes=\"(max-width: 906px) 100vw, 906px\" \/><\/div><\/a>\n\t\t<\/div> \n\t<\/div> \n\t<div class=\"wpb_text_column wpb_content_element \">\n\t\t<div class=\"wpb_wrapper\">\n\t\t\t<h4 class=\"p1\"><span class=\"s1\">Lili Eder bat (2014)<\/span><\/h4>\n\n\t\t<\/div> \n\t<\/div> <\/div><\/div><\/div><\/div><div class=\"vc_row wpb_row vc_row-fluid\"><div class=\"nocontainer\"><div class=\"wpb_column vc_column_container vc_col-sm-12 vc_custom_1540405297414\"><div class=\"wpb_wrapper\"><div class=\"vc_separator wpb_content_element vc_separator_align_center vc_sep_width_100 vc_sep_pos_align_center vc_separator_no_text\"><span\n\t\tclass=\"vc_sep_holder vc_sep_holder_l\"><span style=\"border-color:#dd3333;\"\t\t\tclass=\"vc_sep_line\"><\/span><\/span><span\n\t\tclass=\"vc_sep_holder vc_sep_holder_r\"><span style=\"border-color:#dd3333;\" class=\"vc_sep_line\"><\/span><\/span>\n\t<\/div>\n<\/div><\/div><\/div><\/div><div class=\"vc_row wpb_row vc_row-fluid\"><div class=\"nocontainer\"><div class=\"wpb_column vc_column_container vc_col-sm-6\"><div class=\"wpb_wrapper\">\n\t<div class=\"wpb_single_image wpb_content_element hover vc_align_center\">\n\t\t<div class=\"wpb_wrapper\">\n\t\t\t\n\t\t\t<a href=\"http:\/\/www.encantando.es\/?noo_album=2278\" target=\"_self\"><div class=\"vc_single_image-wrapper   vc_box_border_grey\"><img width=\"906\" height=\"700\" src=\"http:\/\/coraldecamaradenavarra.com\/wp-content\/uploads\/2016\/03\/Portada-Antologia-Gorriti.jpg\" class=\"vc_single_image-img attachment-large\" alt=\"\" decoding=\"async\" loading=\"lazy\" srcset=\"http:\/\/coraldecamaradenavarra.com\/wp-content\/uploads\/2016\/03\/Portada-Antologia-Gorriti.jpg 906w, http:\/\/coraldecamaradenavarra.com\/wp-content\/uploads\/2016\/03\/Portada-Antologia-Gorriti-300x232.jpg 300w\" sizes=\"(max-width: 906px) 100vw, 906px\" \/><\/div><\/a>\n\t\t<\/div> \n\t<\/div> \n\t<div class=\"wpb_text_column wpb_content_element \">\n\t\t<div class=\"wpb_wrapper\">\n\t\t\t<h4 class=\"p1\"><span class=\"s1\">Felipe Gorriti (2012)<br \/>\n<\/span>ARSIS<\/h4>\n\n\t\t<\/div> \n\t<\/div> <\/div><\/div><div class=\"wpb_column vc_column_container vc_col-sm-6\"><div class=\"wpb_wrapper\">\n\t<div class=\"wpb_text_column wpb_content_element \">\n\t\t<div class=\"wpb_wrapper\">\n\t\t\t<p><\/p>\n\n\t\t<\/div> \n\t<\/div> <\/div><\/div><\/div><\/div>\n","protected":false},"excerpt":{"rendered":"Coral de C\u00e1mara de Navarra funda su propio sello discogr\u00e1fico, CCN MUSIC, en el a\u00f1o 2014 El objetivo no es otro que divulgar el diverso trabajo que desde nuestra entidad se realiza en la recuperaci\u00f3n del patrimonio inmaterial musical as\u00ed como en el apoyo a los nuevos artistas y creadores. Todo ello desde el rigor que nos caracteriza y mediante","protected":false},"author":1,"featured_media":0,"parent":0,"menu_order":0,"comment_status":"closed","ping_status":"closed","template":"","meta":[],"_links":{"self":[{"href":"http:\/\/coraldecamaradenavarra.com\/index.php?rest_route=\/wp\/v2\/pages\/2320"}],"collection":[{"href":"http:\/\/coraldecamaradenavarra.com\/index.php?rest_route=\/wp\/v2\/pages"}],"about":[{"href":"http:\/\/coraldecamaradenavarra.com\/index.php?rest_route=\/wp\/v2\/types\/page"}],"author":[{"embeddable":true,"href":"http:\/\/coraldecamaradenavarra.com\/index.php?rest_route=\/wp\/v2\/users\/1"}],"replies":[{"embeddable":true,"href":"http:\/\/coraldecamaradenavarra.com\/index.php?rest_route=%2Fwp%2Fv2%2Fcomments&post=2320"}],"version-history":[{"count":20,"href":"http:\/\/coraldecamaradenavarra.com\/index.php?rest_route=\/wp\/v2\/pages\/2320\/revisions"}],"predecessor-version":[{"id":2488,"href":"http:\/\/coraldecamaradenavarra.com\/index.php?rest_route=\/wp\/v2\/pages\/2320\/revisions\/2488"}],"wp:attachment":[{"href":"http:\/\/coraldecamaradenavarra.com\/index.php?rest_route=%2Fwp%2Fv2%2Fmedia&parent=2320"}],"curies":[{"name":"wp","href":"https:\/\/api.w.org\/{rel}","templated":true}]}}

<div class="vc_row wpb_row vc_row-fluid"><div class="nocontainer"><div class="wpb_column vc_column_container vc_col-sm-4"><div class="wpb_wrapper">
	<div class="wpb_text_column wpb_content_element ">
		<div class="wpb_wrapper">
			<h1><span style="color: #ff0000;">Coral de Cámara de Navarra funda su propio sello discográfico, CCN MUSIC, en el año 2014</span></h1>

		</div> 
	</div> </div></div><div class="wpb_column vc_column_container vc_col-sm-8"><div class="wpb_wrapper">
	<div class="wpb_text_column wpb_content_element ">
		<div class="wpb_wrapper">
			<p>El objetivo no es otro que divulgar el diverso trabajo que desde nuestra entidad se realiza en la recuperación del patrimonio inmaterial musical así como en el apoyo a los nuevos artistas y creadores. Todo ello desde el rigor que nos caracteriza y mediante una imagen fresca y desenfadada, convirtiendo cada publicación en un proyecto exclusivo. Hasta la fecha se han publicado cuatro referencias; tres en formato Compact Disc y uno en vinilo, abordando géneros tan diversos como la Música Antigua, el Jazz o armonizaciones clásicas de canciones de nuestro Folclore.</p>

		</div> 
	</div> </div></div></div></div><div class="vc_row wpb_row vc_row-fluid"><div class="nocontainer"><div class="wpb_column vc_column_container vc_col-sm-12 vc_custom_1540405297414"><div class="wpb_wrapper"><div class="vc_separator wpb_content_element vc_separator_align_center vc_sep_width_100 vc_sep_pos_align_center vc_separator_no_text"><span
		class="vc_sep_holder vc_sep_holder_l"><span style="border-color:#dd3333;"			class="vc_sep_line"></span></span><span
		class="vc_sep_holder vc_sep_holder_r"><span style="border-color:#dd3333;" class="vc_sep_line"></span></span>
	</div>
</div></div></div></div><div class="vc_row wpb_row vc_row-fluid"><div class="nocontainer"><div class="wpb_column vc_column_container vc_col-sm-6"><div class="wpb_wrapper">
	<div class="wpb_single_image wpb_content_element hover vc_align_center">
		<div class="wpb_wrapper">
			
			<a href="http://www.encantando.es/?noo_album=quam-pulchri-sunt" target="_self"><div class="vc_single_image-wrapper   vc_box_border_grey"><img width="906" height="700" src="http://coraldecamaradenavarra.com/wp-content/uploads/2018/10/Portada-Quam.jpg" class="vc_single_image-img attachment-large" alt="" decoding="async" loading="lazy" srcset="http://coraldecamaradenavarra.com/wp-content/uploads/2018/10/Portada-Quam.jpg 906w, http://coraldecamaradenavarra.com/wp-content/uploads/2018/10/Portada-Quam-300x232.jpg 300w" sizes="(max-width: 906px) 100vw, 906px" /></div></a>
		</div> 
	</div> 
	<div class="wpb_text_column wpb_content_element ">
		<div class="wpb_wrapper">
			<h4 class="p1"><span class="s1">Quam Pulchri sunt (2017)</span></h4>

		</div> 
	</div> </div></div><div class="wpb_column vc_column_container vc_col-sm-6"><div class="wpb_wrapper">
	<div class="wpb_single_image wpb_content_element hover vc_align_center">
		<div class="wpb_wrapper">
			
			<a href="http://www.encantando.es/?noo_album=jazzy-leap-first-leap" target="_self"><div class="vc_single_image-wrapper   vc_box_border_grey"><img width="700" height="541" src="http://coraldecamaradenavarra.com/wp-content/uploads/2018/10/Portada-jazzyleap-def.jpg" class="vc_single_image-img attachment-large" alt="" decoding="async" loading="lazy" srcset="http://coraldecamaradenavarra.com/wp-content/uploads/2018/10/Portada-jazzyleap-def.jpg 700w, http://coraldecamaradenavarra.com/wp-content/uploads/2018/10/Portada-jazzyleap-def-300x232.jpg 300w" sizes="(max-width: 700px) 100vw, 700px" /></div></a>
		</div> 
	</div> 
	<div class="wpb_text_column wpb_content_element ">
		<div class="wpb_wrapper">
			<h4 class="p1"><span class="s1">First Leap (2017)<br />
Edición CD </span></h4>

		</div> 
	</div> </div></div></div></div><div class="vc_row wpb_row vc_row-fluid"><div class="nocontainer"><div class="wpb_column vc_column_container vc_col-sm-12 vc_custom_1540405297414"><div class="wpb_wrapper"><div class="vc_separator wpb_content_element vc_separator_align_center vc_sep_width_100 vc_sep_pos_align_center vc_separator_no_text"><span
		class="vc_sep_holder vc_sep_holder_l"><span style="border-color:#dd3333;"			class="vc_sep_line"></span></span><span
		class="vc_sep_holder vc_sep_holder_r"><span style="border-color:#dd3333;" class="vc_sep_line"></span></span>
	</div>
</div></div></div></div><div class="vc_row wpb_row vc_row-fluid"><div class="nocontainer"><div class="wpb_column vc_column_container vc_col-sm-6"><div class="wpb_wrapper">
	<div class="wpb_single_image wpb_content_element hover vc_align_center">
		<div class="wpb_wrapper">
			
			<a href="http://www.encantando.es/?noo_album=first-leap-edicion-vinilo" target="_self"><div class="vc_single_image-wrapper   vc_box_border_grey"><img width="700" height="541" src="http://coraldecamaradenavarra.com/wp-content/uploads/2018/10/jazzy-vinyl-2.jpg" class="vc_single_image-img attachment-large" alt="" decoding="async" loading="lazy" srcset="http://coraldecamaradenavarra.com/wp-content/uploads/2018/10/jazzy-vinyl-2.jpg 700w, http://coraldecamaradenavarra.com/wp-content/uploads/2018/10/jazzy-vinyl-2-300x232.jpg 300w" sizes="(max-width: 700px) 100vw, 700px" /></div></a>
		</div> 
	</div> 
	<div class="wpb_text_column wpb_content_element ">
		<div class="wpb_wrapper">
			<h4 class="p1"><span class="s1">First Leap (2017)<br />
Edición Vinilo</span></h4>

		</div> 
	</div> </div></div><div class="wpb_column vc_column_container vc_col-sm-6"><div class="wpb_wrapper">
	<div class="wpb_single_image wpb_content_element hover vc_align_center">
		<div class="wpb_wrapper">
			
			<a href="http://www.encantando.es/?noo_album=lili-eder-bat-obra-profana-en-euskera-padre-donostia" target="_self"><div class="vc_single_image-wrapper   vc_box_border_grey"><img width="906" height="700" src="http://coraldecamaradenavarra.com/wp-content/uploads/2016/03/Portada-Lili-eder-bat.jpg" class="vc_single_image-img attachment-large" alt="" decoding="async" loading="lazy" srcset="http://coraldecamaradenavarra.com/wp-content/uploads/2016/03/Portada-Lili-eder-bat.jpg 906w, http://coraldecamaradenavarra.com/wp-content/uploads/2016/03/Portada-Lili-eder-bat-300x232.jpg 300w" sizes="(max-width: 906px) 100vw, 906px" /></div></a>
		</div> 
	</div> 
	<div class="wpb_text_column wpb_content_element ">
		<div class="wpb_wrapper">
			<h4 class="p1"><span class="s1">Lili Eder bat (2014)</span></h4>

		</div> 
	</div> </div></div></div></div><div class="vc_row wpb_row vc_row-fluid"><div class="nocontainer"><div class="wpb_column vc_column_container vc_col-sm-12 vc_custom_1540405297414"><div class="wpb_wrapper"><div class="vc_separator wpb_content_element vc_separator_align_center vc_sep_width_100 vc_sep_pos_align_center vc_separator_no_text"><span
		class="vc_sep_holder vc_sep_holder_l"><span style="border-color:#dd3333;"			class="vc_sep_line"></span></span><span
		class="vc_sep_holder vc_sep_holder_r"><span style="border-color:#dd3333;" class="vc_sep_line"></span></span>
	</div>
</div></div></div></div><div class="vc_row wpb_row vc_row-fluid"><div class="nocontainer"><div class="wpb_column vc_column_container vc_col-sm-6"><div class="wpb_wrapper">
	<div class="wpb_single_image wpb_content_element hover vc_align_center">
		<div class="wpb_wrapper">
			
			<a href="http://www.encantando.es/?noo_album=2278" target="_self"><div class="vc_single_image-wrapper   vc_box_border_grey"><img width="906" height="700" src="http://coraldecamaradenavarra.com/wp-content/uploads/2016/03/Portada-Antologia-Gorriti.jpg" class="vc_single_image-img attachment-large" alt="" decoding="async" loading="lazy" srcset="http://coraldecamaradenavarra.com/wp-content/uploads/2016/03/Portada-Antologia-Gorriti.jpg 906w, http://coraldecamaradenavarra.com/wp-content/uploads/2016/03/Portada-Antologia-Gorriti-300x232.jpg 300w" sizes="(max-width: 906px) 100vw, 906px" /></div></a>
		</div> 
	</div> 
	<div class="wpb_text_column wpb_content_element ">
		<div class="wpb_wrapper">
			<h4 class="p1"><span class="s1">Felipe Gorriti (2012)<br />
</span>ARSIS</h4>

		</div> 
	</div> </div></div><div class="wpb_column vc_column_container vc_col-sm-6"><div class="wpb_wrapper">
	<div class="wpb_text_column wpb_content_element ">
		<div class="wpb_wrapper">
			<p></p>

		</div> 
	</div> </div></div></div></div>

Coral de Cámara de Navarra funda su propio sello discográfico, CCN MUSIC, en el año 2014 El objetivo no es otro que divulgar el diverso trabajo que desde nuestra entidad se realiza en la recuperación del patrimonio inmaterial musical así como en el apoyo a los nuevos artistas y creadores. Todo ello desde el rigor que nos caracteriza y mediante
