{"id":2315,"date":"2018-10-24T14:51:55","date_gmt":"2018-10-24T14:51:55","guid":{"rendered":"http:\/\/www.encantando.es\/?page_id=2315"},"modified":"2018-11-06T05:01:54","modified_gmt":"2018-11-06T05:01:54","slug":"zona-multidmedia","status":"publish","type":"page","link":"http:\/\/coraldecamaradenavarra.com\/?page_id=2315&lang=es","title":{"rendered":"Zona multimedia"},"content":{"rendered":"<div class=\"epyt-gallery\" data-currpage=\"1\" id=\"epyt_gallery_57784\"><iframe  id=\"_ytid_97738\" width=\"970\" height=\"546\"  data-origwidth=\"970\" data-origheight=\"546\"  src=\"https:\/\/www.youtube.com\/embed\/-VR2qvLRUmU?enablejsapi=1&autoplay=0&cc_load_policy=0&iv_load_policy=1&loop=0&modestbranding=1&rel=1&fs=1&playsinline=0&autohide=2&theme=dark&color=red&controls=1&\" class=\"__youtube_prefs__\" title=\"YouTube player\"  data-epytgalleryid=\"epyt_gallery_57784\"  allow=\"autoplay; encrypted-media\" allowfullscreen data-no-lazy=\"1\" data-skipgform_ajax_framebjll=\"\"><\/iframe><div class=\"epyt-gallery-list\"><div class=\"epyt-pagination \"><div tabindex=\"0\" role=\"button\" class=\"epyt-pagebutton epyt-prev  hide \" data-playlistid=\"PLwumB06YokBJSs1xjeL6RtsjQPGZMHxsh\" data-pagesize=\"12\" data-pagetoken=\"\" data-epcolumns=\"3\" data-showtitle=\"1\" data-showpaging=\"1\" data-autonext=\"0\" data-thumbplay=\"1\"><div class=\"epyt-arrow\">&laquo;<\/div> <div>Prev<\/div><\/div><div class=\"epyt-pagenumbers hide\"><div class=\"epyt-current\">1<\/div><div class=\"epyt-pageseparator\"> \/ <\/div><div class=\"epyt-totalpages\">1<\/div><\/div><div tabindex=\"0\" role=\"button\" class=\"epyt-pagebutton epyt-next hide \" data-playlistid=\"PLwumB06YokBJSs1xjeL6RtsjQPGZMHxsh\" data-pagesize=\"12\" data-pagetoken=\"\" data-epcolumns=\"3\" data-showtitle=\"1\" data-showpaging=\"1\" data-autonext=\"0\" data-thumbplay=\"1\"><div>Next<\/div> <div class=\"epyt-arrow\">&raquo;<\/div><\/div><div class=\"epyt-loader\"><img alt=\"loading\" width=\"16\" height=\"11\" src=\"http:\/\/coraldecamaradenavarra.com\/wp-content\/plugins\/youtube-embed-plus\/images\/gallery-page-loader.gif\"><\/div><\/div><div class=\"epyt-gallery-allthumbs  epyt-cols-3 \"><div tabindex=\"0\" role=\"button\" data-videoid=\"-VR2qvLRUmU\" class=\"epyt-gallery-thumb\"><div class=\"epyt-gallery-img-box\"><div class=\"epyt-gallery-img\" style=\"background-image: url(https:\/\/i.ytimg.com\/vi\/-VR2qvLRUmU\/hqdefault.jpg)\"><div class=\"epyt-gallery-playhover\"><img alt=\"play\" class=\"epyt-play-img\" width=\"30\" height=\"23\" src=\"http:\/\/coraldecamaradenavarra.com\/wp-content\/plugins\/youtube-embed-plus\/images\/playhover.png\" data-no-lazy=\"1\" data-skipgform_ajax_framebjll=\"\" \/><div class=\"epyt-gallery-playcrutch\"><\/div><\/div><\/div><\/div><div class=\"epyt-gallery-title\">PROMO ENCANTANDO MECNA<\/div><\/div><div tabindex=\"0\" role=\"button\" data-videoid=\"hGtIrp3BDNc\" class=\"epyt-gallery-thumb\"><div class=\"epyt-gallery-img-box\"><div class=\"epyt-gallery-img\" style=\"background-image: url(https:\/\/i.ytimg.com\/vi\/hGtIrp3BDNc\/hqdefault.jpg)\"><div class=\"epyt-gallery-playhover\"><img alt=\"play\" class=\"epyt-play-img\" width=\"30\" height=\"23\" src=\"http:\/\/coraldecamaradenavarra.com\/wp-content\/plugins\/youtube-embed-plus\/images\/playhover.png\" data-no-lazy=\"1\" data-skipgform_ajax_framebjll=\"\" \/><div class=\"epyt-gallery-playcrutch\"><\/div><\/div><\/div><\/div><div class=\"epyt-gallery-title\">Jazzy Leap -  First Leap - Promo<\/div><\/div><div tabindex=\"0\" role=\"button\" data-videoid=\"wwFbtC6dqJo\" class=\"epyt-gallery-thumb\"><div class=\"epyt-gallery-img-box\"><div class=\"epyt-gallery-img\" style=\"background-image: url(https:\/\/i.ytimg.com\/vi\/wwFbtC6dqJo\/hqdefault.jpg)\"><div class=\"epyt-gallery-playhover\"><img alt=\"play\" class=\"epyt-play-img\" width=\"30\" height=\"23\" src=\"http:\/\/coraldecamaradenavarra.com\/wp-content\/plugins\/youtube-embed-plus\/images\/playhover.png\" data-no-lazy=\"1\" data-skipgform_ajax_framebjll=\"\" \/><div class=\"epyt-gallery-playcrutch\"><\/div><\/div><\/div><\/div><div class=\"epyt-gallery-title\">SOLEMNES V\u00cdSPERAS DE SAN FERM\u00cdN DE MICHAEL NAVARRUS<\/div><\/div><div class=\"epyt-gallery-rowbreak\"><\/div><div tabindex=\"0\" role=\"button\" data-videoid=\"aLcDbkgNDZI\" class=\"epyt-gallery-thumb\"><div class=\"epyt-gallery-img-box\"><div class=\"epyt-gallery-img\" style=\"background-image: url(https:\/\/i.ytimg.com\/vi\/aLcDbkgNDZI\/hqdefault.jpg)\"><div class=\"epyt-gallery-playhover\"><img alt=\"play\" class=\"epyt-play-img\" width=\"30\" height=\"23\" src=\"http:\/\/coraldecamaradenavarra.com\/wp-content\/plugins\/youtube-embed-plus\/images\/playhover.png\" data-no-lazy=\"1\" data-skipgform_ajax_framebjll=\"\" \/><div class=\"epyt-gallery-playcrutch\"><\/div><\/div><\/div><\/div><div class=\"epyt-gallery-title\">Jazzy Leap - The best of Duke Ellington<\/div><\/div><div tabindex=\"0\" role=\"button\" data-videoid=\"t5imXCyEoY8\" class=\"epyt-gallery-thumb\"><div class=\"epyt-gallery-img-box\"><div class=\"epyt-gallery-img\" style=\"background-image: url(https:\/\/i.ytimg.com\/vi\/t5imXCyEoY8\/hqdefault.jpg)\"><div class=\"epyt-gallery-playhover\"><img alt=\"play\" class=\"epyt-play-img\" width=\"30\" height=\"23\" src=\"http:\/\/coraldecamaradenavarra.com\/wp-content\/plugins\/youtube-embed-plus\/images\/playhover.png\" data-no-lazy=\"1\" data-skipgform_ajax_framebjll=\"\" \/><div class=\"epyt-gallery-playcrutch\"><\/div><\/div><\/div><\/div><div class=\"epyt-gallery-title\">Catulli Carmina - V\u00eddeo Promocional<\/div><\/div><div tabindex=\"0\" role=\"button\" data-videoid=\"fDliEbwwN-0\" class=\"epyt-gallery-thumb\"><div class=\"epyt-gallery-img-box\"><div class=\"epyt-gallery-img\" style=\"background-image: url(https:\/\/i.ytimg.com\/vi\/fDliEbwwN-0\/hqdefault.jpg)\"><div class=\"epyt-gallery-playhover\"><img alt=\"play\" class=\"epyt-play-img\" width=\"30\" height=\"23\" src=\"http:\/\/coraldecamaradenavarra.com\/wp-content\/plugins\/youtube-embed-plus\/images\/playhover.png\" data-no-lazy=\"1\" data-skipgform_ajax_framebjll=\"\" \/><div class=\"epyt-gallery-playcrutch\"><\/div><\/div><\/div><\/div><div class=\"epyt-gallery-title\">Ta\u00f1er, cantar, danzar<\/div><\/div><div class=\"epyt-gallery-rowbreak\"><\/div><div tabindex=\"0\" role=\"button\" data-videoid=\"wwiiLnppaks\" class=\"epyt-gallery-thumb\"><div class=\"epyt-gallery-img-box\"><div class=\"epyt-gallery-img\" style=\"background-image: url(https:\/\/i.ytimg.com\/vi\/wwiiLnppaks\/hqdefault.jpg)\"><div class=\"epyt-gallery-playhover\"><img alt=\"play\" class=\"epyt-play-img\" width=\"30\" height=\"23\" src=\"http:\/\/coraldecamaradenavarra.com\/wp-content\/plugins\/youtube-embed-plus\/images\/playhover.png\" data-no-lazy=\"1\" data-skipgform_ajax_framebjll=\"\" \/><div class=\"epyt-gallery-playcrutch\"><\/div><\/div><\/div><\/div><div class=\"epyt-gallery-title\">NAK FESTIVAL 2016 Coral de C\u00e1mara de Navarra<\/div><\/div><div tabindex=\"0\" role=\"button\" data-videoid=\"zr6fGCB6C5I\" class=\"epyt-gallery-thumb\"><div class=\"epyt-gallery-img-box\"><div class=\"epyt-gallery-img\" style=\"background-image: url(https:\/\/i.ytimg.com\/vi\/zr6fGCB6C5I\/hqdefault.jpg)\"><div class=\"epyt-gallery-playhover\"><img alt=\"play\" class=\"epyt-play-img\" width=\"30\" height=\"23\" src=\"http:\/\/coraldecamaradenavarra.com\/wp-content\/plugins\/youtube-embed-plus\/images\/playhover.png\" data-no-lazy=\"1\" data-skipgform_ajax_framebjll=\"\" \/><div class=\"epyt-gallery-playcrutch\"><\/div><\/div><\/div><\/div><div class=\"epyt-gallery-title\">2018 04 15    Coral de C\u00e1mara de Navarra    Nafarroako Ganbera Abesbatza    X Aniversario   Kantuz<\/div><\/div><div class=\"epyt-gallery-clear\"><\/div><\/div><div class=\"epyt-pagination \"><div tabindex=\"0\" role=\"button\" class=\"epyt-pagebutton epyt-prev  hide \" data-playlistid=\"PLwumB06YokBJSs1xjeL6RtsjQPGZMHxsh\" data-pagesize=\"12\" data-pagetoken=\"\" data-epcolumns=\"3\" data-showtitle=\"1\" data-showpaging=\"1\" data-autonext=\"0\" data-thumbplay=\"1\"><div class=\"epyt-arrow\">&laquo;<\/div> <div>Prev<\/div><\/div><div class=\"epyt-pagenumbers hide\"><div class=\"epyt-current\">1<\/div><div class=\"epyt-pageseparator\"> \/ <\/div><div class=\"epyt-totalpages\">1<\/div><\/div><div tabindex=\"0\" role=\"button\" class=\"epyt-pagebutton epyt-next hide \" data-playlistid=\"PLwumB06YokBJSs1xjeL6RtsjQPGZMHxsh\" data-pagesize=\"12\" data-pagetoken=\"\" data-epcolumns=\"3\" data-showtitle=\"1\" data-showpaging=\"1\" data-autonext=\"0\" data-thumbplay=\"1\"><div>Next<\/div> <div class=\"epyt-arrow\">&raquo;<\/div><\/div><div class=\"epyt-loader\"><img alt=\"loading\" width=\"16\" height=\"11\" src=\"http:\/\/coraldecamaradenavarra.com\/wp-content\/plugins\/youtube-embed-plus\/images\/gallery-page-loader.gif\"><\/div><\/div><\/div><\/div>\n","protected":false},"excerpt":{"rendered":"&laquo; Prev1 \/ 1Next &raquo;PROMO ENCANTANDO MECNAJazzy Leap - First Leap - PromoSOLEMNES V\u00cdSPERAS DE SAN FERM\u00cdN DE MICHAEL NAVARRUSJazzy Leap - The best of Duke EllingtonCatulli Carmina - V\u00eddeo PromocionalTa\u00f1er, cantar, danzarNAK FESTIVAL 2016 Coral de C\u00e1mara de Navarra2018 04 15 Coral de C\u00e1mara de Navarra Nafarroako Ganbera Abesbatza X Aniversario Kantuz&laquo; Prev1 \/ 1Next &raquo;","protected":false},"author":1,"featured_media":0,"parent":0,"menu_order":0,"comment_status":"closed","ping_status":"closed","template":"","meta":[],"_links":{"self":[{"href":"http:\/\/coraldecamaradenavarra.com\/index.php?rest_route=\/wp\/v2\/pages\/2315"}],"collection":[{"href":"http:\/\/coraldecamaradenavarra.com\/index.php?rest_route=\/wp\/v2\/pages"}],"about":[{"href":"http:\/\/coraldecamaradenavarra.com\/index.php?rest_route=\/wp\/v2\/types\/page"}],"author":[{"embeddable":true,"href":"http:\/\/coraldecamaradenavarra.com\/index.php?rest_route=\/wp\/v2\/users\/1"}],"replies":[{"embeddable":true,"href":"http:\/\/coraldecamaradenavarra.com\/index.php?rest_route=%2Fwp%2Fv2%2Fcomments&post=2315"}],"version-history":[{"count":3,"href":"http:\/\/coraldecamaradenavarra.com\/index.php?rest_route=\/wp\/v2\/pages\/2315\/revisions"}],"predecessor-version":[{"id":2322,"href":"http:\/\/coraldecamaradenavarra.com\/index.php?rest_route=\/wp\/v2\/pages\/2315\/revisions\/2322"}],"wp:attachment":[{"href":"http:\/\/coraldecamaradenavarra.com\/index.php?rest_route=%2Fwp%2Fv2%2Fmedia&parent=2315"}],"curies":[{"name":"wp","href":"https:\/\/api.w.org\/{rel}","templated":true}]}}

<div class="epyt-gallery" data-currpage="1" id="epyt_gallery_57784"><iframe  id="_ytid_97738" width="970" height="546"  data-origwidth="970" data-origheight="546"  src="https://www.youtube.com/embed/-VR2qvLRUmU?enablejsapi=1&autoplay=0&cc_load_policy=0&iv_load_policy=1&loop=0&modestbranding=1&rel=1&fs=1&playsinline=0&autohide=2&theme=dark&color=red&controls=1&" class="__youtube_prefs__" title="YouTube player"  data-epytgalleryid="epyt_gallery_57784"  allow="autoplay; encrypted-media" allowfullscreen data-no-lazy="1" data-skipgform_ajax_framebjll=""></iframe><div class="epyt-gallery-list"><div class="epyt-pagination "><div tabindex="0" role="button" class="epyt-pagebutton epyt-prev  hide " data-playlistid="PLwumB06YokBJSs1xjeL6RtsjQPGZMHxsh" data-pagesize="12" data-pagetoken="" data-epcolumns="3" data-showtitle="1" data-showpaging="1" data-autonext="0" data-thumbplay="1"><div class="epyt-arrow">&laquo;</div> <div>Prev</div></div><div class="epyt-pagenumbers hide"><div class="epyt-current">1</div><div class="epyt-pageseparator"> / </div><div class="epyt-totalpages">1</div></div><div tabindex="0" role="button" class="epyt-pagebutton epyt-next hide " data-playlistid="PLwumB06YokBJSs1xjeL6RtsjQPGZMHxsh" data-pagesize="12" data-pagetoken="" data-epcolumns="3" data-showtitle="1" data-showpaging="1" data-autonext="0" data-thumbplay="1"><div>Next</div> <div class="epyt-arrow">&raquo;</div></div><div class="epyt-loader"><img alt="loading" width="16" height="11" src="http://coraldecamaradenavarra.com/wp-content/plugins/youtube-embed-plus/images/gallery-page-loader.gif"></div></div><div class="epyt-gallery-allthumbs  epyt-cols-3 "><div tabindex="0" role="button" data-videoid="-VR2qvLRUmU" class="epyt-gallery-thumb"><div class="epyt-gallery-img-box"><div class="epyt-gallery-img" style="background-image: url(https://i.ytimg.com/vi/-VR2qvLRUmU/hqdefault.jpg)"><div class="epyt-gallery-playhover"><img alt="play" class="epyt-play-img" width="30" height="23" src="http://coraldecamaradenavarra.com/wp-content/plugins/youtube-embed-plus/images/playhover.png" data-no-lazy="1" data-skipgform_ajax_framebjll="" /><div class="epyt-gallery-playcrutch"></div></div></div></div><div class="epyt-gallery-title">PROMO ENCANTANDO MECNA</div></div><div tabindex="0" role="button" data-videoid="hGtIrp3BDNc" class="epyt-gallery-thumb"><div class="epyt-gallery-img-box"><div class="epyt-gallery-img" style="background-image: url(https://i.ytimg.com/vi/hGtIrp3BDNc/hqdefault.jpg)"><div class="epyt-gallery-playhover"><img alt="play" class="epyt-play-img" width="30" height="23" src="http://coraldecamaradenavarra.com/wp-content/plugins/youtube-embed-plus/images/playhover.png" data-no-lazy="1" data-skipgform_ajax_framebjll="" /><div class="epyt-gallery-playcrutch"></div></div></div></div><div class="epyt-gallery-title">Jazzy Leap -  First Leap - Promo</div></div><div tabindex="0" role="button" data-videoid="wwFbtC6dqJo" class="epyt-gallery-thumb"><div class="epyt-gallery-img-box"><div class="epyt-gallery-img" style="background-image: url(https://i.ytimg.com/vi/wwFbtC6dqJo/hqdefault.jpg)"><div class="epyt-gallery-playhover"><img alt="play" class="epyt-play-img" width="30" height="23" src="http://coraldecamaradenavarra.com/wp-content/plugins/youtube-embed-plus/images/playhover.png" data-no-lazy="1" data-skipgform_ajax_framebjll="" /><div class="epyt-gallery-playcrutch"></div></div></div></div><div class="epyt-gallery-title">SOLEMNES VÍSPERAS DE SAN FERMÍN DE MICHAEL NAVARRUS</div></div><div class="epyt-gallery-rowbreak"></div><div tabindex="0" role="button" data-videoid="aLcDbkgNDZI" class="epyt-gallery-thumb"><div class="epyt-gallery-img-box"><div class="epyt-gallery-img" style="background-image: url(https://i.ytimg.com/vi/aLcDbkgNDZI/hqdefault.jpg)"><div class="epyt-gallery-playhover"><img alt="play" class="epyt-play-img" width="30" height="23" src="http://coraldecamaradenavarra.com/wp-content/plugins/youtube-embed-plus/images/playhover.png" data-no-lazy="1" data-skipgform_ajax_framebjll="" /><div class="epyt-gallery-playcrutch"></div></div></div></div><div class="epyt-gallery-title">Jazzy Leap - The best of Duke Ellington</div></div><div tabindex="0" role="button" data-videoid="t5imXCyEoY8" class="epyt-gallery-thumb"><div class="epyt-gallery-img-box"><div class="epyt-gallery-img" style="background-image: url(https://i.ytimg.com/vi/t5imXCyEoY8/hqdefault.jpg)"><div class="epyt-gallery-playhover"><img alt="play" class="epyt-play-img" width="30" height="23" src="http://coraldecamaradenavarra.com/wp-content/plugins/youtube-embed-plus/images/playhover.png" data-no-lazy="1" data-skipgform_ajax_framebjll="" /><div class="epyt-gallery-playcrutch"></div></div></div></div><div class="epyt-gallery-title">Catulli Carmina - Vídeo Promocional</div></div><div tabindex="0" role="button" data-videoid="fDliEbwwN-0" class="epyt-gallery-thumb"><div class="epyt-gallery-img-box"><div class="epyt-gallery-img" style="background-image: url(https://i.ytimg.com/vi/fDliEbwwN-0/hqdefault.jpg)"><div class="epyt-gallery-playhover"><img alt="play" class="epyt-play-img" width="30" height="23" src="http://coraldecamaradenavarra.com/wp-content/plugins/youtube-embed-plus/images/playhover.png" data-no-lazy="1" data-skipgform_ajax_framebjll="" /><div class="epyt-gallery-playcrutch"></div></div></div></div><div class="epyt-gallery-title">Tañer, cantar, danzar</div></div><div class="epyt-gallery-rowbreak"></div><div tabindex="0" role="button" data-videoid="wwiiLnppaks" class="epyt-gallery-thumb"><div class="epyt-gallery-img-box"><div class="epyt-gallery-img" style="background-image: url(https://i.ytimg.com/vi/wwiiLnppaks/hqdefault.jpg)"><div class="epyt-gallery-playhover"><img alt="play" class="epyt-play-img" width="30" height="23" src="http://coraldecamaradenavarra.com/wp-content/plugins/youtube-embed-plus/images/playhover.png" data-no-lazy="1" data-skipgform_ajax_framebjll="" /><div class="epyt-gallery-playcrutch"></div></div></div></div><div class="epyt-gallery-title">NAK FESTIVAL 2016 Coral de Cámara de Navarra</div></div><div tabindex="0" role="button" data-videoid="zr6fGCB6C5I" class="epyt-gallery-thumb"><div class="epyt-gallery-img-box"><div class="epyt-gallery-img" style="background-image: url(https://i.ytimg.com/vi/zr6fGCB6C5I/hqdefault.jpg)"><div class="epyt-gallery-playhover"><img alt="play" class="epyt-play-img" width="30" height="23" src="http://coraldecamaradenavarra.com/wp-content/plugins/youtube-embed-plus/images/playhover.png" data-no-lazy="1" data-skipgform_ajax_framebjll="" /><div class="epyt-gallery-playcrutch"></div></div></div></div><div class="epyt-gallery-title">2018 04 15    Coral de Cámara de Navarra    Nafarroako Ganbera Abesbatza    X Aniversario   Kantuz</div></div><div class="epyt-gallery-clear"></div></div><div class="epyt-pagination "><div tabindex="0" role="button" class="epyt-pagebutton epyt-prev  hide " data-playlistid="PLwumB06YokBJSs1xjeL6RtsjQPGZMHxsh" data-pagesize="12" data-pagetoken="" data-epcolumns="3" data-showtitle="1" data-showpaging="1" data-autonext="0" data-thumbplay="1"><div class="epyt-arrow">&laquo;</div> <div>Prev</div></div><div class="epyt-pagenumbers hide"><div class="epyt-current">1</div><div class="epyt-pageseparator"> / </div><div class="epyt-totalpages">1</div></div><div tabindex="0" role="button" class="epyt-pagebutton epyt-next hide " data-playlistid="PLwumB06YokBJSs1xjeL6RtsjQPGZMHxsh" data-pagesize="12" data-pagetoken="" data-epcolumns="3" data-showtitle="1" data-showpaging="1" data-autonext="0" data-thumbplay="1"><div>Next</div> <div class="epyt-arrow">&raquo;</div></div><div class="epyt-loader"><img alt="loading" width="16" height="11" src="http://coraldecamaradenavarra.com/wp-content/plugins/youtube-embed-plus/images/gallery-page-loader.gif"></div></div></div></div>

&laquo; Prev1 / 1Next &raquo;PROMO ENCANTANDO MECNAJazzy Leap - First Leap - PromoSOLEMNES VÍSPERAS DE SAN FERMÍN DE MICHAEL NAVARRUSJazzy Leap - The best of Duke EllingtonCatulli Carmina - Vídeo PromocionalTañer, cantar, danzarNAK FESTIVAL 2016 Coral de Cámara de Navarra2018 04 15 Coral de Cámara de Navarra Nafarroako Ganbera Abesbatza X Aniversario Kantuz&laquo; Prev1 / 1Next &raquo;
