{"id":1776,"date":"2016-03-21T09:26:17","date_gmt":"2016-03-21T09:26:17","guid":{"rendered":"http:\/\/www.sogimifi.dns-privadas.es\/?page_id=1776"},"modified":"2018-11-13T22:06:42","modified_gmt":"2018-11-13T22:06:42","slug":"proyectos-realizados","status":"publish","type":"page","link":"http:\/\/coraldecamaradenavarra.com\/?page_id=1776&lang=es","title":{"rendered":"Sala de prensa"},"content":{"rendered":"<div class=\"vc_row wpb_row vc_row-fluid\"><div class=\"nocontainer\"><div class=\"wpb_column vc_column_container vc_col-sm-12\"><div class=\"wpb_wrapper\">\n\t<div class=\"wpb_text_column wpb_content_element \">\n\t\t<div class=\"wpb_wrapper\">\n\t\t\t<h1 style=\"text-align: center;\">Bienvenidos al espacio de prensa y recursos de comunicaci\u00f3n<br \/>\nde la web de la Coral de C\u00e1mara de Navarra.<\/h1>\n<p>&nbsp;<\/p>\n<p style=\"text-align: center;\">Aqu\u00ed encontrar\u00e1s toda la info de la Temporada Encantando Denboraldia, as\u00ed como del resto de actividad de nuestra entidad. Comunicados y dosieres de prensa, elementos de comunicaci\u00f3n de la Temporada, fotos y bios de artistas y recursos audiovisuales para vuestras noticias y reportajes.<\/p>\n\n\t\t<\/div> \n\t<\/div> <div class=\"vc_separator wpb_content_element vc_separator_align_center vc_sep_width_100 vc_sep_pos_align_center vc_separator_no_text\"><span\n\t\tclass=\"vc_sep_holder vc_sep_holder_l\"><span style=\"border-color:#dd3333;\"\t\t\tclass=\"vc_sep_line\"><\/span><\/span><span\n\t\tclass=\"vc_sep_holder vc_sep_holder_r\"><span style=\"border-color:#dd3333;\" class=\"vc_sep_line\"><\/span><\/span>\n\t<\/div>\n<\/div><\/div><\/div><\/div><div class=\"vc_row wpb_row vc_row-fluid vc_custom_1541490318582\"><div class=\"nocontainer\"><div class=\"wpb_column vc_column_container vc_col-sm-4\"><div class=\"wpb_wrapper\">\n\t<div class=\"wpb_single_image wpb_content_element vc_align_center\">\n\t\t<div class=\"wpb_wrapper\">\n\t\t\t\n\t\t\t<div class=\"vc_single_image-wrapper   vc_box_border_grey\"><img class=\"vc_single_image-img \" src=\"http:\/\/coraldecamaradenavarra.com\/wp-content\/uploads\/2016\/03\/notas-150x1501-80x80.png\" width=\"80\" height=\"80\" alt=\"notas-150x150\" title=\"notas-150x150\"\" \/><\/div>\n\t\t<\/div> \n\t<\/div> \n\t<div class=\"wpb_text_column wpb_content_element \">\n\t\t<div class=\"wpb_wrapper\">\n\t\t\t<h2 style=\"text-align: center;\">NOTAS DE PRENSA<\/h2>\n<p style=\"text-align: center;\">Aqu\u00ed podr\u00e1s encontrar los dosier y notas de prensa que vayamos colgando para su descarga.<\/p>\n\n\t\t<\/div> \n\t<\/div> \t<div class=\"vc_btn3-container vc_btn3-center\"><a class=\"vc_general vc_btn3 vc_btn3-size-md vc_btn3-shape-rounded vc_btn3-style-flat vc_btn3-color-danger\" href=\"https:\/\/drive.google.com\/open?id=1egvTUU67rh1UR67-EsfxeoBi0gg-zD8v\" title=\"\" target=\"_self\">Enlace de descarga<\/a><\/div><\/div><\/div><div class=\"wpb_column vc_column_container vc_col-sm-4\"><div class=\"wpb_wrapper\">\n\t<div class=\"wpb_single_image wpb_content_element vc_align_center\">\n\t\t<div class=\"wpb_wrapper\">\n\t\t\t\n\t\t\t<div class=\"vc_single_image-wrapper   vc_box_border_grey\"><img class=\"vc_single_image-img \" src=\"http:\/\/coraldecamaradenavarra.com\/wp-content\/uploads\/2016\/03\/retrotv-150x1501-80x80.png\" width=\"80\" height=\"80\" alt=\"retrotv-150x150\" title=\"retrotv-150x150\"\" \/><\/div>\n\t\t<\/div> \n\t<\/div> \n\t<div class=\"wpb_text_column wpb_content_element \">\n\t\t<div class=\"wpb_wrapper\">\n\t\t\t<h2 style=\"text-align: center;\">AUDIOVISUALES<\/h2>\n<p style=\"text-align: center;\">En el siguiente enlace puedes descargarte recursos audiovisuales de las diversas formaciones de nuestra entidad.<\/p>\n\n\t\t<\/div> \n\t<\/div> \t<div class=\"vc_btn3-container vc_btn3-center\"><a class=\"vc_general vc_btn3 vc_btn3-size-md vc_btn3-shape-rounded vc_btn3-style-flat vc_btn3-color-danger\" href=\"https:\/\/drive.google.com\/open?id=1RLRemsfMFVPrvr6amdtcpX9eItaKmi1Z\" title=\"\" target=\"_self\">Enlace de descarga<\/a><\/div><\/div><\/div><div class=\"wpb_column vc_column_container vc_col-sm-4\"><div class=\"wpb_wrapper\">\n\t<div class=\"wpb_single_image wpb_content_element vc_align_center\">\n\t\t<div class=\"wpb_wrapper\">\n\t\t\t\n\t\t\t<div class=\"vc_single_image-wrapper   vc_box_border_grey\"><img class=\"vc_single_image-img \" src=\"http:\/\/coraldecamaradenavarra.com\/wp-content\/uploads\/2016\/03\/reflex-150x150-copia-80x80.png\" width=\"80\" height=\"80\" alt=\"reflex-150x150 copia\" title=\"reflex-150x150 copia\"\" \/><\/div>\n\t\t<\/div> \n\t<\/div> \n\t<div class=\"wpb_text_column wpb_content_element \">\n\t\t<div class=\"wpb_wrapper\">\n\t\t\t<h2 style=\"text-align: center;\">FOTOGRAF\u00cdA<\/h2>\n<p style=\"text-align: center;\">Im\u00e1genes promocionales de nuestras diferentes formaciones:<\/p>\n\n\t\t<\/div> \n\t<\/div> \t<div class=\"vc_btn3-container vc_btn3-center\"><a class=\"vc_general vc_btn3 vc_btn3-size-md vc_btn3-shape-rounded vc_btn3-style-flat vc_btn3-color-danger\" href=\"https:\/\/drive.google.com\/open?id=1MzKeZF9O3nUcUnPmaCXlYooc7TV9XrPm\" title=\"\" target=\"_self\">Enlace de descarga<\/a><\/div><\/div><\/div><\/div><\/div><div class=\"vc_row wpb_row vc_row-fluid\"><div class=\"nocontainer\"><div class=\"wpb_column vc_column_container vc_col-sm-12 vc_custom_1541477947107\"><div class=\"wpb_wrapper\"><div class=\"vc_separator wpb_content_element vc_separator_align_center vc_sep_width_100 vc_sep_pos_align_center vc_separator_no_text vc_sep_color_grey\"><span\n\t\tclass=\"vc_sep_holder vc_sep_holder_l\"><span\t\t\tclass=\"vc_sep_line\"><\/span><\/span><span\n\t\tclass=\"vc_sep_holder vc_sep_holder_r\"><span class=\"vc_sep_line\"><\/span><\/span>\n\t<\/div>\n<\/div><\/div><\/div><\/div>\n","protected":false},"excerpt":{"rendered":"Bienvenidos al espacio de prensa y recursos de comunicaci\u00f3n de la web de la Coral de C\u00e1mara de Navarra. &nbsp; Aqu\u00ed encontrar\u00e1s toda la info de la Temporada Encantando Denboraldia, as\u00ed como del resto de actividad de nuestra entidad. Comunicados y dosieres de prensa, elementos de comunicaci\u00f3n de la Temporada, fotos y bios de artistas y recursos audiovisuales para vuestras","protected":false},"author":1,"featured_media":0,"parent":990,"menu_order":0,"comment_status":"closed","ping_status":"closed","template":"","meta":[],"_links":{"self":[{"href":"http:\/\/coraldecamaradenavarra.com\/index.php?rest_route=\/wp\/v2\/pages\/1776"}],"collection":[{"href":"http:\/\/coraldecamaradenavarra.com\/index.php?rest_route=\/wp\/v2\/pages"}],"about":[{"href":"http:\/\/coraldecamaradenavarra.com\/index.php?rest_route=\/wp\/v2\/types\/page"}],"author":[{"embeddable":true,"href":"http:\/\/coraldecamaradenavarra.com\/index.php?rest_route=\/wp\/v2\/users\/1"}],"replies":[{"embeddable":true,"href":"http:\/\/coraldecamaradenavarra.com\/index.php?rest_route=%2Fwp%2Fv2%2Fcomments&post=1776"}],"version-history":[{"count":26,"href":"http:\/\/coraldecamaradenavarra.com\/index.php?rest_route=\/wp\/v2\/pages\/1776\/revisions"}],"predecessor-version":[{"id":2500,"href":"http:\/\/coraldecamaradenavarra.com\/index.php?rest_route=\/wp\/v2\/pages\/1776\/revisions\/2500"}],"up":[{"embeddable":true,"href":"http:\/\/coraldecamaradenavarra.com\/index.php?rest_route=\/wp\/v2\/pages\/990"}],"wp:attachment":[{"href":"http:\/\/coraldecamaradenavarra.com\/index.php?rest_route=%2Fwp%2Fv2%2Fmedia&parent=1776"}],"curies":[{"name":"wp","href":"https:\/\/api.w.org\/{rel}","templated":true}]}}

<div class="vc_row wpb_row vc_row-fluid"><div class="nocontainer"><div class="wpb_column vc_column_container vc_col-sm-12"><div class="wpb_wrapper">
	<div class="wpb_text_column wpb_content_element ">
		<div class="wpb_wrapper">
			<h1 style="text-align: center;">Bienvenidos al espacio de prensa y recursos de comunicación<br />
de la web de la Coral de Cámara de Navarra.</h1>
<p>&nbsp;</p>
<p style="text-align: center;">Aquí encontrarás toda la info de la Temporada Encantando Denboraldia, así como del resto de actividad de nuestra entidad. Comunicados y dosieres de prensa, elementos de comunicación de la Temporada, fotos y bios de artistas y recursos audiovisuales para vuestras noticias y reportajes.</p>

		</div> 
	</div> <div class="vc_separator wpb_content_element vc_separator_align_center vc_sep_width_100 vc_sep_pos_align_center vc_separator_no_text"><span
		class="vc_sep_holder vc_sep_holder_l"><span style="border-color:#dd3333;"			class="vc_sep_line"></span></span><span
		class="vc_sep_holder vc_sep_holder_r"><span style="border-color:#dd3333;" class="vc_sep_line"></span></span>
	</div>
</div></div></div></div><div class="vc_row wpb_row vc_row-fluid vc_custom_1541490318582"><div class="nocontainer"><div class="wpb_column vc_column_container vc_col-sm-4"><div class="wpb_wrapper">
	<div class="wpb_single_image wpb_content_element vc_align_center">
		<div class="wpb_wrapper">
			
			<div class="vc_single_image-wrapper   vc_box_border_grey"><img class="vc_single_image-img " src="http://coraldecamaradenavarra.com/wp-content/uploads/2016/03/notas-150x1501-80x80.png" width="80" height="80" alt="notas-150x150" title="notas-150x150"" /></div>
		</div> 
	</div> 
	<div class="wpb_text_column wpb_content_element ">
		<div class="wpb_wrapper">
			<h2 style="text-align: center;">NOTAS DE PRENSA</h2>
<p style="text-align: center;">Aquí podrás encontrar los dosier y notas de prensa que vayamos colgando para su descarga.</p>

		</div> 
	</div> 	<div class="vc_btn3-container vc_btn3-center"><a class="vc_general vc_btn3 vc_btn3-size-md vc_btn3-shape-rounded vc_btn3-style-flat vc_btn3-color-danger" href="https://drive.google.com/open?id=1egvTUU67rh1UR67-EsfxeoBi0gg-zD8v" title="" target="_self">Enlace de descarga</a></div></div></div><div class="wpb_column vc_column_container vc_col-sm-4"><div class="wpb_wrapper">
	<div class="wpb_single_image wpb_content_element vc_align_center">
		<div class="wpb_wrapper">
			
			<div class="vc_single_image-wrapper   vc_box_border_grey"><img class="vc_single_image-img " src="http://coraldecamaradenavarra.com/wp-content/uploads/2016/03/retrotv-150x1501-80x80.png" width="80" height="80" alt="retrotv-150x150" title="retrotv-150x150"" /></div>
		</div> 
	</div> 
	<div class="wpb_text_column wpb_content_element ">
		<div class="wpb_wrapper">
			<h2 style="text-align: center;">AUDIOVISUALES</h2>
<p style="text-align: center;">En el siguiente enlace puedes descargarte recursos audiovisuales de las diversas formaciones de nuestra entidad.</p>

		</div> 
	</div> 	<div class="vc_btn3-container vc_btn3-center"><a class="vc_general vc_btn3 vc_btn3-size-md vc_btn3-shape-rounded vc_btn3-style-flat vc_btn3-color-danger" href="https://drive.google.com/open?id=1RLRemsfMFVPrvr6amdtcpX9eItaKmi1Z" title="" target="_self">Enlace de descarga</a></div></div></div><div class="wpb_column vc_column_container vc_col-sm-4"><div class="wpb_wrapper">
	<div class="wpb_single_image wpb_content_element vc_align_center">
		<div class="wpb_wrapper">
			
			<div class="vc_single_image-wrapper   vc_box_border_grey"><img class="vc_single_image-img " src="http://coraldecamaradenavarra.com/wp-content/uploads/2016/03/reflex-150x150-copia-80x80.png" width="80" height="80" alt="reflex-150x150 copia" title="reflex-150x150 copia"" /></div>
		</div> 
	</div> 
	<div class="wpb_text_column wpb_content_element ">
		<div class="wpb_wrapper">
			<h2 style="text-align: center;">FOTOGRAFÍA</h2>
<p style="text-align: center;">Imágenes promocionales de nuestras diferentes formaciones:</p>

		</div> 
	</div> 	<div class="vc_btn3-container vc_btn3-center"><a class="vc_general vc_btn3 vc_btn3-size-md vc_btn3-shape-rounded vc_btn3-style-flat vc_btn3-color-danger" href="https://drive.google.com/open?id=1MzKeZF9O3nUcUnPmaCXlYooc7TV9XrPm" title="" target="_self">Enlace de descarga</a></div></div></div></div></div><div class="vc_row wpb_row vc_row-fluid"><div class="nocontainer"><div class="wpb_column vc_column_container vc_col-sm-12 vc_custom_1541477947107"><div class="wpb_wrapper"><div class="vc_separator wpb_content_element vc_separator_align_center vc_sep_width_100 vc_sep_pos_align_center vc_separator_no_text vc_sep_color_grey"><span
		class="vc_sep_holder vc_sep_holder_l"><span			class="vc_sep_line"></span></span><span
		class="vc_sep_holder vc_sep_holder_r"><span class="vc_sep_line"></span></span>
	</div>
</div></div></div></div>

Bienvenidos al espacio de prensa y recursos de comunicación de la web de la Coral de Cámara de Navarra. &nbsp; Aquí encontrarás toda la info de la Temporada Encantando Denboraldia, así como del resto de actividad de nuestra entidad. Comunicados y dosieres de prensa, elementos de comunicación de la Temporada, fotos y bios de artistas y recursos audiovisuales para vuestras
