{"id":1765,"date":"2016-03-21T08:48:33","date_gmt":"2016-03-21T08:48:33","guid":{"rendered":"http:\/\/www.sogimifi.dns-privadas.es\/?page_id=1765"},"modified":"2016-03-21T09:20:34","modified_gmt":"2016-03-21T09:20:34","slug":"distincion-propheta-in-patria","status":"publish","type":"page","link":"http:\/\/coraldecamaradenavarra.com\/?page_id=1765&lang=es","title":{"rendered":"Distinci\u00f3n \u00abPropheta in Patria\u00bb"},"content":{"rendered":"<div class=\"vc_row wpb_row vc_row-fluid\"><div class=\"nocontainer\"><div class=\"wpb_column vc_column_container vc_col-sm-4\"><div class=\"wpb_wrapper\">\n\t<div class=\"wpb_text_column wpb_content_element \">\n\t\t<div class=\"wpb_wrapper\">\n\t\t\t<h1><span style=\"color: #ff0000;\">El objetivo es destacar a personas\u00a0o\u00a0instituciones de Navarra, que habiendo destacado en cualquier aspecto art\u00edstico y cultural hayan obtenido un reconocimiento externo y en cierta medida tambi\u00e9n en el \u00e1mbito cultural navarro<\/span><\/h1>\n\n\t\t<\/div> \n\t<\/div> <\/div><\/div><div class=\"wpb_column vc_column_container vc_col-sm-8\"><div class=\"wpb_wrapper\">\n\t<div class=\"wpb_text_column wpb_content_element \">\n\t\t<div class=\"wpb_wrapper\">\n\t\t\t<p>El origen del nombre de esta distinci\u00f3n est\u00e1 en la expresi\u00f3n evang\u00e9lica: <strong>\u201cNEMO PROPHETA IN PATRIA (EST)\u201d <\/strong>(Nadie es profeta en su patria). El objetivo es destacar a personas, instituciones, NAVARRAS, etc&#8230; que habiendo destacado en cualquier aspecto art\u00edstico y cultural hayan obtenido un reconocimiento externo y en cierta medida tambi\u00e9n en el \u00e1mbito cultural navarro; podr\u00e1 concederse tambi\u00e9n a cualquier entidad o persona que destacando aqu\u00ed o fuera sea considerada como relevante o prometedora (aunque sea incipiente) en cuanto a su labor art\u00edstica. Busca esta distinci\u00f3n la transversalidad y la creaci\u00f3n de sinergias con otros \u00e1mbitos culturales, aunque pueda tambi\u00e9n concederse a m\u00fasicos.<\/p>\n<p>La propuesta podr\u00e1 surgir de cualquier socio de CCN\/NGA teniendo que ser aprobada por mayor\u00eda simple de la Junta Directiva y preferiblemente por el Director Art\u00edstico, el Gerente y el director de Jazzy Leap (si la Junta lo cree pertinente), consider\u00e1ndose sin embargo estos como votos simples, que deben tenerse en cuenta para considerar una posible mayor\u00eda simple junto a los de la Junta Directiva.<br \/>\nEs decir Votos Junta Directiva + voto Director Musical + voto Director Jazzy Leap (si la Junta lo cree pertinente) + voto Gerente = mitad m\u00e1s uno positivo para aprobarse.<br \/>\nEl \u00fanico derecho a voto que anular\u00eda, si fuese negativo,\u00a0 cualquier distinci\u00f3n \u201cPropheta in Patria\u201d ser\u00eda el del Presidente de la Entidad.<\/p>\n<p>&nbsp;<\/p>\n<p><strong>PROPHETA IN PATRIA<\/strong><\/p>\n\n\t\t<\/div> \n\t<\/div> <div class=\"vc_separator wpb_content_element vc_separator_align_center vc_sep_width_100 vc_sep_pos_align_center vc_separator_no_text vc_sep_color_grey\"><span\n\t\tclass=\"vc_sep_holder vc_sep_holder_l\"><span\t\t\tclass=\"vc_sep_line\"><\/span><\/span><span\n\t\tclass=\"vc_sep_holder vc_sep_holder_r\"><span class=\"vc_sep_line\"><\/span><\/span>\n\t<\/div>\n<div class=\"vc_row wpb_row vc_inner vc_row-fluid\"><div class=\"wpb_column vc_column_container vc_col-sm-6\"><div class=\"wpb_wrapper\">\n\t<div class=\"wpb_single_image wpb_content_element vc_align_left\">\n\t\t<div class=\"wpb_wrapper\">\n\t\t\t\n\t\t\t<div class=\"vc_single_image-wrapper   vc_box_border_grey\"><img width=\"250\" height=\"286\" src=\"http:\/\/coraldecamaradenavarra.com\/wp-content\/uploads\/2008\/08\/inigocasali.jpg\" class=\"vc_single_image-img attachment-medium\" alt=\"david guindano\" decoding=\"async\" loading=\"lazy\" \/><\/div>\n\t\t<\/div> \n\t<\/div> <\/div><\/div><div class=\"wpb_column vc_column_container vc_col-sm-6\"><div class=\"wpb_wrapper\">\n\t<div class=\"wpb_text_column wpb_content_element \">\n\t\t<div class=\"wpb_wrapper\">\n\t\t\t<p><strong>\u00cd\u00f1igo Casal\u00ed<br \/>\n<\/strong>Talento emergente, miembro de la CCN\/NGA, apoyo, ya conocido a nivel local.<\/p>\n\n\t\t<\/div> \n\t<\/div> <\/div><\/div><\/div><div class=\"vc_separator wpb_content_element vc_separator_align_center vc_sep_width_100 vc_sep_pos_align_center vc_separator_no_text vc_sep_color_grey\"><span\n\t\tclass=\"vc_sep_holder vc_sep_holder_l\"><span\t\t\tclass=\"vc_sep_line\"><\/span><\/span><span\n\t\tclass=\"vc_sep_holder vc_sep_holder_r\"><span class=\"vc_sep_line\"><\/span><\/span>\n\t<\/div>\n<div class=\"vc_row wpb_row vc_inner vc_row-fluid\"><div class=\"wpb_column vc_column_container vc_col-sm-6\"><div class=\"wpb_wrapper\">\n\t<div class=\"wpb_single_image wpb_content_element vc_align_left\">\n\t\t<div class=\"wpb_wrapper\">\n\t\t\t\n\t\t\t<div class=\"vc_single_image-wrapper   vc_box_border_grey\"><img width=\"300\" height=\"200\" src=\"http:\/\/coraldecamaradenavarra.com\/wp-content\/uploads\/2013\/09\/helena-300x200.jpg\" class=\"vc_single_image-img attachment-medium\" alt=\"\" decoding=\"async\" loading=\"lazy\" srcset=\"http:\/\/coraldecamaradenavarra.com\/wp-content\/uploads\/2013\/09\/helena-300x200.jpg 300w, http:\/\/coraldecamaradenavarra.com\/wp-content\/uploads\/2013\/09\/helena.jpg 640w\" sizes=\"(max-width: 300px) 100vw, 300px\" \/><\/div>\n\t\t<\/div> \n\t<\/div> <\/div><\/div><div class=\"wpb_column vc_column_container vc_col-sm-6\"><div class=\"wpb_wrapper\">\n\t<div class=\"wpb_text_column wpb_content_element \">\n\t\t<div class=\"wpb_wrapper\">\n\t\t\t<p><strong>Helena Taberna<\/strong><br \/>\nInvestigaci\u00f3n sobre personajes musicales, en plena carrera, reconocida.<\/p>\n\n\t\t<\/div> \n\t<\/div> <\/div><\/div><\/div><div class=\"vc_separator wpb_content_element vc_separator_align_center vc_sep_width_100 vc_sep_pos_align_center vc_separator_no_text vc_sep_color_grey\"><span\n\t\tclass=\"vc_sep_holder vc_sep_holder_l\"><span\t\t\tclass=\"vc_sep_line\"><\/span><\/span><span\n\t\tclass=\"vc_sep_holder vc_sep_holder_r\"><span class=\"vc_sep_line\"><\/span><\/span>\n\t<\/div>\n<div class=\"vc_row wpb_row vc_inner vc_row-fluid\"><div class=\"wpb_column vc_column_container vc_col-sm-6\"><div class=\"wpb_wrapper\">\n\t<div class=\"wpb_single_image wpb_content_element vc_align_left\">\n\t\t<div class=\"wpb_wrapper\">\n\t\t\t\n\t\t\t<div class=\"vc_single_image-wrapper   vc_box_border_grey\"><img width=\"300\" height=\"200\" src=\"http:\/\/coraldecamaradenavarra.com\/wp-content\/uploads\/2014\/12\/iturralde-300x200.jpg\" class=\"vc_single_image-img attachment-medium\" alt=\"\" decoding=\"async\" loading=\"lazy\" srcset=\"http:\/\/coraldecamaradenavarra.com\/wp-content\/uploads\/2014\/12\/iturralde-300x200.jpg 300w, http:\/\/coraldecamaradenavarra.com\/wp-content\/uploads\/2014\/12\/iturralde.jpg 927w\" sizes=\"(max-width: 300px) 100vw, 300px\" \/><\/div>\n\t\t<\/div> \n\t<\/div> <\/div><\/div><div class=\"wpb_column vc_column_container vc_col-sm-6\"><div class=\"wpb_wrapper\">\n\t<div class=\"wpb_text_column wpb_content_element \">\n\t\t<div class=\"wpb_wrapper\">\n\t\t\t<p><strong>Pedro Iturralde<br \/>\n<\/strong>M\u00e1s reconocimiento fuera, toda una carrera.<\/p>\n\n\t\t<\/div> \n\t<\/div> <\/div><\/div><\/div><\/div><\/div><\/div><\/div>\n","protected":false},"excerpt":{"rendered":"El objetivo es destacar a personas\u00a0o\u00a0instituciones de Navarra, que habiendo destacado en cualquier aspecto art\u00edstico y cultural hayan obtenido un reconocimiento externo y en cierta medida tambi\u00e9n en el \u00e1mbito cultural navarro El origen del nombre de esta distinci\u00f3n est\u00e1 en la expresi\u00f3n evang\u00e9lica: \u201cNEMO PROPHETA IN PATRIA (EST)\u201d (Nadie es profeta en su patria). El objetivo es destacar a","protected":false},"author":1,"featured_media":0,"parent":990,"menu_order":0,"comment_status":"closed","ping_status":"closed","template":"","meta":[],"_links":{"self":[{"href":"http:\/\/coraldecamaradenavarra.com\/index.php?rest_route=\/wp\/v2\/pages\/1765"}],"collection":[{"href":"http:\/\/coraldecamaradenavarra.com\/index.php?rest_route=\/wp\/v2\/pages"}],"about":[{"href":"http:\/\/coraldecamaradenavarra.com\/index.php?rest_route=\/wp\/v2\/types\/page"}],"author":[{"embeddable":true,"href":"http:\/\/coraldecamaradenavarra.com\/index.php?rest_route=\/wp\/v2\/users\/1"}],"replies":[{"embeddable":true,"href":"http:\/\/coraldecamaradenavarra.com\/index.php?rest_route=%2Fwp%2Fv2%2Fcomments&post=1765"}],"version-history":[{"count":9,"href":"http:\/\/coraldecamaradenavarra.com\/index.php?rest_route=\/wp\/v2\/pages\/1765\/revisions"}],"predecessor-version":[{"id":1774,"href":"http:\/\/coraldecamaradenavarra.com\/index.php?rest_route=\/wp\/v2\/pages\/1765\/revisions\/1774"}],"up":[{"embeddable":true,"href":"http:\/\/coraldecamaradenavarra.com\/index.php?rest_route=\/wp\/v2\/pages\/990"}],"wp:attachment":[{"href":"http:\/\/coraldecamaradenavarra.com\/index.php?rest_route=%2Fwp%2Fv2%2Fmedia&parent=1765"}],"curies":[{"name":"wp","href":"https:\/\/api.w.org\/{rel}","templated":true}]}}

Distinción «Propheta in Patria»

<div class="vc_row wpb_row vc_row-fluid"><div class="nocontainer"><div class="wpb_column vc_column_container vc_col-sm-4"><div class="wpb_wrapper">
	<div class="wpb_text_column wpb_content_element ">
		<div class="wpb_wrapper">
			<h1><span style="color: #ff0000;">El objetivo es destacar a personas o instituciones de Navarra, que habiendo destacado en cualquier aspecto artístico y cultural hayan obtenido un reconocimiento externo y en cierta medida también en el ámbito cultural navarro</span></h1>

		</div> 
	</div> </div></div><div class="wpb_column vc_column_container vc_col-sm-8"><div class="wpb_wrapper">
	<div class="wpb_text_column wpb_content_element ">
		<div class="wpb_wrapper">
			<p>El origen del nombre de esta distinción está en la expresión evangélica: <strong>“NEMO PROPHETA IN PATRIA (EST)” </strong>(Nadie es profeta en su patria). El objetivo es destacar a personas, instituciones, NAVARRAS, etc&#8230; que habiendo destacado en cualquier aspecto artístico y cultural hayan obtenido un reconocimiento externo y en cierta medida también en el ámbito cultural navarro; podrá concederse también a cualquier entidad o persona que destacando aquí o fuera sea considerada como relevante o prometedora (aunque sea incipiente) en cuanto a su labor artística. Busca esta distinción la transversalidad y la creación de sinergias con otros ámbitos culturales, aunque pueda también concederse a músicos.</p>
<p>La propuesta podrá surgir de cualquier socio de CCN/NGA teniendo que ser aprobada por mayoría simple de la Junta Directiva y preferiblemente por el Director Artístico, el Gerente y el director de Jazzy Leap (si la Junta lo cree pertinente), considerándose sin embargo estos como votos simples, que deben tenerse en cuenta para considerar una posible mayoría simple junto a los de la Junta Directiva.<br />
Es decir Votos Junta Directiva + voto Director Musical + voto Director Jazzy Leap (si la Junta lo cree pertinente) + voto Gerente = mitad más uno positivo para aprobarse.<br />
El único derecho a voto que anularía, si fuese negativo,  cualquier distinción “Propheta in Patria” sería el del Presidente de la Entidad.</p>
<p>&nbsp;</p>
<p><strong>PROPHETA IN PATRIA</strong></p>

		</div> 
	</div> <div class="vc_separator wpb_content_element vc_separator_align_center vc_sep_width_100 vc_sep_pos_align_center vc_separator_no_text vc_sep_color_grey"><span
		class="vc_sep_holder vc_sep_holder_l"><span			class="vc_sep_line"></span></span><span
		class="vc_sep_holder vc_sep_holder_r"><span class="vc_sep_line"></span></span>
	</div>
<div class="vc_row wpb_row vc_inner vc_row-fluid"><div class="wpb_column vc_column_container vc_col-sm-6"><div class="wpb_wrapper">
	<div class="wpb_single_image wpb_content_element vc_align_left">
		<div class="wpb_wrapper">
			
			<div class="vc_single_image-wrapper   vc_box_border_grey"><img width="250" height="286" src="http://coraldecamaradenavarra.com/wp-content/uploads/2008/08/inigocasali.jpg" class="vc_single_image-img attachment-medium" alt="david guindano" decoding="async" loading="lazy" /></div>
		</div> 
	</div> </div></div><div class="wpb_column vc_column_container vc_col-sm-6"><div class="wpb_wrapper">
	<div class="wpb_text_column wpb_content_element ">
		<div class="wpb_wrapper">
			<p><strong>Íñigo Casalí<br />
</strong>Talento emergente, miembro de la CCN/NGA, apoyo, ya conocido a nivel local.</p>

		</div> 
	</div> </div></div></div><div class="vc_separator wpb_content_element vc_separator_align_center vc_sep_width_100 vc_sep_pos_align_center vc_separator_no_text vc_sep_color_grey"><span
		class="vc_sep_holder vc_sep_holder_l"><span			class="vc_sep_line"></span></span><span
		class="vc_sep_holder vc_sep_holder_r"><span class="vc_sep_line"></span></span>
	</div>
<div class="vc_row wpb_row vc_inner vc_row-fluid"><div class="wpb_column vc_column_container vc_col-sm-6"><div class="wpb_wrapper">
	<div class="wpb_single_image wpb_content_element vc_align_left">
		<div class="wpb_wrapper">
			
			<div class="vc_single_image-wrapper   vc_box_border_grey"><img width="300" height="200" src="http://coraldecamaradenavarra.com/wp-content/uploads/2013/09/helena-300x200.jpg" class="vc_single_image-img attachment-medium" alt="" decoding="async" loading="lazy" srcset="http://coraldecamaradenavarra.com/wp-content/uploads/2013/09/helena-300x200.jpg 300w, http://coraldecamaradenavarra.com/wp-content/uploads/2013/09/helena.jpg 640w" sizes="(max-width: 300px) 100vw, 300px" /></div>
		</div> 
	</div> </div></div><div class="wpb_column vc_column_container vc_col-sm-6"><div class="wpb_wrapper">
	<div class="wpb_text_column wpb_content_element ">
		<div class="wpb_wrapper">
			<p><strong>Helena Taberna</strong><br />
Investigación sobre personajes musicales, en plena carrera, reconocida.</p>

		</div> 
	</div> </div></div></div><div class="vc_separator wpb_content_element vc_separator_align_center vc_sep_width_100 vc_sep_pos_align_center vc_separator_no_text vc_sep_color_grey"><span
		class="vc_sep_holder vc_sep_holder_l"><span			class="vc_sep_line"></span></span><span
		class="vc_sep_holder vc_sep_holder_r"><span class="vc_sep_line"></span></span>
	</div>
<div class="vc_row wpb_row vc_inner vc_row-fluid"><div class="wpb_column vc_column_container vc_col-sm-6"><div class="wpb_wrapper">
	<div class="wpb_single_image wpb_content_element vc_align_left">
		<div class="wpb_wrapper">
			
			<div class="vc_single_image-wrapper   vc_box_border_grey"><img width="300" height="200" src="http://coraldecamaradenavarra.com/wp-content/uploads/2014/12/iturralde-300x200.jpg" class="vc_single_image-img attachment-medium" alt="" decoding="async" loading="lazy" srcset="http://coraldecamaradenavarra.com/wp-content/uploads/2014/12/iturralde-300x200.jpg 300w, http://coraldecamaradenavarra.com/wp-content/uploads/2014/12/iturralde.jpg 927w" sizes="(max-width: 300px) 100vw, 300px" /></div>
		</div> 
	</div> </div></div><div class="wpb_column vc_column_container vc_col-sm-6"><div class="wpb_wrapper">
	<div class="wpb_text_column wpb_content_element ">
		<div class="wpb_wrapper">
			<p><strong>Pedro Iturralde<br />
</strong>Más reconocimiento fuera, toda una carrera.</p>

		</div> 
	</div> </div></div></div></div></div></div></div>

El objetivo es destacar a personas o instituciones de Navarra, que habiendo destacado en cualquier aspecto artístico y cultural hayan obtenido un reconocimiento externo y en cierta medida también en el ámbito cultural navarro El origen del nombre de esta distinción está en la expresión evangélica: “NEMO PROPHETA IN PATRIA (EST)” (Nadie es profeta en su patria). El objetivo es destacar a
