{"id":1735,"date":"2016-03-17T17:39:59","date_gmt":"2016-03-17T17:39:59","guid":{"rendered":"http:\/\/www.sogimifi.dns-privadas.es\/?page_id=1735"},"modified":"2020-12-22T15:20:58","modified_gmt":"2020-12-22T15:20:58","slug":"socios-de-honor","status":"publish","type":"page","link":"http:\/\/coraldecamaradenavarra.com\/?page_id=1735&lang=es","title":{"rendered":"Socios de Honor"},"content":{"rendered":"<div class=\"vc_row wpb_row vc_row-fluid\"><div class=\"nocontainer\"><div class=\"wpb_column vc_column_container vc_col-sm-4\"><div class=\"wpb_wrapper\">\n\t<div class=\"wpb_text_column wpb_content_element \">\n\t\t<div class=\"wpb_wrapper\">\n\t\t\t<h1><span style=\"color: #ff0000;\">Este reconocimiento est\u00e1 dirigido pues a m\u00fasicos, especialmente a compositores y en concreto, preferiblemente, a aqu\u00e9llos que hayan aportado en el campo de la m\u00fasica coral o de la creaci\u00f3n musical contempor\u00e1nea.<\/span><\/h1>\n<h1><span style=\"color: #ff0000;\">\u00a0<\/span><\/h1>\n\n\t\t<\/div> \n\t<\/div> <\/div><\/div><div class=\"wpb_column vc_column_container vc_col-sm-8\"><div class=\"wpb_wrapper\">\n\t<div class=\"wpb_text_column wpb_content_element \">\n\t\t<div class=\"wpb_wrapper\">\n\t\t\t<p>Se distinguir\u00e1 como Socio de Honor de CCN\/NGA a la persona (no necesariamente navarra) propuesta por cualquier socio de la instituci\u00f3n con aprobaci\u00f3n por mayor\u00eda simple de la Junta Art\u00edstica (en primer lugar) y de la Junta Directiva y con el visto bueno del Director Art\u00edstico que podr\u00e1 ejercer su derecho a veto a aquella persona que haya destacado en la creaci\u00f3n musical y haya tenido alguna relaci\u00f3n (musical) con la Coral o con alguno de sus miembros y goce de un prestigio basado en toda su trayectoria profesional. Si la propuesta surge del Director Musical bastar\u00e1 con la mayor\u00eda simple de la junta directiva para que \u00e9sta sea aprobada.<\/p>\n\n\t\t<\/div> \n\t<\/div> <div class=\"vc_separator wpb_content_element vc_separator_align_center vc_sep_width_100 vc_sep_pos_align_center vc_separator_no_text\"><span\n\t\tclass=\"vc_sep_holder vc_sep_holder_l\"><span style=\"border-color:#dd3333;\"\t\t\tclass=\"vc_sep_line\"><\/span><\/span><span\n\t\tclass=\"vc_sep_holder vc_sep_holder_r\"><span style=\"border-color:#dd3333;\" class=\"vc_sep_line\"><\/span><\/span>\n\t<\/div>\n<div class=\"vc_row wpb_row vc_inner vc_row-fluid\"><div class=\"wpb_column vc_column_container vc_col-sm-6\"><div class=\"wpb_wrapper\">\n\t<div class=\"wpb_single_image wpb_content_element vc_align_left\">\n\t\t<div class=\"wpb_wrapper\">\n\t\t\t\n\t\t\t<div class=\"vc_single_image-wrapper   vc_box_border_grey\"><img width=\"300\" height=\"245\" src=\"http:\/\/coraldecamaradenavarra.com\/wp-content\/uploads\/2007\/07\/padregoicoechea-300x245.jpg\" class=\"vc_single_image-img attachment-medium\" alt=\"\" decoding=\"async\" loading=\"lazy\" srcset=\"http:\/\/coraldecamaradenavarra.com\/wp-content\/uploads\/2007\/07\/padregoicoechea-300x245.jpg 300w, http:\/\/coraldecamaradenavarra.com\/wp-content\/uploads\/2007\/07\/padregoicoechea.jpg 600w\" sizes=\"(max-width: 300px) 100vw, 300px\" \/><\/div>\n\t\t<\/div> \n\t<\/div> <\/div><\/div><div class=\"wpb_column vc_column_container vc_col-sm-6\"><div class=\"wpb_wrapper\">\n\t<div class=\"wpb_text_column wpb_content_element \">\n\t\t<div class=\"wpb_wrapper\">\n\t\t\t<p>SOCIO DE HONOR (15\/10\/2011):<\/p>\n<p><strong>Jos\u00e9 Mar\u00eda Goicoechea Aizcorbe,<\/strong> por todo su recorrido art\u00edstico y por la vinculaci\u00f3n docente con el Director Art\u00edstico y creativa con la Coral y su reconocimiento externo.<\/p>\n\n\t\t<\/div> \n\t<\/div> <\/div><\/div><\/div><div class=\"vc_separator wpb_content_element vc_separator_align_center vc_sep_width_100 vc_sep_pos_align_center vc_separator_no_text\"><span\n\t\tclass=\"vc_sep_holder vc_sep_holder_l\"><span style=\"border-color:#dd3333;\"\t\t\tclass=\"vc_sep_line\"><\/span><\/span><span\n\t\tclass=\"vc_sep_holder vc_sep_holder_r\"><span style=\"border-color:#dd3333;\" class=\"vc_sep_line\"><\/span><\/span>\n\t<\/div>\n<div class=\"vc_row wpb_row vc_inner vc_row-fluid\"><div class=\"wpb_column vc_column_container vc_col-sm-6\"><div class=\"wpb_wrapper\">\n\t<div class=\"wpb_single_image wpb_content_element vc_align_left\">\n\t\t<div class=\"wpb_wrapper\">\n\t\t\t\n\t\t\t<div class=\"vc_single_image-wrapper   vc_box_border_grey\"><img width=\"239\" height=\"300\" src=\"http:\/\/coraldecamaradenavarra.com\/wp-content\/uploads\/2017\/06\/elizalde-239x300.jpg\" class=\"vc_single_image-img attachment-medium\" alt=\"\" decoding=\"async\" loading=\"lazy\" srcset=\"http:\/\/coraldecamaradenavarra.com\/wp-content\/uploads\/2017\/06\/elizalde-239x300.jpg 239w, http:\/\/coraldecamaradenavarra.com\/wp-content\/uploads\/2017\/06\/elizalde.jpg 384w\" sizes=\"(max-width: 239px) 100vw, 239px\" \/><\/div>\n\t\t<\/div> \n\t<\/div> <\/div><\/div><div class=\"wpb_column vc_column_container vc_col-sm-6\"><div class=\"wpb_wrapper\">\n\t<div class=\"wpb_text_column wpb_content_element \">\n\t\t<div class=\"wpb_wrapper\">\n\t\t\t<p>SOCIO DE HONOR (19\/01\/2017):<\/p>\n<p><strong>Luis Elizalde Ochoa, <\/strong>en reconocimiento a su prolongada y fruct\u00edfera labor como maestro, compositor, y a su especial dedicaci\u00f3n a la m\u00fasica coral en Navarra.<\/p>\n\n\t\t<\/div> \n\t<\/div> <\/div><\/div><\/div><div class=\"vc_separator wpb_content_element vc_separator_align_center vc_sep_width_100 vc_sep_pos_align_center vc_separator_no_text\"><span\n\t\tclass=\"vc_sep_holder vc_sep_holder_l\"><span style=\"border-color:#dd3333;\"\t\t\tclass=\"vc_sep_line\"><\/span><\/span><span\n\t\tclass=\"vc_sep_holder vc_sep_holder_r\"><span style=\"border-color:#dd3333;\" class=\"vc_sep_line\"><\/span><\/span>\n\t<\/div>\n<div class=\"vc_row wpb_row vc_inner vc_row-fluid\"><div class=\"wpb_column vc_column_container vc_col-sm-6\"><div class=\"wpb_wrapper\">\n\t<div class=\"wpb_single_image wpb_content_element vc_align_left\">\n\t\t<div class=\"wpb_wrapper\">\n\t\t\t\n\t\t\t<div class=\"vc_single_image-wrapper   vc_box_border_grey\"><img width=\"292\" height=\"300\" src=\"http:\/\/coraldecamaradenavarra.com\/wp-content\/uploads\/2016\/03\/Ferm\u00edn-Iriarte_-Cedida-familia-292x300.jpg\" class=\"vc_single_image-img attachment-medium\" alt=\"\" decoding=\"async\" loading=\"lazy\" srcset=\"http:\/\/coraldecamaradenavarra.com\/wp-content\/uploads\/2016\/03\/Ferm\u00edn-Iriarte_-Cedida-familia-292x300.jpg 292w, http:\/\/coraldecamaradenavarra.com\/wp-content\/uploads\/2016\/03\/Ferm\u00edn-Iriarte_-Cedida-familia.jpg 590w\" sizes=\"(max-width: 292px) 100vw, 292px\" \/><\/div>\n\t\t<\/div> \n\t<\/div> <\/div><\/div><div class=\"wpb_column vc_column_container vc_col-sm-6\"><div class=\"wpb_wrapper\">\n\t<div class=\"wpb_text_column wpb_content_element \">\n\t\t<div class=\"wpb_wrapper\">\n\t\t\t<p>SOCIO DE HONOR (19\/11\/2017):<\/p>\n<p><strong>Ferm\u00edn Iriarte Irigoien, <\/strong>por el gran esfuerzo realizado en la difusi\u00f3n de la obra de autores navarros (Ondarra, Elizalde e Iribarren entre otros) por medio de los distintos coros que ha fundado y dirigido.<\/p>\n\n\t\t<\/div> \n\t<\/div> <\/div><\/div><\/div><\/div><\/div><\/div><\/div> <div class=\"vc_separator wpb_content_element vc_separator_align_center vc_sep_width_100 vc_sep_pos_align_center vc_separator_no_text\"><span\n\t\tclass=\"vc_sep_holder vc_sep_holder_l\"><span style=\"border-color:#dd3333;\"\t\t\tclass=\"vc_sep_line\"><\/span><\/span><span\n\t\tclass=\"vc_sep_holder vc_sep_holder_r\"><span style=\"border-color:#dd3333;\" class=\"vc_sep_line\"><\/span><\/span>\n\t<\/div>\n<div class=\"wpb_column vc_column_container vc_col-sm-6\"><div class=\"wpb_wrapper\">\n\t<div class=\"wpb_text_column wpb_content_element \">\n\t\t<div class=\"wpb_wrapper\">\n\t\t\t<p>SOCIO DE HONOR (21\/12\/2020):<\/p>\n<p><strong>\u00a0Francisco Javier Villanueva Zazpe,\u00a0<\/strong><span style=\"font-size: inherit;\">por su dilatada trayectoria como director de coros y su continuada apuesta por la m\u00fasica como herramienta de transformaci\u00f3n social<\/span><span style=\"font-size: inherit;\">. <a class=\"single_photoswipe\" data-size=\"1050x750\" href=\"http:\/\/coraldecamaradenavarra.com\/wp-content\/uploads\/2020\/12\/FotoJet.jpg\"><img decoding=\"async\" loading=\"lazy\" class=\"size-medium wp-image-2950 alignleft\" src=\"http:\/\/coraldecamaradenavarra.com\/wp-content\/uploads\/2020\/12\/FotoJet-300x214.jpg\" alt=\"\" width=\"300\" height=\"214\" srcset=\"http:\/\/coraldecamaradenavarra.com\/wp-content\/uploads\/2020\/12\/FotoJet-300x214.jpg 300w, http:\/\/coraldecamaradenavarra.com\/wp-content\/uploads\/2020\/12\/FotoJet-1024x731.jpg 1024w, http:\/\/coraldecamaradenavarra.com\/wp-content\/uploads\/2020\/12\/FotoJet-768x549.jpg 768w, http:\/\/coraldecamaradenavarra.com\/wp-content\/uploads\/2020\/12\/FotoJet.jpg 1050w\" sizes=\"(max-width: 300px) 100vw, 300px\" \/><\/a><\/span><span style=\"font-size: inherit;\"><\/p>\n\n\t\t<\/div> \n\t<\/div> <\/div><\/div> <div class=\"vc_separator wpb_content_element vc_separator_align_center vc_sep_width_100 vc_sep_pos_align_center vc_separator_no_text\"><span\n\t\tclass=\"vc_sep_holder vc_sep_holder_l\"><span style=\"border-color:#dd3333;\"\t\t\tclass=\"vc_sep_line\"><\/span><\/span><span\n\t\tclass=\"vc_sep_holder vc_sep_holder_r\"><span style=\"border-color:#dd3333;\" class=\"vc_sep_line\"><\/span><\/span>\n\t<\/div>\n <div class=\"wpb_column vc_column_container vc_col-sm-6\"><div class=\"wpb_wrapper\"><\/div><\/div>\n\t<div class=\"wpb_text_column wpb_content_element \">\n\t\t<div class=\"wpb_wrapper\">\n\t\t\t\n\t\t<\/div> \n\t<\/div> <\/span><\/p>\n","protected":false},"excerpt":{"rendered":"Este reconocimiento est\u00e1 dirigido pues a m\u00fasicos, especialmente a compositores y en concreto, preferiblemente, a aqu\u00e9llos que hayan aportado en el campo de la m\u00fasica coral o de la creaci\u00f3n musical contempor\u00e1nea. \u00a0 Se distinguir\u00e1 como Socio de Honor de CCN\/NGA a la persona (no necesariamente navarra) propuesta por cualquier socio de la instituci\u00f3n con aprobaci\u00f3n por mayor\u00eda simple de","protected":false},"author":1,"featured_media":0,"parent":990,"menu_order":0,"comment_status":"closed","ping_status":"closed","template":"","meta":[],"_links":{"self":[{"href":"http:\/\/coraldecamaradenavarra.com\/index.php?rest_route=\/wp\/v2\/pages\/1735"}],"collection":[{"href":"http:\/\/coraldecamaradenavarra.com\/index.php?rest_route=\/wp\/v2\/pages"}],"about":[{"href":"http:\/\/coraldecamaradenavarra.com\/index.php?rest_route=\/wp\/v2\/types\/page"}],"author":[{"embeddable":true,"href":"http:\/\/coraldecamaradenavarra.com\/index.php?rest_route=\/wp\/v2\/users\/1"}],"replies":[{"embeddable":true,"href":"http:\/\/coraldecamaradenavarra.com\/index.php?rest_route=%2Fwp%2Fv2%2Fcomments&post=1735"}],"version-history":[{"count":12,"href":"http:\/\/coraldecamaradenavarra.com\/index.php?rest_route=\/wp\/v2\/pages\/1735\/revisions"}],"predecessor-version":[{"id":2952,"href":"http:\/\/coraldecamaradenavarra.com\/index.php?rest_route=\/wp\/v2\/pages\/1735\/revisions\/2952"}],"up":[{"embeddable":true,"href":"http:\/\/coraldecamaradenavarra.com\/index.php?rest_route=\/wp\/v2\/pages\/990"}],"wp:attachment":[{"href":"http:\/\/coraldecamaradenavarra.com\/index.php?rest_route=%2Fwp%2Fv2%2Fmedia&parent=1735"}],"curies":[{"name":"wp","href":"https:\/\/api.w.org\/{rel}","templated":true}]}}

<div class="vc_row wpb_row vc_row-fluid"><div class="nocontainer"><div class="wpb_column vc_column_container vc_col-sm-4"><div class="wpb_wrapper">
	<div class="wpb_text_column wpb_content_element ">
		<div class="wpb_wrapper">
			<h1><span style="color: #ff0000;">Este reconocimiento está dirigido pues a músicos, especialmente a compositores y en concreto, preferiblemente, a aquéllos que hayan aportado en el campo de la música coral o de la creación musical contemporánea.</span></h1>
<h1><span style="color: #ff0000;"> </span></h1>

		</div> 
	</div> </div></div><div class="wpb_column vc_column_container vc_col-sm-8"><div class="wpb_wrapper">
	<div class="wpb_text_column wpb_content_element ">
		<div class="wpb_wrapper">
			<p>Se distinguirá como Socio de Honor de CCN/NGA a la persona (no necesariamente navarra) propuesta por cualquier socio de la institución con aprobación por mayoría simple de la Junta Artística (en primer lugar) y de la Junta Directiva y con el visto bueno del Director Artístico que podrá ejercer su derecho a veto a aquella persona que haya destacado en la creación musical y haya tenido alguna relación (musical) con la Coral o con alguno de sus miembros y goce de un prestigio basado en toda su trayectoria profesional. Si la propuesta surge del Director Musical bastará con la mayoría simple de la junta directiva para que ésta sea aprobada.</p>

		</div> 
	</div> <div class="vc_separator wpb_content_element vc_separator_align_center vc_sep_width_100 vc_sep_pos_align_center vc_separator_no_text"><span
		class="vc_sep_holder vc_sep_holder_l"><span style="border-color:#dd3333;"			class="vc_sep_line"></span></span><span
		class="vc_sep_holder vc_sep_holder_r"><span style="border-color:#dd3333;" class="vc_sep_line"></span></span>
	</div>
<div class="vc_row wpb_row vc_inner vc_row-fluid"><div class="wpb_column vc_column_container vc_col-sm-6"><div class="wpb_wrapper">
	<div class="wpb_single_image wpb_content_element vc_align_left">
		<div class="wpb_wrapper">
			
			<div class="vc_single_image-wrapper   vc_box_border_grey"><img width="300" height="245" src="http://coraldecamaradenavarra.com/wp-content/uploads/2007/07/padregoicoechea-300x245.jpg" class="vc_single_image-img attachment-medium" alt="" decoding="async" loading="lazy" srcset="http://coraldecamaradenavarra.com/wp-content/uploads/2007/07/padregoicoechea-300x245.jpg 300w, http://coraldecamaradenavarra.com/wp-content/uploads/2007/07/padregoicoechea.jpg 600w" sizes="(max-width: 300px) 100vw, 300px" /></div>
		</div> 
	</div> </div></div><div class="wpb_column vc_column_container vc_col-sm-6"><div class="wpb_wrapper">
	<div class="wpb_text_column wpb_content_element ">
		<div class="wpb_wrapper">
			<p>SOCIO DE HONOR (15/10/2011):</p>
<p><strong>José María Goicoechea Aizcorbe,</strong> por todo su recorrido artístico y por la vinculación docente con el Director Artístico y creativa con la Coral y su reconocimiento externo.</p>

		</div> 
	</div> </div></div></div><div class="vc_separator wpb_content_element vc_separator_align_center vc_sep_width_100 vc_sep_pos_align_center vc_separator_no_text"><span
		class="vc_sep_holder vc_sep_holder_l"><span style="border-color:#dd3333;"			class="vc_sep_line"></span></span><span
		class="vc_sep_holder vc_sep_holder_r"><span style="border-color:#dd3333;" class="vc_sep_line"></span></span>
	</div>
<div class="vc_row wpb_row vc_inner vc_row-fluid"><div class="wpb_column vc_column_container vc_col-sm-6"><div class="wpb_wrapper">
	<div class="wpb_single_image wpb_content_element vc_align_left">
		<div class="wpb_wrapper">
			
			<div class="vc_single_image-wrapper   vc_box_border_grey"><img width="239" height="300" src="http://coraldecamaradenavarra.com/wp-content/uploads/2017/06/elizalde-239x300.jpg" class="vc_single_image-img attachment-medium" alt="" decoding="async" loading="lazy" srcset="http://coraldecamaradenavarra.com/wp-content/uploads/2017/06/elizalde-239x300.jpg 239w, http://coraldecamaradenavarra.com/wp-content/uploads/2017/06/elizalde.jpg 384w" sizes="(max-width: 239px) 100vw, 239px" /></div>
		</div> 
	</div> </div></div><div class="wpb_column vc_column_container vc_col-sm-6"><div class="wpb_wrapper">
	<div class="wpb_text_column wpb_content_element ">
		<div class="wpb_wrapper">
			<p>SOCIO DE HONOR (19/01/2017):</p>
<p><strong>Luis Elizalde Ochoa, </strong>en reconocimiento a su prolongada y fructífera labor como maestro, compositor, y a su especial dedicación a la música coral en Navarra.</p>

		</div> 
	</div> </div></div></div><div class="vc_separator wpb_content_element vc_separator_align_center vc_sep_width_100 vc_sep_pos_align_center vc_separator_no_text"><span
		class="vc_sep_holder vc_sep_holder_l"><span style="border-color:#dd3333;"			class="vc_sep_line"></span></span><span
		class="vc_sep_holder vc_sep_holder_r"><span style="border-color:#dd3333;" class="vc_sep_line"></span></span>
	</div>
<div class="vc_row wpb_row vc_inner vc_row-fluid"><div class="wpb_column vc_column_container vc_col-sm-6"><div class="wpb_wrapper">
	<div class="wpb_single_image wpb_content_element vc_align_left">
		<div class="wpb_wrapper">
			
			<div class="vc_single_image-wrapper   vc_box_border_grey"><img width="292" height="300" src="http://coraldecamaradenavarra.com/wp-content/uploads/2016/03/Fermín-Iriarte_-Cedida-familia-292x300.jpg" class="vc_single_image-img attachment-medium" alt="" decoding="async" loading="lazy" srcset="http://coraldecamaradenavarra.com/wp-content/uploads/2016/03/Fermín-Iriarte_-Cedida-familia-292x300.jpg 292w, http://coraldecamaradenavarra.com/wp-content/uploads/2016/03/Fermín-Iriarte_-Cedida-familia.jpg 590w" sizes="(max-width: 292px) 100vw, 292px" /></div>
		</div> 
	</div> </div></div><div class="wpb_column vc_column_container vc_col-sm-6"><div class="wpb_wrapper">
	<div class="wpb_text_column wpb_content_element ">
		<div class="wpb_wrapper">
			<p>SOCIO DE HONOR (19/11/2017):</p>
<p><strong>Fermín Iriarte Irigoien, </strong>por el gran esfuerzo realizado en la difusión de la obra de autores navarros (Ondarra, Elizalde e Iribarren entre otros) por medio de los distintos coros que ha fundado y dirigido.</p>

		</div> 
	</div> </div></div></div></div></div></div></div> <div class="vc_separator wpb_content_element vc_separator_align_center vc_sep_width_100 vc_sep_pos_align_center vc_separator_no_text"><span
		class="vc_sep_holder vc_sep_holder_l"><span style="border-color:#dd3333;"			class="vc_sep_line"></span></span><span
		class="vc_sep_holder vc_sep_holder_r"><span style="border-color:#dd3333;" class="vc_sep_line"></span></span>
	</div>
<div class="wpb_column vc_column_container vc_col-sm-6"><div class="wpb_wrapper">
	<div class="wpb_text_column wpb_content_element ">
		<div class="wpb_wrapper">
			<p>SOCIO DE HONOR (21/12/2020):</p>
<p><strong> Francisco Javier Villanueva Zazpe, </strong><span style="font-size: inherit;">por su dilatada trayectoria como director de coros y su continuada apuesta por la música como herramienta de transformación social</span><span style="font-size: inherit;">. <a class="single_photoswipe" data-size="1050x750" href="http://coraldecamaradenavarra.com/wp-content/uploads/2020/12/FotoJet.jpg"><img decoding="async" loading="lazy" class="size-medium wp-image-2950 alignleft" src="http://coraldecamaradenavarra.com/wp-content/uploads/2020/12/FotoJet-300x214.jpg" alt="" width="300" height="214" srcset="http://coraldecamaradenavarra.com/wp-content/uploads/2020/12/FotoJet-300x214.jpg 300w, http://coraldecamaradenavarra.com/wp-content/uploads/2020/12/FotoJet-1024x731.jpg 1024w, http://coraldecamaradenavarra.com/wp-content/uploads/2020/12/FotoJet-768x549.jpg 768w, http://coraldecamaradenavarra.com/wp-content/uploads/2020/12/FotoJet.jpg 1050w" sizes="(max-width: 300px) 100vw, 300px" /></a></span><span style="font-size: inherit;"></p>

		</div> 
	</div> </div></div> <div class="vc_separator wpb_content_element vc_separator_align_center vc_sep_width_100 vc_sep_pos_align_center vc_separator_no_text"><span
		class="vc_sep_holder vc_sep_holder_l"><span style="border-color:#dd3333;"			class="vc_sep_line"></span></span><span
		class="vc_sep_holder vc_sep_holder_r"><span style="border-color:#dd3333;" class="vc_sep_line"></span></span>
	</div>
 <div class="wpb_column vc_column_container vc_col-sm-6"><div class="wpb_wrapper"></div></div>
	<div class="wpb_text_column wpb_content_element ">
		<div class="wpb_wrapper">
			
		</div> 
	</div> </span></p>

Este reconocimiento está dirigido pues a músicos, especialmente a compositores y en concreto, preferiblemente, a aquéllos que hayan aportado en el campo de la música coral o de la creación musical contemporánea.   Se distinguirá como Socio de Honor de CCN/NGA a la persona (no necesariamente navarra) propuesta por cualquier socio de la institución con aprobación por mayoría simple de
