{"id":1703,"date":"2016-03-17T16:19:50","date_gmt":"2016-03-17T16:19:50","guid":{"rendered":"http:\/\/www.sogimifi.dns-privadas.es\/?page_id=1703"},"modified":"2018-11-06T07:28:42","modified_gmt":"2018-11-06T07:28:42","slug":"presentacion","status":"publish","type":"page","link":"http:\/\/coraldecamaradenavarra.com\/?page_id=1703&lang=es","title":{"rendered":"Presentaci\u00f3n"},"content":{"rendered":"<div class=\"vc_row wpb_row vc_row-fluid\"><div class=\"nocontainer\"><div class=\"wpb_column vc_column_container vc_col-sm-12\"><div class=\"wpb_wrapper\">\n\t<div class=\"wpb_text_column wpb_content_element \">\n\t\t<div class=\"wpb_wrapper\">\n\t\t\t<h1 style=\"text-align: center;\">La Coral de C\u00e1mara de Navarra \/ Nafarroako Ganbera Abesbatza (CCN-NGA)<br \/>\nfue fundada en 2008 en Pamplona y cuenta con <a href=\"http:\/\/www.encantando.es\/?p=1727\">David Guindano Igarreta<\/a> como Director Art\u00edstico desde su fundaci\u00f3n.<br \/>\nLa entidad consta actualmente de cuatro secciones:<\/h1>\n<h1 style=\"text-align: center;\"><\/h1>\n\n\t\t<\/div> \n\t<\/div> <\/div><\/div><\/div><\/div><div class=\"vc_row wpb_row vc_row-fluid vc_custom_1458231789902\"><div class=\"nocontainer\"><div class=\"wpb_column vc_column_container vc_col-sm-12\"><div class=\"wpb_wrapper\"><div class=\"vc_separator wpb_content_element vc_separator_align_center vc_sep_width_100 vc_sep_pos_align_center vc_separator_no_text\"><span\n\t\tclass=\"vc_sep_holder vc_sep_holder_l\"><span style=\"border-color:#dd3333;\"\t\t\tclass=\"vc_sep_line\"><\/span><\/span><span\n\t\tclass=\"vc_sep_holder vc_sep_holder_r\"><span style=\"border-color:#dd3333;\" class=\"vc_sep_line\"><\/span><\/span>\n\t<\/div>\n<\/div><\/div><\/div><\/div><div class=\"vc_row wpb_row vc_row-fluid\"><div class=\"nocontainer\"><div class=\"wpb_column vc_column_container vc_col-sm-3\"><div class=\"wpb_wrapper\">\n\t<div class=\"wpb_single_image wpb_content_element vc_custom_1541489287362 vc_align_left\">\n\t\t<div class=\"wpb_wrapper\">\n\t\t\t\n\t\t\t<a href=\"http:\/\/www.encantando.es\/?p=992\" target=\"_self\"><div class=\"vc_single_image-wrapper   vc_box_border_grey\"><img width=\"800\" height=\"533\" src=\"http:\/\/coraldecamaradenavarra.com\/wp-content\/uploads\/2016\/03\/capilla-nueva.jpg\" class=\"vc_single_image-img attachment-large\" alt=\"\" decoding=\"async\" loading=\"lazy\" srcset=\"http:\/\/coraldecamaradenavarra.com\/wp-content\/uploads\/2016\/03\/capilla-nueva.jpg 800w, http:\/\/coraldecamaradenavarra.com\/wp-content\/uploads\/2016\/03\/capilla-nueva-300x200.jpg 300w\" sizes=\"(max-width: 800px) 100vw, 800px\" \/><\/div><\/a>\n\t\t<\/div> \n\t<\/div> \n\t<div class=\"wpb_text_column wpb_content_element \">\n\t\t<div class=\"wpb_wrapper\">\n\t\t\t<p><strong>Capilla Renacentista \u201cMichael Navarrus\u201d<br \/>\n<\/strong>Especializada en la interpretaci\u00f3n de la m\u00fasica del renacimiento y barroco hispanos. Direcci\u00f3n: <strong>David Guindano Igarreta.<\/strong><\/p>\n\n\t\t<\/div> \n\t<\/div> <\/div><\/div><div class=\"wpb_column vc_column_container vc_col-sm-3\"><div class=\"wpb_wrapper\">\n\t<div class=\"wpb_single_image wpb_content_element vc_custom_1540491706550 vc_align_left\">\n\t\t<div class=\"wpb_wrapper\">\n\t\t\t\n\t\t\t<a href=\"http:\/\/www.encantando.es\/?p=994\" target=\"_self\"><div class=\"vc_single_image-wrapper   vc_box_border_grey\"><img width=\"800\" height=\"533\" src=\"http:\/\/coraldecamaradenavarra.com\/wp-content\/uploads\/2016\/03\/La-formacio\u0301n-cla\u0301sica-de-la-CCN-NGA-en-el-Teatro-Nacional-de-China.jpg\" class=\"vc_single_image-img attachment-large\" alt=\"\" decoding=\"async\" loading=\"lazy\" srcset=\"http:\/\/coraldecamaradenavarra.com\/wp-content\/uploads\/2016\/03\/La-formacio\u0301n-cla\u0301sica-de-la-CCN-NGA-en-el-Teatro-Nacional-de-China.jpg 800w, http:\/\/coraldecamaradenavarra.com\/wp-content\/uploads\/2016\/03\/La-formacio\u0301n-cla\u0301sica-de-la-CCN-NGA-en-el-Teatro-Nacional-de-China-300x200.jpg 300w\" sizes=\"(max-width: 800px) 100vw, 800px\" \/><\/div><\/a>\n\t\t<\/div> \n\t<\/div> \n\t<div class=\"wpb_text_column wpb_content_element \">\n\t\t<div class=\"wpb_wrapper\">\n\t\t\t<p><strong>Formaci\u00f3n Cl\u00e1sica<br \/>\n<\/strong>Encargada de la interpretaci\u00f3n de la m\u00fasica coral occidental desde mitad del siglo XVIII hasta nuestros d\u00edas. Presta especial atenci\u00f3n al folclore musical.\u00a0Las dos formaciones precedentes est\u00e1n dirigidas por el director art\u00edstico de la entidad, <strong>David Guindano Igarreta.<\/strong><\/p>\n\n\t\t<\/div> \n\t<\/div> <\/div><\/div><div class=\"wpb_column vc_column_container vc_col-sm-3\"><div class=\"wpb_wrapper\">\n\t<div class=\"wpb_single_image wpb_content_element vc_custom_1540491875900 vc_align_left\">\n\t\t<div class=\"wpb_wrapper\">\n\t\t\t\n\t\t\t<a href=\"http:\/\/www.encantando.es\/?p=996\" target=\"_self\"><div class=\"vc_single_image-wrapper   vc_box_border_grey\"><img width=\"800\" height=\"533\" src=\"http:\/\/coraldecamaradenavarra.com\/wp-content\/uploads\/2016\/03\/jazzy-leap-baluarte.jpg\" class=\"vc_single_image-img attachment-large\" alt=\"\" decoding=\"async\" loading=\"lazy\" srcset=\"http:\/\/coraldecamaradenavarra.com\/wp-content\/uploads\/2016\/03\/jazzy-leap-baluarte.jpg 800w, http:\/\/coraldecamaradenavarra.com\/wp-content\/uploads\/2016\/03\/jazzy-leap-baluarte-300x200.jpg 300w\" sizes=\"(max-width: 800px) 100vw, 800px\" \/><\/div><\/a>\n\t\t<\/div> \n\t<\/div> \n\t<div class=\"wpb_text_column wpb_content_element \">\n\t\t<div class=\"wpb_wrapper\">\n\t\t\t<p><strong>Jazzy Leap &amp; Jazzy Leap Band<br \/>\n<\/strong>Orientadas a la interpretaci\u00f3n de Jazz vocal y vocal-instrumental as\u00ed como de otros g\u00e9neros representativos de la M\u00fasica Popular Urbana occidental. Esta\u00a0 secci\u00f3n est\u00e1 dirigida por el cantante y pianista especializado <strong>Andoni Arcilla Ballabriga<\/strong>.<\/p>\n\n\t\t<\/div> \n\t<\/div> <\/div><\/div><div class=\"wpb_column vc_column_container vc_col-sm-3\"><div class=\"wpb_wrapper\">\n\t<div class=\"wpb_single_image wpb_content_element vc_align_left\">\n\t\t<div class=\"wpb_wrapper\">\n\t\t\t\n\t\t\t<a href=\"http:\/\/www.encantando.es\/?p=2126\" target=\"_self\"><div class=\"vc_single_image-wrapper   vc_box_border_grey\"><img width=\"800\" height=\"533\" src=\"http:\/\/coraldecamaradenavarra.com\/wp-content\/uploads\/2016\/03\/heptameron.jpg\" class=\"vc_single_image-img attachment-large\" alt=\"\" decoding=\"async\" loading=\"lazy\" srcset=\"http:\/\/coraldecamaradenavarra.com\/wp-content\/uploads\/2016\/03\/heptameron.jpg 800w, http:\/\/coraldecamaradenavarra.com\/wp-content\/uploads\/2016\/03\/heptameron-300x200.jpg 300w\" sizes=\"(max-width: 800px) 100vw, 800px\" \/><\/div><\/a>\n\t\t<\/div> \n\t<\/div> \n\t<div class=\"wpb_text_column wpb_content_element \">\n\t\t<div class=\"wpb_wrapper\">\n\t\t\t<p class=\"western\" style=\"text-align: left;\" align=\"justify\"><strong>Heptamer\u00f3n.<\/strong> Coro de voces iguales femeninas que nace con vocaci\u00f3n feminista y reivindicativa del papel de la mujer dentro de la m\u00fasica como compositora e int\u00e9rprete.<\/p>\n\n\t\t<\/div> \n\t<\/div> <\/div><\/div><\/div><\/div>\n","protected":false},"excerpt":{"rendered":"La Coral de C\u00e1mara de Navarra \/ Nafarroako Ganbera Abesbatza (CCN-NGA) fue fundada en 2008 en Pamplona y cuenta con David Guindano Igarreta como Director Art\u00edstico desde su fundaci\u00f3n. La entidad consta actualmente de cuatro secciones: Capilla Renacentista \u201cMichael Navarrus\u201d Especializada en la interpretaci\u00f3n de la m\u00fasica del renacimiento y barroco hispanos. Direcci\u00f3n: David Guindano Igarreta. Formaci\u00f3n Cl\u00e1sica Encargada de","protected":false},"author":1,"featured_media":0,"parent":990,"menu_order":0,"comment_status":"closed","ping_status":"closed","template":"","meta":[],"_links":{"self":[{"href":"http:\/\/coraldecamaradenavarra.com\/index.php?rest_route=\/wp\/v2\/pages\/1703"}],"collection":[{"href":"http:\/\/coraldecamaradenavarra.com\/index.php?rest_route=\/wp\/v2\/pages"}],"about":[{"href":"http:\/\/coraldecamaradenavarra.com\/index.php?rest_route=\/wp\/v2\/types\/page"}],"author":[{"embeddable":true,"href":"http:\/\/coraldecamaradenavarra.com\/index.php?rest_route=\/wp\/v2\/users\/1"}],"replies":[{"embeddable":true,"href":"http:\/\/coraldecamaradenavarra.com\/index.php?rest_route=%2Fwp%2Fv2%2Fcomments&post=1703"}],"version-history":[{"count":19,"href":"http:\/\/coraldecamaradenavarra.com\/index.php?rest_route=\/wp\/v2\/pages\/1703\/revisions"}],"predecessor-version":[{"id":2425,"href":"http:\/\/coraldecamaradenavarra.com\/index.php?rest_route=\/wp\/v2\/pages\/1703\/revisions\/2425"}],"up":[{"embeddable":true,"href":"http:\/\/coraldecamaradenavarra.com\/index.php?rest_route=\/wp\/v2\/pages\/990"}],"wp:attachment":[{"href":"http:\/\/coraldecamaradenavarra.com\/index.php?rest_route=%2Fwp%2Fv2%2Fmedia&parent=1703"}],"curies":[{"name":"wp","href":"https:\/\/api.w.org\/{rel}","templated":true}]}}

Presentación

<div class="vc_row wpb_row vc_row-fluid"><div class="nocontainer"><div class="wpb_column vc_column_container vc_col-sm-12"><div class="wpb_wrapper">
	<div class="wpb_text_column wpb_content_element ">
		<div class="wpb_wrapper">
			<h1 style="text-align: center;">La Coral de Cámara de Navarra / Nafarroako Ganbera Abesbatza (CCN-NGA)<br />
fue fundada en 2008 en Pamplona y cuenta con <a href="http://www.encantando.es/?p=1727">David Guindano Igarreta</a> como Director Artístico desde su fundación.<br />
La entidad consta actualmente de cuatro secciones:</h1>
<h1 style="text-align: center;"></h1>

		</div> 
	</div> </div></div></div></div><div class="vc_row wpb_row vc_row-fluid vc_custom_1458231789902"><div class="nocontainer"><div class="wpb_column vc_column_container vc_col-sm-12"><div class="wpb_wrapper"><div class="vc_separator wpb_content_element vc_separator_align_center vc_sep_width_100 vc_sep_pos_align_center vc_separator_no_text"><span
		class="vc_sep_holder vc_sep_holder_l"><span style="border-color:#dd3333;"			class="vc_sep_line"></span></span><span
		class="vc_sep_holder vc_sep_holder_r"><span style="border-color:#dd3333;" class="vc_sep_line"></span></span>
	</div>
</div></div></div></div><div class="vc_row wpb_row vc_row-fluid"><div class="nocontainer"><div class="wpb_column vc_column_container vc_col-sm-3"><div class="wpb_wrapper">
	<div class="wpb_single_image wpb_content_element vc_custom_1541489287362 vc_align_left">
		<div class="wpb_wrapper">
			
			<a href="http://www.encantando.es/?p=992" target="_self"><div class="vc_single_image-wrapper   vc_box_border_grey"><img width="800" height="533" src="http://coraldecamaradenavarra.com/wp-content/uploads/2016/03/capilla-nueva.jpg" class="vc_single_image-img attachment-large" alt="" decoding="async" loading="lazy" srcset="http://coraldecamaradenavarra.com/wp-content/uploads/2016/03/capilla-nueva.jpg 800w, http://coraldecamaradenavarra.com/wp-content/uploads/2016/03/capilla-nueva-300x200.jpg 300w" sizes="(max-width: 800px) 100vw, 800px" /></div></a>
		</div> 
	</div> 
	<div class="wpb_text_column wpb_content_element ">
		<div class="wpb_wrapper">
			<p><strong>Capilla Renacentista “Michael Navarrus”<br />
</strong>Especializada en la interpretación de la música del renacimiento y barroco hispanos. Dirección: <strong>David Guindano Igarreta.</strong></p>

		</div> 
	</div> </div></div><div class="wpb_column vc_column_container vc_col-sm-3"><div class="wpb_wrapper">
	<div class="wpb_single_image wpb_content_element vc_custom_1540491706550 vc_align_left">
		<div class="wpb_wrapper">
			
			<a href="http://www.encantando.es/?p=994" target="_self"><div class="vc_single_image-wrapper   vc_box_border_grey"><img width="800" height="533" src="http://coraldecamaradenavarra.com/wp-content/uploads/2016/03/La-formación-clásica-de-la-CCN-NGA-en-el-Teatro-Nacional-de-China.jpg" class="vc_single_image-img attachment-large" alt="" decoding="async" loading="lazy" srcset="http://coraldecamaradenavarra.com/wp-content/uploads/2016/03/La-formación-clásica-de-la-CCN-NGA-en-el-Teatro-Nacional-de-China.jpg 800w, http://coraldecamaradenavarra.com/wp-content/uploads/2016/03/La-formación-clásica-de-la-CCN-NGA-en-el-Teatro-Nacional-de-China-300x200.jpg 300w" sizes="(max-width: 800px) 100vw, 800px" /></div></a>
		</div> 
	</div> 
	<div class="wpb_text_column wpb_content_element ">
		<div class="wpb_wrapper">
			<p><strong>Formación Clásica<br />
</strong>Encargada de la interpretación de la música coral occidental desde mitad del siglo XVIII hasta nuestros días. Presta especial atención al folclore musical. Las dos formaciones precedentes están dirigidas por el director artístico de la entidad, <strong>David Guindano Igarreta.</strong></p>

		</div> 
	</div> </div></div><div class="wpb_column vc_column_container vc_col-sm-3"><div class="wpb_wrapper">
	<div class="wpb_single_image wpb_content_element vc_custom_1540491875900 vc_align_left">
		<div class="wpb_wrapper">
			
			<a href="http://www.encantando.es/?p=996" target="_self"><div class="vc_single_image-wrapper   vc_box_border_grey"><img width="800" height="533" src="http://coraldecamaradenavarra.com/wp-content/uploads/2016/03/jazzy-leap-baluarte.jpg" class="vc_single_image-img attachment-large" alt="" decoding="async" loading="lazy" srcset="http://coraldecamaradenavarra.com/wp-content/uploads/2016/03/jazzy-leap-baluarte.jpg 800w, http://coraldecamaradenavarra.com/wp-content/uploads/2016/03/jazzy-leap-baluarte-300x200.jpg 300w" sizes="(max-width: 800px) 100vw, 800px" /></div></a>
		</div> 
	</div> 
	<div class="wpb_text_column wpb_content_element ">
		<div class="wpb_wrapper">
			<p><strong>Jazzy Leap &amp; Jazzy Leap Band<br />
</strong>Orientadas a la interpretación de Jazz vocal y vocal-instrumental así como de otros géneros representativos de la Música Popular Urbana occidental. Esta  sección está dirigida por el cantante y pianista especializado <strong>Andoni Arcilla Ballabriga</strong>.</p>

		</div> 
	</div> </div></div><div class="wpb_column vc_column_container vc_col-sm-3"><div class="wpb_wrapper">
	<div class="wpb_single_image wpb_content_element vc_align_left">
		<div class="wpb_wrapper">
			
			<a href="http://www.encantando.es/?p=2126" target="_self"><div class="vc_single_image-wrapper   vc_box_border_grey"><img width="800" height="533" src="http://coraldecamaradenavarra.com/wp-content/uploads/2016/03/heptameron.jpg" class="vc_single_image-img attachment-large" alt="" decoding="async" loading="lazy" srcset="http://coraldecamaradenavarra.com/wp-content/uploads/2016/03/heptameron.jpg 800w, http://coraldecamaradenavarra.com/wp-content/uploads/2016/03/heptameron-300x200.jpg 300w" sizes="(max-width: 800px) 100vw, 800px" /></div></a>
		</div> 
	</div> 
	<div class="wpb_text_column wpb_content_element ">
		<div class="wpb_wrapper">
			<p class="western" style="text-align: left;" align="justify"><strong>Heptamerón.</strong> Coro de voces iguales femeninas que nace con vocación feminista y reivindicativa del papel de la mujer dentro de la música como compositora e intérprete.</p>

		</div> 
	</div> </div></div></div></div>

La Coral de Cámara de Navarra / Nafarroako Ganbera Abesbatza (CCN-NGA) fue fundada en 2008 en Pamplona y cuenta con David Guindano Igarreta como Director Artístico desde su fundación. La entidad consta actualmente de cuatro secciones: Capilla Renacentista “Michael Navarrus” Especializada en la interpretación de la música del renacimiento y barroco hispanos. Dirección: David Guindano Igarreta. Formación Clásica Encargada de
