{"id":1655,"date":"2016-03-15T17:38:30","date_gmt":"2016-03-15T17:38:30","guid":{"rendered":"http:\/\/www.sogimifi.dns-privadas.es\/?page_id=1655"},"modified":"2018-10-20T08:08:30","modified_gmt":"2018-10-20T08:08:30","slug":"direccion","status":"publish","type":"page","link":"http:\/\/coraldecamaradenavarra.com\/?page_id=1655&lang=es","title":{"rendered":"Direcci\u00f3n"},"content":{"rendered":"<div class=\"vc_row wpb_row vc_row-fluid\"><div class=\"nocontainer\"><div class=\"wpb_column vc_column_container vc_col-sm-12\"><div class=\"wpb_wrapper\"><div class=\"vc_separator wpb_content_element vc_separator_align_center vc_sep_width_100 vc_sep_pos_align_center\"><span\n\t\tclass=\"vc_sep_holder vc_sep_holder_l\"><span style=\"border-color:#dd3333;\"\t\t\tclass=\"vc_sep_line\"><\/span><\/span>\t\t<h4>David Guindano Igarreta<\/h4><span\n\t\tclass=\"vc_sep_holder vc_sep_holder_r\"><span style=\"border-color:#dd3333;\" class=\"vc_sep_line\"><\/span><\/span>\n\t<\/div>\n<\/div><\/div><\/div><\/div><div class=\"vc_row wpb_row vc_row-fluid\"><div class=\"nocontainer\"><div class=\"wpb_column vc_column_container vc_col-sm-4\"><div class=\"wpb_wrapper\">\n\t<div class=\"wpb_single_image wpb_content_element vc_align_left\">\n\t\t<div class=\"wpb_wrapper\">\n\t\t\t\n\t\t\t<div class=\"vc_single_image-wrapper   vc_box_border_grey\"><img width=\"800\" height=\"914\" src=\"http:\/\/coraldecamaradenavarra.com\/wp-content\/uploads\/2016\/03\/david-guindano.jpg\" class=\"vc_single_image-img attachment-full\" alt=\"\" decoding=\"async\" loading=\"lazy\" srcset=\"http:\/\/coraldecamaradenavarra.com\/wp-content\/uploads\/2016\/03\/david-guindano.jpg 800w, http:\/\/coraldecamaradenavarra.com\/wp-content\/uploads\/2016\/03\/david-guindano-263x300.jpg 263w\" sizes=\"(max-width: 800px) 100vw, 800px\" \/><\/div>\n\t\t<\/div> \n\t<\/div> <\/div><\/div><div class=\"wpb_column vc_column_container vc_col-sm-4\"><div class=\"wpb_wrapper\">\n\t<div class=\"wpb_text_column wpb_content_element \">\n\t\t<div class=\"wpb_wrapper\">\n\t\t\t<p>Licenciado en Historia del Arte (Musicolog\u00eda) por la Universidad Complutense de Madrid y Profesor de Canto por el Conservatorio Superior de M\u00fasica de Donostia-San Sebasti\u00e1n, alumno de la soprano Eugenia Echarren, ampli\u00f3 su formaci\u00f3n con la\u00a0 soprano Ana Higueras (canto), y el pianista Fernando Turina (repertorio) en la Escuela Superior de Canto de Madrid, y con el\u00a0 bar\u00edtono Roberto Coviello, en la Civica Scuola di Milano. Es destacable su amplia formaci\u00f3n en fon\u00e9tica aplicada italiana, espa\u00f1ola, alemana, francesa o portuguesa, entre otras. Como cantante ha pertenecido a: Ni\u00f1os cantores de Navarra, Orfe\u00f3n Pamplon\u00e9s, Capilla de M\u00fasica de la Catedral de Pamplona, coro \u00abPr\u00edncipe de Viana\u00bb, o coro \u00abHilari\u00f3n Eslava\u00bb de Burlada; actuando como solista en varias ocasiones con todas las formaciones antedichas.<\/p>\n<p><strong>Ha fundado y ha sido director titular de las siguientes formaciones<\/strong>: Coro y Coral de C\u00e1mara Ilunaldi, Coro Universitario de Pamplona, Nova Lux Ensemble,\u00a0 Ensemble vocal e instrumental \u00abRara Avis\u00bb, Coral de C\u00e1mara de Navarra, Ensemble vocal e instrumental \u00abVaghi Concenti\u00bb , Orquesta de C\u00e1mara \u00abJuan Franc\u00e9s de Iribarren\u00bb o Grupo de M\u00fasica Ligera \u00abCinco por la Paz\u00bb (. Ha dirigido tambi\u00e9n: Coral de C\u00e1mara de Pamplona y Taller de m\u00fasica \u00abSine Nomine\u00bb. Ha sido director asistente de Gabriel Garrido en el curso \u00abMonteverdi Sacro y Profano\u201d celebrado en\u00a0 Pamplona en 2007 con motivo del 400 aniversario de <em>L&#8217;Orfeo<\/em>. Ha actuado como director invitado de Coro de RTVE, Accademia del Piacere,; Orquesta de C\u00e1mara de l&#8217;Empord\u00e0, Coro La Asunci\u00f3n, Selva Sonora, Forma Antiqua o Coral \u201cReyes Barlett\u201d. As\u00ed mismo ha asesorado o documentado y elaborado programas de concierto para diversos particulares y agrupaciones.<\/p>\n<p>Como docente destaca su tarea como profesor asociado en el Departamento de Musicolog\u00eda\u00a0 de la Universidad Complutense de Madrid y numerosas clases magistrales para diversas universidades. Fue tambi\u00e9n ide\u00f3logo y cofundador de la \u00abEscuela de Canto Eugenia Echarren\u00bb\u00a0 desarrollando su labor como jefe de estudios y profesor de t\u00e9cnica vocal, repertorio, fon\u00e9tica y taller de m\u00fasica antigua. Ha sido profesor de t\u00e9cnica vocal cl\u00e1sica o historia de la m\u00fasica en distintos \u00e1mbitos p\u00fablicos y privados.<\/p>\n<p>&nbsp;<\/p>\n\n\t\t<\/div> \n\t<\/div> <\/div><\/div><div class=\"wpb_column vc_column_container vc_col-sm-4\"><div class=\"wpb_wrapper\">\n\t<div class=\"wpb_text_column wpb_content_element \">\n\t\t<div class=\"wpb_wrapper\">\n\t\t\t<p>Fue tambi\u00e9n\u00a0 creador y miembro del Jurado en varias ediciones del Concurso de Composici\u00f3n Coral \u00abLuis Morondo\u00bb; creador y director del equipo de documentaci\u00f3n e investigaci\u00f3n musicol\u00f3gica de la Coral de C\u00e1mara de Pamplona. Ha trabajado tambi\u00e9n como regidor esc\u00e9nico y de luces en varias ocasiones con profesionales como Lorin Maazel, Franc Aleu, Roland Olbeter, Sabine Dahrendorf, Guillermo Heras o Miquel Ortega entre otros. Ha redactado tambi\u00e9n numerosas publicaciones en forma de \u00abNotas al programa\u00bb o \u00abGu\u00edas de escucha\u00bb, y realizado numerosas reconstrucciones lit\u00fargicas para uso propio o por encargo, y traducciones de textos relacionados con la m\u00fasica del italiano, alem\u00e1n, franc\u00e9s e ingl\u00e9s al castellano.<\/p>\n<p>Entre su <strong>producci\u00f3n discogr\u00e1fica<\/strong> destaca: Padre Donostia (<em>Requiem, Poema de la Pasi\u00f3n<\/em>. Coral de C\u00e1mara de Pamplona. RTVE); Mateo Flecha el joven (\u00abSento l&#8217;aura soave\u00bb: \u00abIl primo libro di madrigali\u00bb, 2 CD, Nova Lux Ensemble, ARSIS); Oreste Camarca (\u00abMonogr\u00e1fico de la obra de c\u00e1mara\u00bb. Coral de C\u00e1mara de Pamplona,colaboraci\u00f3n); Juan Franc\u00e9s de Iribarren (\u00abSalmos, villancicos y cantadas\u00bb, 2CD, Nova Lux Ensemble, RTVE); Michael Navarrus (\u00abPrimeras V\u00edsperas para San Ferm\u00edn\u00bb, 2CD, Nova Lux Ensemble, ARSIS); Hilari\u00f3n Eslava (\u201cHilari\u00f3n Eslava\u201d) Coral de C\u00e1mara de Pamplona, ARSIS; Pedro y Francisco Guerrero (Cancionero de Medinaceli, Rara Avis, ARSIS); Francisco Guerrero (\u00abTota pulchra es\u00bb, Nova Lux Ensemble, ARSIS); Fernando Remacha (\u00abIntegral de la obra coral\u00bb, Coral de C\u00e1mara de Navarra, ARS INCOGNITA, en edici\u00f3n); Fernando Remacha (\u00abIntegral de la obra para canto y piano y dos pianos\u00bb, direcci\u00f3n art\u00edstica, ARS INCOGNITA, en edici\u00f3n); F. Gorriti (Selecci\u00f3n obras \u00f3rgano y coro, coro y \u00f3rgano, Coral de C\u00e1mara de Navarra, \u00d3scar Candendo \u00f3rgano, ARSIS) o Padre Donostia (Lili eder bat, integral de la obra coral profana <em>a cappella<\/em>, ARSIS).<\/p>\n<p>Actualmente ocupa la plaza de catedr\u00e1tico interino de lengua y repertorio franceses en el\u00a0 Conservatorio Superior de M\u00fasica de Navarra, y de profesor de lengua francesa en el Conservatorio Profesional \u201cPablo Sarasate\u201d de Pamplona.<\/p>\n\n\t\t<\/div> \n\t<\/div> <\/div><\/div><\/div><\/div>\n","protected":false},"excerpt":{"rendered":"David Guindano Igarreta Licenciado en Historia del Arte (Musicolog\u00eda) por la Universidad Complutense de Madrid y Profesor de Canto por el Conservatorio Superior de M\u00fasica de Donostia-San Sebasti\u00e1n, alumno de la soprano Eugenia Echarren, ampli\u00f3 su formaci\u00f3n con la\u00a0 soprano Ana Higueras (canto), y el pianista Fernando Turina (repertorio) en la Escuela Superior de Canto de Madrid, y con el\u00a0","protected":false},"author":1,"featured_media":0,"parent":1651,"menu_order":0,"comment_status":"closed","ping_status":"closed","template":"","meta":[],"_links":{"self":[{"href":"http:\/\/coraldecamaradenavarra.com\/index.php?rest_route=\/wp\/v2\/pages\/1655"}],"collection":[{"href":"http:\/\/coraldecamaradenavarra.com\/index.php?rest_route=\/wp\/v2\/pages"}],"about":[{"href":"http:\/\/coraldecamaradenavarra.com\/index.php?rest_route=\/wp\/v2\/types\/page"}],"author":[{"embeddable":true,"href":"http:\/\/coraldecamaradenavarra.com\/index.php?rest_route=\/wp\/v2\/users\/1"}],"replies":[{"embeddable":true,"href":"http:\/\/coraldecamaradenavarra.com\/index.php?rest_route=%2Fwp%2Fv2%2Fcomments&post=1655"}],"version-history":[{"count":6,"href":"http:\/\/coraldecamaradenavarra.com\/index.php?rest_route=\/wp\/v2\/pages\/1655\/revisions"}],"predecessor-version":[{"id":1663,"href":"http:\/\/coraldecamaradenavarra.com\/index.php?rest_route=\/wp\/v2\/pages\/1655\/revisions\/1663"}],"up":[{"embeddable":true,"href":"http:\/\/coraldecamaradenavarra.com\/index.php?rest_route=\/wp\/v2\/pages\/1651"}],"wp:attachment":[{"href":"http:\/\/coraldecamaradenavarra.com\/index.php?rest_route=%2Fwp%2Fv2%2Fmedia&parent=1655"}],"curies":[{"name":"wp","href":"https:\/\/api.w.org\/{rel}","templated":true}]}}

Dirección

<div class="vc_row wpb_row vc_row-fluid"><div class="nocontainer"><div class="wpb_column vc_column_container vc_col-sm-12"><div class="wpb_wrapper"><div class="vc_separator wpb_content_element vc_separator_align_center vc_sep_width_100 vc_sep_pos_align_center"><span
		class="vc_sep_holder vc_sep_holder_l"><span style="border-color:#dd3333;"			class="vc_sep_line"></span></span>		<h4>David Guindano Igarreta</h4><span
		class="vc_sep_holder vc_sep_holder_r"><span style="border-color:#dd3333;" class="vc_sep_line"></span></span>
	</div>
</div></div></div></div><div class="vc_row wpb_row vc_row-fluid"><div class="nocontainer"><div class="wpb_column vc_column_container vc_col-sm-4"><div class="wpb_wrapper">
	<div class="wpb_single_image wpb_content_element vc_align_left">
		<div class="wpb_wrapper">
			
			<div class="vc_single_image-wrapper   vc_box_border_grey"><img width="800" height="914" src="http://coraldecamaradenavarra.com/wp-content/uploads/2016/03/david-guindano.jpg" class="vc_single_image-img attachment-full" alt="" decoding="async" loading="lazy" srcset="http://coraldecamaradenavarra.com/wp-content/uploads/2016/03/david-guindano.jpg 800w, http://coraldecamaradenavarra.com/wp-content/uploads/2016/03/david-guindano-263x300.jpg 263w" sizes="(max-width: 800px) 100vw, 800px" /></div>
		</div> 
	</div> </div></div><div class="wpb_column vc_column_container vc_col-sm-4"><div class="wpb_wrapper">
	<div class="wpb_text_column wpb_content_element ">
		<div class="wpb_wrapper">
			<p>Licenciado en Historia del Arte (Musicología) por la Universidad Complutense de Madrid y Profesor de Canto por el Conservatorio Superior de Música de Donostia-San Sebastián, alumno de la soprano Eugenia Echarren, amplió su formación con la  soprano Ana Higueras (canto), y el pianista Fernando Turina (repertorio) en la Escuela Superior de Canto de Madrid, y con el  barítono Roberto Coviello, en la Civica Scuola di Milano. Es destacable su amplia formación en fonética aplicada italiana, española, alemana, francesa o portuguesa, entre otras. Como cantante ha pertenecido a: Niños cantores de Navarra, Orfeón Pamplonés, Capilla de Música de la Catedral de Pamplona, coro «Príncipe de Viana», o coro «Hilarión Eslava» de Burlada; actuando como solista en varias ocasiones con todas las formaciones antedichas.</p>
<p><strong>Ha fundado y ha sido director titular de las siguientes formaciones</strong>: Coro y Coral de Cámara Ilunaldi, Coro Universitario de Pamplona, Nova Lux Ensemble,  Ensemble vocal e instrumental «Rara Avis», Coral de Cámara de Navarra, Ensemble vocal e instrumental «Vaghi Concenti» , Orquesta de Cámara «Juan Francés de Iribarren» o Grupo de Música Ligera «Cinco por la Paz» (. Ha dirigido también: Coral de Cámara de Pamplona y Taller de música «Sine Nomine». Ha sido director asistente de Gabriel Garrido en el curso «Monteverdi Sacro y Profano” celebrado en  Pamplona en 2007 con motivo del 400 aniversario de <em>L&#8217;Orfeo</em>. Ha actuado como director invitado de Coro de RTVE, Accademia del Piacere,; Orquesta de Cámara de l&#8217;Empordà, Coro La Asunción, Selva Sonora, Forma Antiqua o Coral “Reyes Barlett”. Así mismo ha asesorado o documentado y elaborado programas de concierto para diversos particulares y agrupaciones.</p>
<p>Como docente destaca su tarea como profesor asociado en el Departamento de Musicología  de la Universidad Complutense de Madrid y numerosas clases magistrales para diversas universidades. Fue también ideólogo y cofundador de la «Escuela de Canto Eugenia Echarren»  desarrollando su labor como jefe de estudios y profesor de técnica vocal, repertorio, fonética y taller de música antigua. Ha sido profesor de técnica vocal clásica o historia de la música en distintos ámbitos públicos y privados.</p>
<p>&nbsp;</p>

		</div> 
	</div> </div></div><div class="wpb_column vc_column_container vc_col-sm-4"><div class="wpb_wrapper">
	<div class="wpb_text_column wpb_content_element ">
		<div class="wpb_wrapper">
			<p>Fue también  creador y miembro del Jurado en varias ediciones del Concurso de Composición Coral «Luis Morondo»; creador y director del equipo de documentación e investigación musicológica de la Coral de Cámara de Pamplona. Ha trabajado también como regidor escénico y de luces en varias ocasiones con profesionales como Lorin Maazel, Franc Aleu, Roland Olbeter, Sabine Dahrendorf, Guillermo Heras o Miquel Ortega entre otros. Ha redactado también numerosas publicaciones en forma de «Notas al programa» o «Guías de escucha», y realizado numerosas reconstrucciones litúrgicas para uso propio o por encargo, y traducciones de textos relacionados con la música del italiano, alemán, francés e inglés al castellano.</p>
<p>Entre su <strong>producción discográfica</strong> destaca: Padre Donostia (<em>Requiem, Poema de la Pasión</em>. Coral de Cámara de Pamplona. RTVE); Mateo Flecha el joven («Sento l&#8217;aura soave»: «Il primo libro di madrigali», 2 CD, Nova Lux Ensemble, ARSIS); Oreste Camarca («Monográfico de la obra de cámara». Coral de Cámara de Pamplona,colaboración); Juan Francés de Iribarren («Salmos, villancicos y cantadas», 2CD, Nova Lux Ensemble, RTVE); Michael Navarrus («Primeras Vísperas para San Fermín», 2CD, Nova Lux Ensemble, ARSIS); Hilarión Eslava (“Hilarión Eslava”) Coral de Cámara de Pamplona, ARSIS; Pedro y Francisco Guerrero (Cancionero de Medinaceli, Rara Avis, ARSIS); Francisco Guerrero («Tota pulchra es», Nova Lux Ensemble, ARSIS); Fernando Remacha («Integral de la obra coral», Coral de Cámara de Navarra, ARS INCOGNITA, en edición); Fernando Remacha («Integral de la obra para canto y piano y dos pianos», dirección artística, ARS INCOGNITA, en edición); F. Gorriti (Selección obras órgano y coro, coro y órgano, Coral de Cámara de Navarra, Óscar Candendo órgano, ARSIS) o Padre Donostia (Lili eder bat, integral de la obra coral profana <em>a cappella</em>, ARSIS).</p>
<p>Actualmente ocupa la plaza de catedrático interino de lengua y repertorio franceses en el  Conservatorio Superior de Música de Navarra, y de profesor de lengua francesa en el Conservatorio Profesional “Pablo Sarasate” de Pamplona.</p>

		</div> 
	</div> </div></div></div></div>

David Guindano Igarreta Licenciado en Historia del Arte (Musicología) por la Universidad Complutense de Madrid y Profesor de Canto por el Conservatorio Superior de Música de Donostia-San Sebastián, alumno de la soprano Eugenia Echarren, amplió su formación con la  soprano Ana Higueras (canto), y el pianista Fernando Turina (repertorio) en la Escuela Superior de Canto de Madrid, y con el
