{"id":1626,"date":"2016-03-15T12:24:15","date_gmt":"2016-03-15T12:24:15","guid":{"rendered":"http:\/\/www.sogimifi.dns-privadas.es\/?page_id=1626"},"modified":"2019-05-19T22:03:11","modified_gmt":"2019-05-19T22:03:11","slug":"direccion-andoni-arcilla","status":"publish","type":"page","link":"http:\/\/coraldecamaradenavarra.com\/?page_id=1626&lang=es","title":{"rendered":"Direcci\u00f3n"},"content":{"rendered":"<div class=\"vc_row wpb_row vc_row-fluid\"><div class=\"nocontainer\"><div class=\"wpb_column vc_column_container vc_col-sm-12\"><div class=\"wpb_wrapper\"><div class=\"vc_separator wpb_content_element vc_separator_align_center vc_sep_width_100 vc_sep_pos_align_center\"><span\n\t\tclass=\"vc_sep_holder vc_sep_holder_l\"><span style=\"border-color:#dd3333;\"\t\t\tclass=\"vc_sep_line\"><\/span><\/span>\t\t<h4>Andoni Arcilla Ballabriga<\/h4><span\n\t\tclass=\"vc_sep_holder vc_sep_holder_r\"><span style=\"border-color:#dd3333;\" class=\"vc_sep_line\"><\/span><\/span>\n\t<\/div>\n<\/div><\/div><\/div><\/div><div class=\"vc_row wpb_row vc_row-fluid\"><div class=\"nocontainer\"><div class=\"wpb_column vc_column_container vc_col-sm-4\"><div class=\"wpb_wrapper\">\n\t<div class=\"wpb_single_image wpb_content_element vc_align_left\">\n\t\t<div class=\"wpb_wrapper\">\n\t\t\t\n\t\t\t<div class=\"vc_single_image-wrapper   vc_box_border_grey\"><img width=\"800\" height=\"601\" src=\"http:\/\/coraldecamaradenavarra.com\/wp-content\/uploads\/2016\/03\/Andoni-Arcilla.jpg\" class=\"vc_single_image-img attachment-full\" alt=\"\" decoding=\"async\" loading=\"lazy\" srcset=\"http:\/\/coraldecamaradenavarra.com\/wp-content\/uploads\/2016\/03\/Andoni-Arcilla.jpg 800w, http:\/\/coraldecamaradenavarra.com\/wp-content\/uploads\/2016\/03\/Andoni-Arcilla-300x225.jpg 300w, http:\/\/coraldecamaradenavarra.com\/wp-content\/uploads\/2016\/03\/Andoni-Arcilla-600x450.jpg 600w\" sizes=\"(max-width: 800px) 100vw, 800px\" \/><\/div>\n\t\t<\/div> \n\t<\/div> <\/div><\/div><div class=\"wpb_column vc_column_container vc_col-sm-4\"><div class=\"wpb_wrapper\">\n\t<div class=\"wpb_text_column wpb_content_element \">\n\t\t<div class=\"wpb_wrapper\">\n\t\t\t<p>M\u00fasico multidisciplinar natural de Pamplona\/Iru\u00f1a (1983). Titulado Superior en Jazz por Musikene (Conservatorio Superior de M\u00fasica del Pa\u00eds Vasco), con excelentes calificaciones, y Titulado Profesional en Piano por el Conservatorio Profesional de M\u00fasica Pablo Sarasate.<\/p>\n<p>Intervino en la producci\u00f3n de la \u00f3pera-musical <strong>\u201cTrouble in Tahiti\u201d<\/strong> (L. Bernstein) del Teatro Gayarre en 2005-2006, actuando en el <strong>Teatro Real<\/strong> de Madrid entre otros. Fue el bar\u00edtono del quinteto vocal de la <strong>\u201cYamaha Big Band\u201d<\/strong> entre febrero de 2007 y junio de 2008, dirigida por <strong>Peter Herbolzheimer<\/strong> y formada por una selecci\u00f3n de j\u00f3venes m\u00fasicos europeos, con la que actu\u00f3 en distintas ciudades alemanas. En noviembre de 2010 form\u00f3 parte, como corista, de la producci\u00f3n internacional <strong>\u201cQueen Symponic\u00a0Rhapsody\u201d<\/strong>, cuya gira incluy\u00f3 la <strong>Sala Mozart<\/strong> (Zaragoza), el <strong>Kursaal<\/strong> (Donostia- San Sebasti\u00e1n) y el <strong>Euskalduna<\/strong> (Bilbao).<\/p>\n<p>En noviembre de 2011 present\u00f3 en la Feria de Durango su primer \u00e1lbum como l\u00edder: <strong>Hilkorra Ez Banintz (Errabal)<\/strong>, el cual contiene composiciones propias a partir de poes\u00eda en euskera de autores modernos (proyecto incluido en el ciclo \u201cKantu eta Hitza\u201d).<\/p>\n\n\t\t<\/div> \n\t<\/div> <\/div><\/div><div class=\"wpb_column vc_column_container vc_col-sm-4\"><div class=\"wpb_wrapper\">\n\t<div class=\"wpb_text_column wpb_content_element \">\n\t\t<div class=\"wpb_wrapper\">\n\t\t\t<p>A partir de 2012, su principal trabajo profesional lo desarrolla junto a <strong>Jazzy Leap<\/strong>, no s\u00f3lo como <strong>director<\/strong> sino como <strong>arreglista, pianista y cantante<\/strong>, habiendo presentado (en Baluarte y otros auditorios) en torno a <strong>20 repertorios distintos del jazz, la m\u00fasica moderna y el folklore<\/strong> (la mayor\u00eda de ellos ampliados en varias ocasiones) y habiendo actuado con m\u00fasicos de la talla de <strong>Perico Sambeat,<\/strong> la <strong>Sedajazz Big Band<\/strong> o<strong> Kalakan<\/strong>. Una peque\u00f1a muestra de esta labor qued\u00f3 reflejada en el \u00e1lbum <strong>First Leap<\/strong> (2017), para el que tambi\u00e9n realiz\u00f3 labores de grabaci\u00f3n y mezcla.<\/p>\n<p>Por otra parte, en relaci\u00f3n con el mundo de la m\u00fasica contempor\u00e1nea, es destacable su colaboraci\u00f3n como<strong> recitador<\/strong> con el <strong>colectivo art\u00edstico 7.2<\/strong> (Mesostics, John Cage, 2017). Igualmente es rese\u00f1able su colaboraci\u00f3n con la banda sinf\u00f3nica <strong>La Pamplonesa<\/strong> (Ellos y La Pamplonesa, 2016).<\/p>\n<p>Como docente, desde 2014 trabaja como profesor de Ingl\u00e9s, Canto jazz, Ingl\u00e9s Aplicado al Canto y Conjunto Vocal en el <strong>Conservatorio Superior de M\u00fasica de Navarra<\/strong>. Asimismo, ha impartido diversos cursos de Improvisaci\u00f3n y Armon\u00eda Moderna\/Jazz ofrecidos por el CAP (Centro de Ayuda al Profesorado).<\/p>\n\n\t\t<\/div> \n\t<\/div> <\/div><\/div><\/div><\/div>\n","protected":false},"excerpt":{"rendered":"Andoni Arcilla Ballabriga M\u00fasico multidisciplinar natural de Pamplona\/Iru\u00f1a (1983). Titulado Superior en Jazz por Musikene (Conservatorio Superior de M\u00fasica del Pa\u00eds Vasco), con excelentes calificaciones, y Titulado Profesional en Piano por el Conservatorio Profesional de M\u00fasica Pablo Sarasate. Intervino en la producci\u00f3n de la \u00f3pera-musical \u201cTrouble in Tahiti\u201d (L. Bernstein) del Teatro Gayarre en 2005-2006, actuando en el Teatro Real","protected":false},"author":1,"featured_media":0,"parent":1647,"menu_order":0,"comment_status":"closed","ping_status":"closed","template":"","meta":[],"_links":{"self":[{"href":"http:\/\/coraldecamaradenavarra.com\/index.php?rest_route=\/wp\/v2\/pages\/1626"}],"collection":[{"href":"http:\/\/coraldecamaradenavarra.com\/index.php?rest_route=\/wp\/v2\/pages"}],"about":[{"href":"http:\/\/coraldecamaradenavarra.com\/index.php?rest_route=\/wp\/v2\/types\/page"}],"author":[{"embeddable":true,"href":"http:\/\/coraldecamaradenavarra.com\/index.php?rest_route=\/wp\/v2\/users\/1"}],"replies":[{"embeddable":true,"href":"http:\/\/coraldecamaradenavarra.com\/index.php?rest_route=%2Fwp%2Fv2%2Fcomments&post=1626"}],"version-history":[{"count":11,"href":"http:\/\/coraldecamaradenavarra.com\/index.php?rest_route=\/wp\/v2\/pages\/1626\/revisions"}],"predecessor-version":[{"id":2653,"href":"http:\/\/coraldecamaradenavarra.com\/index.php?rest_route=\/wp\/v2\/pages\/1626\/revisions\/2653"}],"up":[{"embeddable":true,"href":"http:\/\/coraldecamaradenavarra.com\/index.php?rest_route=\/wp\/v2\/pages\/1647"}],"wp:attachment":[{"href":"http:\/\/coraldecamaradenavarra.com\/index.php?rest_route=%2Fwp%2Fv2%2Fmedia&parent=1626"}],"curies":[{"name":"wp","href":"https:\/\/api.w.org\/{rel}","templated":true}]}}